INSERT INTO SLStandardsStartup (StandardID,StandardName,CreateThumbCache,Thumbnail1FieldID,Thumbnail2FieldID,Thumbnail3FieldID,Thumbnail4FieldID,Sort1FieldID,Sort2FieldID,Sort3FieldID,Sort4FieldID) VALUES ( 0, 'CDWA', 0, 101, 17, 119, 3, 17, 101, 119, 3 );
INSERT INTO SLStandardsStartup (StandardID,StandardName,CreateThumbCache,Thumbnail1FieldID,Thumbnail2FieldID,Thumbnail3FieldID,Thumbnail4FieldID,Sort1FieldID,Sort2FieldID,Sort3FieldID,Sort4FieldID) VALUES ( 1, 'ObjectID', 1, 9, 6, 8, 1, 6, 9, 8, 1 );
INSERT INTO SLStandardsStartup (StandardID,StandardName,CreateThumbCache,Thumbnail1FieldID,Thumbnail2FieldID,Thumbnail3FieldID,Thumbnail4FieldID,Sort1FieldID,Sort2FieldID,Sort3FieldID,Sort4FieldID) VALUES ( 2, 'DublinCore', 1, 6, 3, 8, 1, 3, 6, 8, 1 );
INSERT INTO SLStandardsStartup (StandardID,StandardName,CreateThumbCache,Thumbnail1FieldID,Thumbnail2FieldID,Thumbnail3FieldID,Thumbnail4FieldID,Sort1FieldID,Sort2FieldID,Sort3FieldID,Sort4FieldID) VALUES ( 3, 'USMARC', 1, 10, 3, 16, 1, 3, 10, 16, 1 );
INSERT INTO SLStandardsStartup (StandardID,StandardName,CreateThumbCache,Thumbnail1FieldID,Thumbnail2FieldID,Thumbnail3FieldID,Thumbnail4FieldID,Sort1FieldID,Sort2FieldID,Sort3FieldID,Sort4FieldID) VALUES ( 4, 'Visual Resource Association v3.0', 1, 19, 3, 21, 2, 3, 19, 21, 2 );
INSERT INTO SLStandardsStartup (StandardID,StandardName,CreateThumbCache,Thumbnail1FieldID,Thumbnail2FieldID,Thumbnail3FieldID,Thumbnail4FieldID,Sort1FieldID,Sort2FieldID,Sort3FieldID,Sort4FieldID) VALUES ( 5, 'CIMI', 1, 79, 64, 75, 63, 64, 79, 75, 63 );



commit;

INSERT INTO SLFieldStandardRelation (StandardID,StandardName,StandardFieldID,MappingStandardName,MappingStandardFieldID) VALUES (1, 'ObjectID', 1, 'CDWA', 3);

INSERT INTO SLFieldStandardRelation (StandardID,StandardName,StandardFieldID,MappingStandardName,MappingStandardFieldID) VALUES (1, 'ObjectID', 2, 'CDWA', 47);

INSERT INTO SLFieldStandardRelation (StandardID,StandardName,StandardFieldID,MappingStandardName,MappingStandardFieldID) VALUES (1, 'ObjectID', 3, 'CDWA', 34);

INSERT INTO SLFieldStandardRelation (StandardID,StandardName,StandardFieldID,MappingStandardName,MappingStandardFieldID) VALUES (1, 'ObjectID', 4, 'CDWA', 72);

INSERT INTO SLFieldStandardRelation (StandardID,StandardName,StandardFieldID,MappingStandardName,MappingStandardFieldID) VALUES (1, 'ObjectID', 5, 'CDWA', 67);

INSERT INTO SLFieldStandardRelation (StandardID,StandardName,StandardFieldID,MappingStandardName,MappingStandardFieldID) VALUES (1, 'ObjectID', 5, 'CDWA', 81);

INSERT INTO SLFieldStandardRelation (StandardID,StandardName,StandardFieldID,MappingStandardName,MappingStandardFieldID) VALUES (1, 'ObjectID', 5, 'CDWA', 89);

INSERT INTO SLFieldStandardRelation (StandardID,StandardName,StandardFieldID,MappingStandardName,MappingStandardFieldID) VALUES (1, 'ObjectID', 6, 'CDWA', 17);

INSERT INTO SLFieldStandardRelation (StandardID,StandardName,StandardFieldID,MappingStandardName,MappingStandardFieldID) VALUES (1, 'ObjectID', 7, 'CDWA', 158);

INSERT INTO SLFieldStandardRelation (StandardID,StandardName,StandardFieldID,MappingStandardName,MappingStandardFieldID) VALUES (1, 'ObjectID', 8, 'CDWA', 119);

INSERT INTO SLFieldStandardRelation (StandardID,StandardName,StandardFieldID,MappingStandardName,MappingStandardFieldID) VALUES (1, 'ObjectID', 9, 'CDWA', 101);

INSERT INTO SLFieldStandardRelation (StandardID,StandardName,StandardFieldID,MappingStandardName,MappingStandardFieldID) VALUES (1, 'ObjectID', 10, 'CDWA', 284);

INSERT INTO SLFieldStandardRelation (StandardID,StandardName,StandardFieldID,MappingStandardName,MappingStandardFieldID) VALUES (2, 'DublinCore', 1, 'CDWA', 3);

INSERT INTO SLFieldStandardRelation (StandardID,StandardName,StandardFieldID,MappingStandardName,MappingStandardFieldID) VALUES (2, 'DublinCore', 2, 'CDWA', 4);

INSERT INTO SLFieldStandardRelation (StandardID,StandardName,StandardFieldID,MappingStandardName,MappingStandardFieldID) VALUES (2, 'DublinCore', 2, 'CDWA', 34);

INSERT INTO SLFieldStandardRelation (StandardID,StandardName,StandardFieldID,MappingStandardName,MappingStandardFieldID) VALUES (2, 'DublinCore', 2, 'CDWA', 43);

INSERT INTO SLFieldStandardRelation (StandardID,StandardName,StandardFieldID,MappingStandardName,MappingStandardFieldID) VALUES (2, 'DublinCore', 3, 'CDWA', 17);

INSERT INTO SLFieldStandardRelation (StandardID,StandardName,StandardFieldID,MappingStandardName,MappingStandardFieldID) VALUES (2, 'DublinCore', 4, 'CDWA', 13);

INSERT INTO SLFieldStandardRelation (StandardID,StandardName,StandardFieldID,MappingStandardName,MappingStandardFieldID) VALUES (2, 'DublinCore', 4, 'CDWA', 72);

INSERT INTO SLFieldStandardRelation (StandardID,StandardName,StandardFieldID,MappingStandardName,MappingStandardFieldID) VALUES (2, 'DublinCore', 4, 'CDWA', 81);

INSERT INTO SLFieldStandardRelation (StandardID,StandardName,StandardFieldID,MappingStandardName,MappingStandardFieldID) VALUES (2, 'DublinCore', 4, 'CDWA', 89);

INSERT INTO SLFieldStandardRelation (StandardID,StandardName,StandardFieldID,MappingStandardName,MappingStandardFieldID) VALUES (2, 'DublinCore', 4, 'CDWA', 194);

INSERT INTO SLFieldStandardRelation (StandardID,StandardName,StandardFieldID,MappingStandardName,MappingStandardFieldID) VALUES (2, 'DublinCore', 4, 'CDWA', 284);

INSERT INTO SLFieldStandardRelation (StandardID,StandardName,StandardFieldID,MappingStandardName,MappingStandardFieldID) VALUES (2, 'DublinCore', 5, 'CDWA', 9);

INSERT INTO SLFieldStandardRelation (StandardID,StandardName,StandardFieldID,MappingStandardName,MappingStandardFieldID) VALUES (2, 'DublinCore', 5, 'CDWA', 122);

INSERT INTO SLFieldStandardRelation (StandardID,StandardName,StandardFieldID,MappingStandardName,MappingStandardFieldID) VALUES (2, 'DublinCore', 5, 'CDWA', 152);

INSERT INTO SLFieldStandardRelation (StandardID,StandardName,StandardFieldID,MappingStandardName,MappingStandardFieldID) VALUES (2, 'DublinCore', 5, 'CDWA', 161);

INSERT INTO SLFieldStandardRelation (StandardID,StandardName,StandardFieldID,MappingStandardName,MappingStandardFieldID) VALUES (2, 'DublinCore', 5, 'CDWA', 177);

INSERT INTO SLFieldStandardRelation (StandardID,StandardName,StandardFieldID,MappingStandardName,MappingStandardFieldID) VALUES (2, 'DublinCore', 5, 'CDWA', 185);

INSERT INTO SLFieldStandardRelation (StandardID,StandardName,StandardFieldID,MappingStandardName,MappingStandardFieldID) VALUES (2, 'DublinCore', 5, 'CDWA', 261);

INSERT INTO SLFieldStandardRelation (StandardID,StandardName,StandardFieldID,MappingStandardName,MappingStandardFieldID) VALUES (2, 'DublinCore', 6, 'CDWA', 101);

INSERT INTO SLFieldStandardRelation (StandardID,StandardName,StandardFieldID,MappingStandardName,MappingStandardFieldID) VALUES (2, 'DublinCore', 7, 'CDWA', 53);

INSERT INTO SLFieldStandardRelation (StandardID,StandardName,StandardFieldID,MappingStandardName,MappingStandardFieldID) VALUES (2, 'DublinCore', 7, 'CDWA', 54);

INSERT INTO SLFieldStandardRelation (StandardID,StandardName,StandardFieldID,MappingStandardName,MappingStandardFieldID) VALUES (2, 'DublinCore', 7, 'CDWA', 55);

INSERT INTO SLFieldStandardRelation (StandardID,StandardName,StandardFieldID,MappingStandardName,MappingStandardFieldID) VALUES (2, 'DublinCore', 7, 'CDWA', 67);

INSERT INTO SLFieldStandardRelation (StandardID,StandardName,StandardFieldID,MappingStandardName,MappingStandardFieldID) VALUES (2, 'DublinCore', 8, 'CDWA', 119);

INSERT INTO SLFieldStandardRelation (StandardID,StandardName,StandardFieldID,MappingStandardName,MappingStandardFieldID) VALUES (2, 'DublinCore', 10, 'CDWA', 208);

INSERT INTO SLFieldStandardRelation (StandardID,StandardName,StandardFieldID,MappingStandardName,MappingStandardFieldID) VALUES (2, 'DublinCore', 11, 'CDWA', 12);

INSERT INTO SLFieldStandardRelation (StandardID,StandardName,StandardFieldID,MappingStandardName,MappingStandardFieldID) VALUES (2, 'DublinCore', 11, 'CDWA', 133);

INSERT INTO SLFieldStandardRelation (StandardID,StandardName,StandardFieldID,MappingStandardName,MappingStandardFieldID) VALUES (2, 'DublinCore', 11, 'CDWA', 266);

INSERT INTO SLFieldStandardRelation (StandardID,StandardName,StandardFieldID,MappingStandardName,MappingStandardFieldID) VALUES (2, 'DublinCore', 12, 'CDWA', 107);

INSERT INTO SLFieldStandardRelation (StandardID,StandardName,StandardFieldID,MappingStandardName,MappingStandardFieldID) VALUES (2, 'DublinCore', 13, 'CDWA', 208);

INSERT INTO SLFieldStandardRelation (StandardID,StandardName,StandardFieldID,MappingStandardName,MappingStandardFieldID) VALUES (2, 'DublinCore', 14, 'CDWA', 122);

INSERT INTO SLFieldStandardRelation (StandardID,StandardName,StandardFieldID,MappingStandardName,MappingStandardFieldID) VALUES (2, 'DublinCore', 14, 'CDWA', 161);

INSERT INTO SLFieldStandardRelation (StandardID,StandardName,StandardFieldID,MappingStandardName,MappingStandardFieldID) VALUES (2, 'DublinCore', 14, 'CDWA', 177);

INSERT INTO SLFieldStandardRelation (StandardID,StandardName,StandardFieldID,MappingStandardName,MappingStandardFieldID) VALUES (2, 'DublinCore', 14, 'CDWA', 185);

INSERT INTO SLFieldStandardRelation (StandardID,StandardName,StandardFieldID,MappingStandardName,MappingStandardFieldID) VALUES (2, 'DublinCore', 14, 'CDWA', 280);

INSERT INTO SLFieldStandardRelation (StandardID,StandardName,StandardFieldID,MappingStandardName,MappingStandardFieldID) VALUES (2, 'DublinCore', 15, 'CDWA', 145);

INSERT INTO SLFieldStandardRelation (StandardID,StandardName,StandardFieldID,MappingStandardName,MappingStandardFieldID) VALUES (2, 'DublinCore', 16, 'CDWA', 124);

INSERT INTO SLFieldStandardRelation (StandardID,StandardName,StandardFieldID,MappingStandardName,MappingStandardFieldID) VALUES (2, 'DublinCore', 17, 'CDWA', 152);

INSERT INTO SLFieldStandardRelation (StandardID,StandardName,StandardFieldID,MappingStandardName,MappingStandardFieldID) VALUES (2, 'DublinCore', 17, 'CDWA', 161);

INSERT INTO SLFieldStandardRelation (StandardID,StandardName,StandardFieldID,MappingStandardName,MappingStandardFieldID) VALUES (2, 'DublinCore', 18, 'CDWA', 158);

INSERT INTO SLFieldStandardRelation (StandardID,StandardName,StandardFieldID,MappingStandardName,MappingStandardFieldID) VALUES (2, 'DublinCore', 19, 'CDWA', 207);

INSERT INTO SLFieldStandardRelation (StandardID,StandardName,StandardFieldID,MappingStandardName,MappingStandardFieldID) VALUES (2, 'DublinCore', 19, 'CDWA', 208);

INSERT INTO SLFieldStandardRelation (StandardID,StandardName,StandardFieldID,MappingStandardName,MappingStandardFieldID) VALUES (2, 'DublinCore', 19, 'CDWA', 209);

INSERT INTO SLFieldStandardRelation (StandardID,StandardName,StandardFieldID,MappingStandardName,MappingStandardFieldID) VALUES (2, 'DublinCore', 20, 'CDWA', 208);

INSERT INTO SLFieldStandardRelation (StandardID,StandardName,StandardFieldID,MappingStandardName,MappingStandardFieldID) VALUES (2, 'DublinCore', 20, 'CDWA', 258);

INSERT INTO SLFieldStandardRelation (StandardID,StandardName,StandardFieldID,MappingStandardName,MappingStandardFieldID) VALUES (2, 'DublinCore', 20, 'CDWA', 265);

INSERT INTO SLFieldStandardRelation (StandardID,StandardName,StandardFieldID,MappingStandardName,MappingStandardFieldID) VALUES (2, 'DublinCore', 20, 'CDWA', 273);

INSERT INTO SLFieldStandardRelation (StandardID,StandardName,StandardFieldID,MappingStandardName,MappingStandardFieldID) VALUES (2, 'DublinCore', 21, 'CDWA', 208);

INSERT INTO SLFieldStandardRelation (StandardID,StandardName,StandardFieldID,MappingStandardName,MappingStandardFieldID) VALUES (2, 'DublinCore', 21, 'CDWA', 238);

INSERT INTO SLFieldStandardRelation (StandardID,StandardName,StandardFieldID,MappingStandardName,MappingStandardFieldID) VALUES (2, 'DublinCore', 22, 'CDWA', 257);

INSERT INTO SLFieldStandardRelation (StandardID,StandardName,StandardFieldID,MappingStandardName,MappingStandardFieldID) VALUES (2, 'DublinCore', 25, 'CDWA', 208);

INSERT INTO SLFieldStandardRelation (StandardID,StandardName,StandardFieldID,MappingStandardName,MappingStandardFieldID) VALUES (2, 'DublinCore', 26, 'CDWA', 208);

INSERT INTO SLFieldStandardRelation (StandardID,StandardName,StandardFieldID,MappingStandardName,MappingStandardFieldID) VALUES (2, 'DublinCore', 27, 'CDWA', 208);

INSERT INTO SLFieldStandardRelation (StandardID,StandardName,StandardFieldID,MappingStandardName,MappingStandardFieldID) VALUES (2, 'DublinCore', 28, 'CDWA', 208);

INSERT INTO SLFieldStandardRelation (StandardID,StandardName,StandardFieldID,MappingStandardName,MappingStandardFieldID) VALUES (2, 'DublinCore', 29, 'CDWA', 208);

INSERT INTO SLFieldStandardRelation (StandardID,StandardName,StandardFieldID,MappingStandardName,MappingStandardFieldID) VALUES (2, 'DublinCore', 30, 'CDWA', 208);

INSERT INTO SLFieldStandardRelation (StandardID,StandardName,StandardFieldID,MappingStandardName,MappingStandardFieldID) VALUES (2, 'DublinCore', 31, 'CDWA', 208);

INSERT INTO SLFieldStandardRelation (StandardID,StandardName,StandardFieldID,MappingStandardName,MappingStandardFieldID) VALUES (2, 'DublinCore', 32, 'CDWA', 208);

INSERT INTO SLFieldStandardRelation (StandardID,StandardName,StandardFieldID,MappingStandardName,MappingStandardFieldID) VALUES (2, 'DublinCore', 33, 'CDWA', 266);

INSERT INTO SLFieldStandardRelation (StandardID,StandardName,StandardFieldID,MappingStandardName,MappingStandardFieldID) VALUES (2, 'DublinCore', 33, 'CDWA', 281);

INSERT INTO SLFieldStandardRelation (StandardID,StandardName,StandardFieldID,MappingStandardName,MappingStandardFieldID) VALUES (3, 'USMARC', 1, 'CDWA', 3);

INSERT INTO SLFieldStandardRelation (StandardID,StandardName,StandardFieldID,MappingStandardName,MappingStandardFieldID) VALUES (3, 'USMARC', 4, 'CDWA', 34);

INSERT INTO SLFieldStandardRelation (StandardID,StandardName,StandardFieldID,MappingStandardName,MappingStandardFieldID) VALUES (3, 'USMARC', 7, 'CDWA', 48);

INSERT INTO SLFieldStandardRelation (StandardID,StandardName,StandardFieldID,MappingStandardName,MappingStandardFieldID) VALUES (3, 'USMARC', 8, 'CDWA', 72);

INSERT INTO SLFieldStandardRelation (StandardID,StandardName,StandardFieldID,MappingStandardName,MappingStandardFieldID) VALUES (3, 'USMARC', 9, 'CDWA', 81);

INSERT INTO SLFieldStandardRelation (StandardID,StandardName,StandardFieldID,MappingStandardName,MappingStandardFieldID) VALUES (3, 'USMARC', 14, 'CDWA', 117);

INSERT INTO SLFieldStandardRelation (StandardID,StandardName,StandardFieldID,MappingStandardName,MappingStandardFieldID) VALUES (3, 'USMARC', 3, 'CDWA', 17);

INSERT INTO SLFieldStandardRelation (StandardID,StandardName,StandardFieldID,MappingStandardName,MappingStandardFieldID) VALUES (3, 'USMARC', 5, 'CDWA', 34);

INSERT INTO SLFieldStandardRelation (StandardID,StandardName,StandardFieldID,MappingStandardName,MappingStandardFieldID) VALUES (3, 'USMARC', 6, 'CDWA', 50);

INSERT INTO SLFieldStandardRelation (StandardID,StandardName,StandardFieldID,MappingStandardName,MappingStandardFieldID) VALUES (3, 'USMARC', 16, 'CDWA', 119);

INSERT INTO SLFieldStandardRelation (StandardID,StandardName,StandardFieldID,MappingStandardName,MappingStandardFieldID) VALUES (3, 'USMARC', 17, 'CDWA', 122);

INSERT INTO SLFieldStandardRelation (StandardID,StandardName,StandardFieldID,MappingStandardName,MappingStandardFieldID) VALUES (3, 'USMARC', 21, 'CDWA', 142);

INSERT INTO SLFieldStandardRelation (StandardID,StandardName,StandardFieldID,MappingStandardName,MappingStandardFieldID) VALUES (3, 'USMARC', 24, 'CDWA', 158);

INSERT INTO SLFieldStandardRelation (StandardID,StandardName,StandardFieldID,MappingStandardName,MappingStandardFieldID) VALUES (3, 'USMARC', 26, 'CDWA', 122);

INSERT INTO SLFieldStandardRelation (StandardID,StandardName,StandardFieldID,MappingStandardName,MappingStandardFieldID) VALUES (3, 'USMARC', 27, 'CDWA', 208);

INSERT INTO SLFieldStandardRelation (StandardID,StandardName,StandardFieldID,MappingStandardName,MappingStandardFieldID) VALUES (3, 'USMARC', 28, 'CDWA', 209);

INSERT INTO SLFieldStandardRelation (StandardID,StandardName,StandardFieldID,MappingStandardName,MappingStandardFieldID) VALUES (3, 'USMARC', 30, 'CDWA', 239);

INSERT INTO SLFieldStandardRelation (StandardID,StandardName,StandardFieldID,MappingStandardName,MappingStandardFieldID) VALUES (3, 'USMARC', 31, 'CDWA', 255);

INSERT INTO SLFieldStandardRelation (StandardID,StandardName,StandardFieldID,MappingStandardName,MappingStandardFieldID) VALUES (3, 'USMARC', 40, 'CDWA', 280);

INSERT INTO SLFieldStandardRelation (StandardID,StandardName,StandardFieldID,MappingStandardName,MappingStandardFieldID) VALUES (3, 'USMARC', 38, 'CDWA', 258);

INSERT INTO SLFieldStandardRelation (StandardID,StandardName,StandardFieldID,MappingStandardName,MappingStandardFieldID) VALUES (3, 'USMARC', 39, 'CDWA', 279);

INSERT INTO SLFieldStandardRelation (StandardID,StandardName,StandardFieldID,MappingStandardName,MappingStandardFieldID) VALUES (3, 'USMARC', 42, 'CDWA', 284);

INSERT INTO SLFieldStandardRelation (StandardID,StandardName,StandardFieldID,MappingStandardName,MappingStandardFieldID) VALUES (3, 'USMARC', 15, 'CDWA', 117);

INSERT INTO SLFieldStandardRelation (StandardID,StandardName,StandardFieldID,MappingStandardName,MappingStandardFieldID) VALUES (3, 'USMARC', 19, 'CDWA', 133);

INSERT INTO SLFieldStandardRelation (StandardID,StandardName,StandardFieldID,MappingStandardName,MappingStandardFieldID) VALUES (3, 'USMARC', 21, 'CDWA', 134);

INSERT INTO SLFieldStandardRelation (StandardID,StandardName,StandardFieldID,MappingStandardName,MappingStandardFieldID) VALUES (3, 'USMARC', 22, 'CDWA', 145);

INSERT INTO SLFieldStandardRelation (StandardID,StandardName,StandardFieldID,MappingStandardName,MappingStandardFieldID) VALUES (3, 'USMARC', 23, 'CDWA', 161);

INSERT INTO SLFieldStandardRelation (StandardID,StandardName,StandardFieldID,MappingStandardName,MappingStandardFieldID) VALUES (3, 'USMARC', 29, 'CDWA', 238);

INSERT INTO SLFieldStandardRelation (StandardID,StandardName,StandardFieldID,MappingStandardName,MappingStandardFieldID) VALUES (4, 'Visual Resource Association v3.0', 1, 'CDWA', 17);

INSERT INTO SLFieldStandardRelation (StandardID,StandardName,StandardFieldID,MappingStandardName,MappingStandardFieldID) VALUES (4, 'Visual Resource Association v3.0', 1, 'CDWA', 257);

INSERT INTO SLFieldStandardRelation (StandardID,StandardName,StandardFieldID,MappingStandardName,MappingStandardFieldID) VALUES (4, 'Visual Resource Association v3.0', 2, 'CDWA', 3);

INSERT INTO SLFieldStandardRelation (StandardID,StandardName,StandardFieldID,MappingStandardName,MappingStandardFieldID) VALUES (4, 'Visual Resource Association v3.0', 2, 'CDWA', 239);

INSERT INTO SLFieldStandardRelation (StandardID,StandardName,StandardFieldID,MappingStandardName,MappingStandardFieldID) VALUES (4, 'Visual Resource Association v3.0', 3, 'CDWA', 17);

INSERT INTO SLFieldStandardRelation (StandardID,StandardName,StandardFieldID,MappingStandardName,MappingStandardFieldID) VALUES (4, 'Visual Resource Association v3.0', 3, 'CDWA', 257);

INSERT INTO SLFieldStandardRelation (StandardID,StandardName,StandardFieldID,MappingStandardName,MappingStandardFieldID) VALUES (4, 'Visual Resource Association v3.0', 4, 'CDWA', 17);

INSERT INTO SLFieldStandardRelation (StandardID,StandardName,StandardFieldID,MappingStandardName,MappingStandardFieldID) VALUES (4, 'Visual Resource Association v3.0', 4, 'CDWA', 257);

INSERT INTO SLFieldStandardRelation (StandardID,StandardName,StandardFieldID,MappingStandardName,MappingStandardFieldID) VALUES (4, 'Visual Resource Association v3.0', 5, 'CDWA', 17);

INSERT INTO SLFieldStandardRelation (StandardID,StandardName,StandardFieldID,MappingStandardName,MappingStandardFieldID) VALUES (4, 'Visual Resource Association v3.0', 5, 'CDWA', 257);

INSERT INTO SLFieldStandardRelation (StandardID,StandardName,StandardFieldID,MappingStandardName,MappingStandardFieldID) VALUES (4, 'Visual Resource Association v3.0', 6, 'CDWA', 17);

INSERT INTO SLFieldStandardRelation (StandardID,StandardName,StandardFieldID,MappingStandardName,MappingStandardFieldID) VALUES (4, 'Visual Resource Association v3.0', 6, 'CDWA', 257);

INSERT INTO SLFieldStandardRelation (StandardID,StandardName,StandardFieldID,MappingStandardName,MappingStandardFieldID) VALUES (4, 'Visual Resource Association v3.0', 7, 'CDWA', 53);

INSERT INTO SLFieldStandardRelation (StandardID,StandardName,StandardFieldID,MappingStandardName,MappingStandardFieldID) VALUES (4, 'Visual Resource Association v3.0', 7, 'CDWA', 54);

INSERT INTO SLFieldStandardRelation (StandardID,StandardName,StandardFieldID,MappingStandardName,MappingStandardFieldID) VALUES (4, 'Visual Resource Association v3.0', 7, 'CDWA', 55);

INSERT INTO SLFieldStandardRelation (StandardID,StandardName,StandardFieldID,MappingStandardName,MappingStandardFieldID) VALUES (4, 'Visual Resource Association v3.0', 8, 'CDWA', 34);

INSERT INTO SLFieldStandardRelation (StandardID,StandardName,StandardFieldID,MappingStandardName,MappingStandardFieldID) VALUES (4, 'Visual Resource Association v3.0', 8, 'CDWA', 240);

INSERT INTO SLFieldStandardRelation (StandardID,StandardName,StandardFieldID,MappingStandardName,MappingStandardFieldID) VALUES (4, 'Visual Resource Association v3.0', 9, 'CDWA', 34);

INSERT INTO SLFieldStandardRelation (StandardID,StandardName,StandardFieldID,MappingStandardName,MappingStandardFieldID) VALUES (4, 'Visual Resource Association v3.0', 9, 'CDWA', 240);

INSERT INTO SLFieldStandardRelation (StandardID,StandardName,StandardFieldID,MappingStandardName,MappingStandardFieldID) VALUES (4, 'Visual Resource Association v3.0', 10, 'CDWA', 14);

INSERT INTO SLFieldStandardRelation (StandardID,StandardName,StandardFieldID,MappingStandardName,MappingStandardFieldID) VALUES (4, 'Visual Resource Association v3.0', 10, 'CDWA', 119);

INSERT INTO SLFieldStandardRelation (StandardID,StandardName,StandardFieldID,MappingStandardName,MappingStandardFieldID) VALUES (4, 'Visual Resource Association v3.0', 11, 'CDWA', 34);

INSERT INTO SLFieldStandardRelation (StandardID,StandardName,StandardFieldID,MappingStandardName,MappingStandardFieldID) VALUES (4, 'Visual Resource Association v3.0', 11, 'CDWA', 240);

INSERT INTO SLFieldStandardRelation (StandardID,StandardName,StandardFieldID,MappingStandardName,MappingStandardFieldID) VALUES (4, 'Visual Resource Association v3.0', 12, 'CDWA', 53);

INSERT INTO SLFieldStandardRelation (StandardID,StandardName,StandardFieldID,MappingStandardName,MappingStandardFieldID) VALUES (4, 'Visual Resource Association v3.0', 12, 'CDWA', 54);

INSERT INTO SLFieldStandardRelation (StandardID,StandardName,StandardFieldID,MappingStandardName,MappingStandardFieldID) VALUES (4, 'Visual Resource Association v3.0', 12, 'CDWA', 55);

INSERT INTO SLFieldStandardRelation (StandardID,StandardName,StandardFieldID,MappingStandardName,MappingStandardFieldID) VALUES (4, 'Visual Resource Association v3.0', 13, 'CDWA', 53);

INSERT INTO SLFieldStandardRelation (StandardID,StandardName,StandardFieldID,MappingStandardName,MappingStandardFieldID) VALUES (4, 'Visual Resource Association v3.0', 13, 'CDWA', 54);

INSERT INTO SLFieldStandardRelation (StandardID,StandardName,StandardFieldID,MappingStandardName,MappingStandardFieldID) VALUES (4, 'Visual Resource Association v3.0', 13, 'CDWA', 55);

INSERT INTO SLFieldStandardRelation (StandardID,StandardName,StandardFieldID,MappingStandardName,MappingStandardFieldID) VALUES (4, 'Visual Resource Association v3.0', 14, 'CDWA', 14);

INSERT INTO SLFieldStandardRelation (StandardID,StandardName,StandardFieldID,MappingStandardName,MappingStandardFieldID) VALUES (4, 'Visual Resource Association v3.0', 14, 'CDWA', 119);

INSERT INTO SLFieldStandardRelation (StandardID,StandardName,StandardFieldID,MappingStandardName,MappingStandardFieldID) VALUES (4, 'Visual Resource Association v3.0', 15, 'CDWA', 50);

INSERT INTO SLFieldStandardRelation (StandardID,StandardName,StandardFieldID,MappingStandardName,MappingStandardFieldID) VALUES (4, 'Visual Resource Association v3.0', 16, 'CDWA', 287);

INSERT INTO SLFieldStandardRelation (StandardID,StandardName,StandardFieldID,MappingStandardName,MappingStandardFieldID) VALUES (4, 'Visual Resource Association v3.0', 17, 'CDWA', 117);

INSERT INTO SLFieldStandardRelation (StandardID,StandardName,StandardFieldID,MappingStandardName,MappingStandardFieldID) VALUES (4, 'Visual Resource Association v3.0', 18, 'CDWA', 14);

INSERT INTO SLFieldStandardRelation (StandardID,StandardName,StandardFieldID,MappingStandardName,MappingStandardFieldID) VALUES (4, 'Visual Resource Association v3.0', 18, 'CDWA', 119);

INSERT INTO SLFieldStandardRelation (StandardID,StandardName,StandardFieldID,MappingStandardName,MappingStandardFieldID) VALUES (4, 'Visual Resource Association v3.0', 19, 'CDWA', 101);

INSERT INTO SLFieldStandardRelation (StandardID,StandardName,StandardFieldID,MappingStandardName,MappingStandardFieldID) VALUES (4, 'Visual Resource Association v3.0', 19, 'CDWA', 287);

INSERT INTO SLFieldStandardRelation (StandardID,StandardName,StandardFieldID,MappingStandardName,MappingStandardFieldID) VALUES (4, 'Visual Resource Association v3.0', 20, 'CDWA', 101);

INSERT INTO SLFieldStandardRelation (StandardID,StandardName,StandardFieldID,MappingStandardName,MappingStandardFieldID) VALUES (4, 'Visual Resource Association v3.0', 20, 'CDWA', 287);

INSERT INTO SLFieldStandardRelation (StandardID,StandardName,StandardFieldID,MappingStandardName,MappingStandardFieldID) VALUES (4, 'Visual Resource Association v3.0', 21, 'CDWA', 14);

INSERT INTO SLFieldStandardRelation (StandardID,StandardName,StandardFieldID,MappingStandardName,MappingStandardFieldID) VALUES (4, 'Visual Resource Association v3.0', 21, 'CDWA', 119);

INSERT INTO SLFieldStandardRelation (StandardID,StandardName,StandardFieldID,MappingStandardName,MappingStandardFieldID) VALUES (4, 'Visual Resource Association v3.0', 22, 'CDWA', 14);

INSERT INTO SLFieldStandardRelation (StandardID,StandardName,StandardFieldID,MappingStandardName,MappingStandardFieldID) VALUES (4, 'Visual Resource Association v3.0', 22, 'CDWA', 119);

INSERT INTO SLFieldStandardRelation (StandardID,StandardName,StandardFieldID,MappingStandardName,MappingStandardFieldID) VALUES (4, 'Visual Resource Association v3.0', 23, 'CDWA', 152);

INSERT INTO SLFieldStandardRelation (StandardID,StandardName,StandardFieldID,MappingStandardName,MappingStandardFieldID) VALUES (4, 'Visual Resource Association v3.0', 24, 'CDWA', 14);

INSERT INTO SLFieldStandardRelation (StandardID,StandardName,StandardFieldID,MappingStandardName,MappingStandardFieldID) VALUES (4, 'Visual Resource Association v3.0', 24, 'CDWA', 119);

INSERT INTO SLFieldStandardRelation (StandardID,StandardName,StandardFieldID,MappingStandardName,MappingStandardFieldID) VALUES (4, 'Visual Resource Association v3.0', 25, 'CDWA', 14);

INSERT INTO SLFieldStandardRelation (StandardID,StandardName,StandardFieldID,MappingStandardName,MappingStandardFieldID) VALUES (4, 'Visual Resource Association v3.0', 25, 'CDWA', 119);

INSERT INTO SLFieldStandardRelation (StandardID,StandardName,StandardFieldID,MappingStandardName,MappingStandardFieldID) VALUES (4, 'Visual Resource Association v3.0', 26, 'CDWA', 152);

INSERT INTO SLFieldStandardRelation (StandardID,StandardName,StandardFieldID,MappingStandardName,MappingStandardFieldID) VALUES (4, 'Visual Resource Association v3.0', 27, 'CDWA', 152);

INSERT INTO SLFieldStandardRelation (StandardID,StandardName,StandardFieldID,MappingStandardName,MappingStandardFieldID) VALUES (4, 'Visual Resource Association v3.0', 29, 'CDWA', 280);

INSERT INTO SLFieldStandardRelation (StandardID,StandardName,StandardFieldID,MappingStandardName,MappingStandardFieldID) VALUES (4, 'Visual Resource Association v3.0', 30, 'CDWA', 152);

INSERT INTO SLFieldStandardRelation (StandardID,StandardName,StandardFieldID,MappingStandardName,MappingStandardFieldID) VALUES (4, 'Visual Resource Association v3.0', 32, 'CDWA', 152);

INSERT INTO SLFieldStandardRelation (StandardID,StandardName,StandardFieldID,MappingStandardName,MappingStandardFieldID) VALUES (4, 'Visual Resource Association v3.0', 33, 'CDWA', 255);

INSERT INTO SLFieldStandardRelation (StandardID,StandardName,StandardFieldID,MappingStandardName,MappingStandardFieldID) VALUES (4, 'Visual Resource Association v3.0', 33, 'CDWA', 279);

INSERT INTO SLFieldStandardRelation (StandardID,StandardName,StandardFieldID,MappingStandardName,MappingStandardFieldID) VALUES (4, 'Visual Resource Association v3.0', 34, 'CDWA', 152);

INSERT INTO SLFieldStandardRelation (StandardID,StandardName,StandardFieldID,MappingStandardName,MappingStandardFieldID) VALUES (4, 'Visual Resource Association v3.0', 35, 'CDWA', 15);

INSERT INTO SLFieldStandardRelation (StandardID,StandardName,StandardFieldID,MappingStandardName,MappingStandardFieldID) VALUES (4, 'Visual Resource Association v3.0', 36, 'CDWA', 281);

INSERT INTO SLFieldStandardRelation (StandardID,StandardName,StandardFieldID,MappingStandardName,MappingStandardFieldID) VALUES (4, 'Visual Resource Association v3.0', 37, 'CDWA', 251);

INSERT INTO SLFieldStandardRelation (StandardID,StandardName,StandardFieldID,MappingStandardName,MappingStandardFieldID) VALUES (4, 'Visual Resource Association v3.0', 39, 'CDWA', 287);

INSERT INTO SLFieldStandardRelation (StandardID,StandardName,StandardFieldID,MappingStandardName,MappingStandardFieldID) VALUES (4, 'Visual Resource Association v3.0', 40, 'CDWA', 152);

INSERT INTO SLFieldStandardRelation (StandardID,StandardName,StandardFieldID,MappingStandardName,MappingStandardFieldID) VALUES (4, 'Visual Resource Association v3.0', 47, 'CDWA', 291);

INSERT INTO SLFieldStandardRelation (StandardID,StandardName,StandardFieldID,MappingStandardName,MappingStandardFieldID) VALUES (4, 'Visual Resource Association v3.0', 48, 'CDWA', 122);

INSERT INTO SLFieldStandardRelation (StandardID,StandardName,StandardFieldID,MappingStandardName,MappingStandardFieldID) VALUES (4, 'Visual Resource Association v3.0', 48, 'CDWA', 161);

INSERT INTO SLFieldStandardRelation (StandardID,StandardName,StandardFieldID,MappingStandardName,MappingStandardFieldID) VALUES (4, 'Visual Resource Association v3.0', 48, 'CDWA', 177);

INSERT INTO SLFieldStandardRelation (StandardID,StandardName,StandardFieldID,MappingStandardName,MappingStandardFieldID) VALUES (4, 'Visual Resource Association v3.0', 48, 'CDWA', 185);

INSERT INTO SLFieldStandardRelation (StandardID,StandardName,StandardFieldID,MappingStandardName,MappingStandardFieldID) VALUES (4, 'Visual Resource Association v3.0', 48, 'CDWA', 261);

INSERT INTO SLFieldStandardRelation (StandardID,StandardName,StandardFieldID,MappingStandardName,MappingStandardFieldID) VALUES (4, 'Visual Resource Association v3.0', 49, 'CDWA', 208);

INSERT INTO SLFieldStandardRelation (StandardID,StandardName,StandardFieldID,MappingStandardName,MappingStandardFieldID) VALUES (4, 'Visual Resource Association v3.0', 50, 'CDWA', 284);

INSERT INTO SLFieldStandardRelation (StandardID,StandardName,StandardFieldID,MappingStandardName,MappingStandardFieldID) VALUES (4, 'Visual Resource Association v3.0', 51, 'CDWA', 263);

INSERT INTO SLFieldStandardRelation (StandardID,StandardName,StandardFieldID,MappingStandardName,MappingStandardFieldID) VALUES (4, 'Visual Resource Association v3.0', 52, 'CDWA', 145);

INSERT INTO SLFieldStandardRelation (StandardID,StandardName,StandardFieldID,MappingStandardName,MappingStandardFieldID) VALUES (5, 'CIMI', 1, 'CDWA', 279);

INSERT INTO SLFieldStandardRelation (StandardID,StandardName,StandardFieldID,MappingStandardName,MappingStandardFieldID) VALUES (5, 'CIMI', 2, 'CDWA', 161);

INSERT INTO SLFieldStandardRelation (StandardID,StandardName,StandardFieldID,MappingStandardName,MappingStandardFieldID) VALUES (5, 'CIMI', 2, 'CDWA', 163);

INSERT INTO SLFieldStandardRelation (StandardID,StandardName,StandardFieldID,MappingStandardName,MappingStandardFieldID) VALUES (5, 'CIMI', 3, 'CDWA', 207);

INSERT INTO SLFieldStandardRelation (StandardID,StandardName,StandardFieldID,MappingStandardName,MappingStandardFieldID) VALUES (5, 'CIMI', 5, 'CDWA', 53);

INSERT INTO SLFieldStandardRelation (StandardID,StandardName,StandardFieldID,MappingStandardName,MappingStandardFieldID) VALUES (5, 'CIMI', 5, 'CDWA', 54);

INSERT INTO SLFieldStandardRelation (StandardID,StandardName,StandardFieldID,MappingStandardName,MappingStandardFieldID) VALUES (5, 'CIMI', 5, 'CDWA', 55);

INSERT INTO SLFieldStandardRelation (StandardID,StandardName,StandardFieldID,MappingStandardName,MappingStandardFieldID) VALUES (5, 'CIMI', 6, 'CDWA', 142);

INSERT INTO SLFieldStandardRelation (StandardID,StandardName,StandardFieldID,MappingStandardName,MappingStandardFieldID) VALUES (5, 'CIMI', 7, 'CDWA', 122);

INSERT INTO SLFieldStandardRelation (StandardID,StandardName,StandardFieldID,MappingStandardName,MappingStandardFieldID) VALUES (5, 'CIMI', 8, 'CDWA', 50);

INSERT INTO SLFieldStandardRelation (StandardID,StandardName,StandardFieldID,MappingStandardName,MappingStandardFieldID) VALUES (5, 'CIMI', 9, 'CDWA', 34);

INSERT INTO SLFieldStandardRelation (StandardID,StandardName,StandardFieldID,MappingStandardName,MappingStandardFieldID) VALUES (5, 'CIMI', 10, 'CDWA', 152);

INSERT INTO SLFieldStandardRelation (StandardID,StandardName,StandardFieldID,MappingStandardName,MappingStandardFieldID) VALUES (5, 'CIMI', 10, 'CDWA', 239);

INSERT INTO SLFieldStandardRelation (StandardID,StandardName,StandardFieldID,MappingStandardName,MappingStandardFieldID) VALUES (5, 'CIMI', 11, 'CDWA', 266);

INSERT INTO SLFieldStandardRelation (StandardID,StandardName,StandardFieldID,MappingStandardName,MappingStandardFieldID) VALUES (5, 'CIMI', 12, 'CDWA', 207);

INSERT INTO SLFieldStandardRelation (StandardID,StandardName,StandardFieldID,MappingStandardName,MappingStandardFieldID) VALUES (5, 'CIMI', 13, 'CDWA', 4);

INSERT INTO SLFieldStandardRelation (StandardID,StandardName,StandardFieldID,MappingStandardName,MappingStandardFieldID) VALUES (5, 'CIMI', 14, 'CDWA', 280);

INSERT INTO SLFieldStandardRelation (StandardID,StandardName,StandardFieldID,MappingStandardName,MappingStandardFieldID) VALUES (5, 'CIMI', 16, 'CDWA', 72);

INSERT INTO SLFieldStandardRelation (StandardID,StandardName,StandardFieldID,MappingStandardName,MappingStandardFieldID) VALUES (5, 'CIMI', 18, 'CDWA', 124);

INSERT INTO SLFieldStandardRelation (StandardID,StandardName,StandardFieldID,MappingStandardName,MappingStandardFieldID) VALUES (5, 'CIMI', 30, 'CDWA', 237);

INSERT INTO SLFieldStandardRelation (StandardID,StandardName,StandardFieldID,MappingStandardName,MappingStandardFieldID) VALUES (5, 'CIMI', 35, 'CDWA', 240);

INSERT INTO SLFieldStandardRelation (StandardID,StandardName,StandardFieldID,MappingStandardName,MappingStandardFieldID) VALUES (5, 'CIMI', 38, 'CDWA', 261);

INSERT INTO SLFieldStandardRelation (StandardID,StandardName,StandardFieldID,MappingStandardName,MappingStandardFieldID) VALUES (5, 'CIMI', 39, 'CDWA', 255);

INSERT INTO SLFieldStandardRelation (StandardID,StandardName,StandardFieldID,MappingStandardName,MappingStandardFieldID) VALUES (5, 'CIMI', 41, 'CDWA', 238);

INSERT INTO SLFieldStandardRelation (StandardID,StandardName,StandardFieldID,MappingStandardName,MappingStandardFieldID) VALUES (5, 'CIMI', 43, 'CDWA', 257);

INSERT INTO SLFieldStandardRelation (StandardID,StandardName,StandardFieldID,MappingStandardName,MappingStandardFieldID) VALUES (5, 'CIMI', 63, 'CDWA', 3);

INSERT INTO SLFieldStandardRelation (StandardID,StandardName,StandardFieldID,MappingStandardName,MappingStandardFieldID) VALUES (5, 'CIMI', 64, 'CDWA', 17);

INSERT INTO SLFieldStandardRelation (StandardID,StandardName,StandardFieldID,MappingStandardName,MappingStandardFieldID) VALUES (5, 'CIMI', 65, 'CDWA', 17);

INSERT INTO SLFieldStandardRelation (StandardID,StandardName,StandardFieldID,MappingStandardName,MappingStandardFieldID) VALUES (5, 'CIMI', 66, 'CDWA', 258);

INSERT INTO SLFieldStandardRelation (StandardID,StandardName,StandardFieldID,MappingStandardName,MappingStandardFieldID) VALUES (5, 'CIMI', 68, 'CDWA', 287);

INSERT INTO SLFieldStandardRelation (StandardID,StandardName,StandardFieldID,MappingStandardName,MappingStandardFieldID) VALUES (5, 'CIMI', 69, 'CDWA', 291);

INSERT INTO SLFieldStandardRelation (StandardID,StandardName,StandardFieldID,MappingStandardName,MappingStandardFieldID) VALUES (5, 'CIMI', 70, 'CDWA', 289);

INSERT INTO SLFieldStandardRelation (StandardID,StandardName,StandardFieldID,MappingStandardName,MappingStandardFieldID) VALUES (5, 'CIMI', 71, 'CDWA', 290);

INSERT INTO SLFieldStandardRelation (StandardID,StandardName,StandardFieldID,MappingStandardName,MappingStandardFieldID) VALUES (5, 'CIMI', 72, 'CDWA', 117);

INSERT INTO SLFieldStandardRelation (StandardID,StandardName,StandardFieldID,MappingStandardName,MappingStandardFieldID) VALUES (5, 'CIMI', 73, 'CDWA', 12);

INSERT INTO SLFieldStandardRelation (StandardID,StandardName,StandardFieldID,MappingStandardName,MappingStandardFieldID) VALUES (5, 'CIMI', 73, 'CDWA', 133);

INSERT INTO SLFieldStandardRelation (StandardID,StandardName,StandardFieldID,MappingStandardName,MappingStandardFieldID) VALUES (5, 'CIMI', 74, 'CDWA', 158);

INSERT INTO SLFieldStandardRelation (StandardID,StandardName,StandardFieldID,MappingStandardName,MappingStandardFieldID) VALUES (5, 'CIMI', 75, 'CDWA', 119);

INSERT INTO SLFieldStandardRelation (StandardID,StandardName,StandardFieldID,MappingStandardName,MappingStandardFieldID) VALUES (5, 'CIMI', 76, 'CDWA', 168);

INSERT INTO SLFieldStandardRelation (StandardID,StandardName,StandardFieldID,MappingStandardName,MappingStandardFieldID) VALUES (5, 'CIMI', 77, 'CDWA', 185);

INSERT INTO SLFieldStandardRelation (StandardID,StandardName,StandardFieldID,MappingStandardName,MappingStandardFieldID) VALUES (5, 'CIMI', 78, 'CDWA', 145);

INSERT INTO SLFieldStandardRelation (StandardID,StandardName,StandardFieldID,MappingStandardName,MappingStandardFieldID) VALUES (5, 'CIMI', 79, 'CDWA', 101);

INSERT INTO SLFieldStandardRelation (StandardID,StandardName,StandardFieldID,MappingStandardName,MappingStandardFieldID) VALUES (5, 'CIMI', 80, 'CDWA', 167);

INSERT INTO SLFieldStandardRelation (StandardID,StandardName,StandardFieldID,MappingStandardName,MappingStandardFieldID) VALUES (5, 'CIMI', 82, 'CDWA', 81);

INSERT INTO SLFieldStandardRelation (StandardID,StandardName,StandardFieldID,MappingStandardName,MappingStandardFieldID) VALUES (5, 'CIMI', 83, 'CDWA', 67);

INSERT INTO SLFieldStandardRelation (StandardID,StandardName,StandardFieldID,MappingStandardName,MappingStandardFieldID) VALUES (5, 'CIMI', 95, 'CDWA', 152);

INSERT INTO SLFieldStandardRelation (StandardID,StandardName,StandardFieldID,MappingStandardName,MappingStandardFieldID) VALUES (5, 'CIMI', 95, 'CDWA', 239);

commit;

INSERT INTO SLStandardsLookup (StandardID,Standard_Type,StandardName,Version,Version_Info,Standards_Order,StandardDescriptionURL,Enabled) VALUES ( 0, 3, 'CDWA', '1.0', NULL, 6, NULL, 1);

INSERT INTO SLStandardsLookup (StandardID,Standard_Type,StandardName,Version,Version_Info,Standards_Order,StandardDescriptionURL,Enabled) VALUES ( 1, 3, 'ObjectID', '1.0', NULL, 5, NULL, 1);

INSERT INTO SLStandardsLookup (StandardID,Standard_Type,StandardName,Version,Version_Info,Standards_Order,StandardDescriptionURL,Enabled) VALUES ( 2, 3, 'DublinCore', '1.0', NULL, 4, NULL, 1 );

INSERT INTO SLStandardsLookup (StandardID,Standard_Type,StandardName,Version,Version_Info,Standards_Order,StandardDescriptionURL,Enabled) VALUES ( 3, 3, 'USMARC', '1.0', NULL, 3, NULL, 1);

INSERT INTO SLStandardsLookup (StandardID,Standard_Type,StandardName,Version,Version_Info,Standards_Order,StandardDescriptionURL,Enabled) VALUES ( 4, 3, 'Visual Resource Association v3.0', '3.0', NULL, 2, NULL, 1);

INSERT INTO SLStandardsLookup (StandardID,Standard_Type,StandardName,Version,Version_Info,Standards_Order,StandardDescriptionURL,Enabled) VALUES ( 5, 3, 'CIMI', '1.0', NULL, 1, NULL, 1);


commit;

INSERT INTO SLStandardFields (StandardID,StandardName,StandardFieldID,StandardFieldName,StandardFieldDisplayName,StandardFieldType,StandardFieldDisplayOrder,StandardPickedField,LongString,FieldDescriptionURL,DataFieldSearchable,DisplayedInThumbnail,Sortable,IsDate,SelectListBehavior) VALUES  (0, 'CDWA', 1, 'OBJECT/WORK', 'OBJECT/WORK', 1, 1, 0, 2, 'http://www.getty.edu/gri/standard/cdwa/', 1, 1, 1, NULL, 0);
INSERT INTO SLStandardFields (StandardID,StandardName,StandardFieldID,StandardFieldName,StandardFieldDisplayName,StandardFieldType,StandardFieldDisplayOrder,StandardPickedField,LongString,FieldDescriptionURL,DataFieldSearchable,DisplayedInThumbnail,Sortable,IsDate,SelectListBehavior) VALUES ( 0, 'CDWA', 2, 'OBJECT/WORK-CATALOG LEVEL', 'OBJECT/WORK-CATALOG LEVEL', 1, 2, 0, 2, 'http://www.getty.edu/gri/standard/cdwa/', 1, 1, 1, 0, 0);
INSERT INTO SLStandardFields (StandardID,StandardName,StandardFieldID,StandardFieldName,StandardFieldDisplayName,StandardFieldType,StandardFieldDisplayOrder,StandardPickedField,LongString,FieldDescriptionURL,DataFieldSearchable,DisplayedInThumbnail,Sortable,IsDate,SelectListBehavior) VALUES ( 0, 'CDWA', 3, 'OBJECT/WORK-TYPE', 'OBJECT/WORK-TYPE', 1, 3, 0, 2, 'http://www.getty.edu/gri/standard/cdwa/', 1, 1, 1, NULL, '2');
INSERT INTO SLStandardFields (StandardID,StandardName,StandardFieldID,StandardFieldName,StandardFieldDisplayName,StandardFieldType,StandardFieldDisplayOrder,StandardPickedField,LongString,FieldDescriptionURL,DataFieldSearchable,DisplayedInThumbnail,Sortable,IsDate,SelectListBehavior) VALUES ( 0, 'CDWA', 4, 'OBJECT/WORK-COMPONENTS', 'OBJECT/WORK-COMPONENTS', 1, 4, 0, 2, 'http://www.getty.edu/gri/standard/cdwa/', 1, 1, 1, NULL, 0);
INSERT INTO SLStandardFields (StandardID,StandardName,StandardFieldID,StandardFieldName,StandardFieldDisplayName,StandardFieldType,StandardFieldDisplayOrder,StandardPickedField,LongString,FieldDescriptionURL,DataFieldSearchable,DisplayedInThumbnail,Sortable,IsDate,SelectListBehavior) VALUES ( 0, 'CDWA', 5, 'CREATOR-IDENTIFICATION-DATES/LOCATIONS-PLACES OF ACTIVITY', 'CREATOR-IDENTIFICATION-DATES/LOCATIONS-PLACES OF ACTIVITY', 1, 91, 0, 2, 'http://www.getty.edu/gri/standard/cdwa/', 1, 1, 1, 0, 0);
INSERT INTO SLStandardFields (StandardID,StandardName,StandardFieldID,StandardFieldName,StandardFieldDisplayName,StandardFieldType,StandardFieldDisplayOrder,StandardPickedField,LongString,FieldDescriptionURL,DataFieldSearchable,DisplayedInThumbnail,Sortable,IsDate,SelectListBehavior) VALUES ( 0, 'CDWA', 6, 'LIFE ROLES', 'LIFE ROLES', 1, 92, 0, 2, 'http://www.getty.edu/gri/standard/cdwa/', 1, 1, 1, 0, 0);
INSERT INTO SLStandardFields (StandardID,StandardName,StandardFieldID,StandardFieldName,StandardFieldDisplayName,StandardFieldType,StandardFieldDisplayOrder,StandardPickedField,LongString,FieldDescriptionURL,DataFieldSearchable,DisplayedInThumbnail,Sortable,IsDate,SelectListBehavior) VALUES ( 0, 'CDWA', 7, 'CREATOR IDENTIFICATION-RELATED PEOPLE', 'CREATOR IDENTIFICATION-RELATED PEOPLE', 1, 93, 0, 2, 'http://www.getty.edu/gri/standard/cdwa/', 1, 1, 1, 0, 0);
INSERT INTO SLStandardFields (StandardID,StandardName,StandardFieldID,StandardFieldName,StandardFieldDisplayName,StandardFieldType,StandardFieldDisplayOrder,StandardPickedField,LongString,FieldDescriptionURL,DataFieldSearchable,DisplayedInThumbnail,Sortable,IsDate,SelectListBehavior) VALUES ( 0, 'CDWA', 8, 'PLACE/LOCATIONS IDENTIFICATIONS', 'PLACE/LOCATIONS IDENTIFICATIONS', 1, 94, 0, 2, 'http://www.getty.edu/gri/standard/cdwa/', 1, 1, 1, 0, 0);
INSERT INTO SLStandardFields (StandardID,StandardName,StandardFieldID,StandardFieldName,StandardFieldDisplayName,StandardFieldType,StandardFieldDisplayOrder,StandardPickedField,LongString,FieldDescriptionURL,DataFieldSearchable,DisplayedInThumbnail,Sortable,IsDate,SelectListBehavior) VALUES ( 0, 'CDWA', 9, 'CLASSIFICATION', 'CLASSIFICATION', 1, 5, 0, 2, 'http://www.getty.edu/gri/standard/cdwa/', 1, 1, 1, 0, 0);
INSERT INTO SLStandardFields (StandardID,StandardName,StandardFieldID,StandardFieldName,StandardFieldDisplayName,StandardFieldType,StandardFieldDisplayOrder,StandardPickedField,LongString,FieldDescriptionURL,DataFieldSearchable,DisplayedInThumbnail,Sortable,IsDate,SelectListBehavior) VALUES ( 0, 'CDWA', 10, 'GENERAL CONCEPT IDENTIFICATION', 'GENERAL CONCEPT IDENTIFICATION', 1, 95, 0, 2, 'http://www.getty.edu/gri/standard/cdwa/', 1, 1, 1, 0, 0);
INSERT INTO SLStandardFields (StandardID,StandardName,StandardFieldID,StandardFieldName,StandardFieldDisplayName,StandardFieldType,StandardFieldDisplayOrder,StandardPickedField,LongString,FieldDescriptionURL,DataFieldSearchable,DisplayedInThumbnail,Sortable,IsDate,SelectListBehavior) VALUES ( 0, 'CDWA', 11, 'SUBJECT IDENTIFICATION', 'SUBJECT IDENTIFICATION', 1, 96, 0, 2, 'http://www.getty.edu/gri/standard/cdwa/', 1, 1, 1, 0, 0);
INSERT INTO SLStandardFields (StandardID,StandardName,StandardFieldID,StandardFieldName,StandardFieldDisplayName,StandardFieldType,StandardFieldDisplayOrder,StandardPickedField,LongString,FieldDescriptionURL,DataFieldSearchable,DisplayedInThumbnail,Sortable,IsDate,SelectListBehavior) VALUES ( 0, 'CDWA', 12, 'OWNERSHIP/COLLECTING HISTORY-OWNER', 'OWNERSHIP/COLLECTING HISTORY-OWNER', 1, 40, 0, 2, 'http://www.getty.edu/gri/standard/cdwa/', 1, 1, 1, 0, 0);
INSERT INTO SLStandardFields (StandardID,StandardName,StandardFieldID,StandardFieldName,StandardFieldDisplayName,StandardFieldType,StandardFieldDisplayOrder,StandardPickedField,LongString,FieldDescriptionURL,DataFieldSearchable,DisplayedInThumbnail,Sortable,IsDate,SelectListBehavior) VALUES ( 0, 'CDWA', 13, 'ORIENTATION/ARRANGEMENT', 'ORIENTATION/ARRANGEMENT', 1, 6, 0, 2, 'http://www.getty.edu/gri/standard/cdwa/', 1, 1, 1, 0, 0);
INSERT INTO SLStandardFields (StandardID,StandardName,StandardFieldID,StandardFieldName,StandardFieldDisplayName,StandardFieldType,StandardFieldDisplayOrder,StandardPickedField,LongString,FieldDescriptionURL,DataFieldSearchable,DisplayedInThumbnail,Sortable,IsDate,SelectListBehavior) VALUES ( 0, 'CDWA', 14, 'RELATED VISUAL DOCUMENTATION-IMAGE DATE', 'RELATED VISUAL DOCUMENTATION-IMAGE DATE', 1, 63, 0, 2, 'http://www.getty.edu/gri/standard/cdwa/', 1, 1, 1, 0, 0);
INSERT INTO SLStandardFields (StandardID,StandardName,StandardFieldID,StandardFieldName,StandardFieldDisplayName,StandardFieldType,StandardFieldDisplayOrder,StandardPickedField,LongString,FieldDescriptionURL,DataFieldSearchable,DisplayedInThumbnail,Sortable,IsDate,SelectListBehavior) VALUES ( 0, 'CDWA', 15, 'RELATED VISUAL DOCUMENTATION IMAGE OWNERSHIP-OWNER''S NUMBERS', 'RELATED VISUAL DOCUMENTATION IMAGE OWNERSHIP-OWNER''S NUMBERS', 1, 65, 0, 2, 'http://www.getty.edu/gri/standard/cdwa/', 1, 1, 1, 0, 0);
INSERT INTO SLStandardFields (StandardID,StandardName,StandardFieldID,StandardFieldName,StandardFieldDisplayName,StandardFieldType,StandardFieldDisplayOrder,StandardPickedField,LongString,FieldDescriptionURL,DataFieldSearchable,DisplayedInThumbnail,Sortable,IsDate,SelectListBehavior) VALUES ( 0, 'CDWA', 17, 'TITLES OR NAMES', 'TITLES OR NAMES', 1, 7, 0, 2, 'http://www.getty.edu/gri/standard/cdwa/', 1, 1, 1, 0, 0);
INSERT INTO SLStandardFields (StandardID,StandardName,StandardFieldID,StandardFieldName,StandardFieldDisplayName,StandardFieldType,StandardFieldDisplayOrder,StandardPickedField,LongString,FieldDescriptionURL,DataFieldSearchable,DisplayedInThumbnail,Sortable,IsDate,SelectListBehavior) VALUES ( 0, 'CDWA', 23, 'STATE', 'STATE', 1, 8, 0, 2, 'http://www.getty.edu/gri/standard/cdwa/', 1, 1, 1, 0, 0);
INSERT INTO SLStandardFields (StandardID,StandardName,StandardFieldID,StandardFieldName,StandardFieldDisplayName,StandardFieldType,StandardFieldDisplayOrder,StandardPickedField,LongString,FieldDescriptionURL,DataFieldSearchable,DisplayedInThumbnail,Sortable,IsDate,SelectListBehavior) VALUES ( 0, 'CDWA', 27, 'EDITION', 'EDITION', 1, 9, 0, 2, 'http://www.getty.edu/gri/standard/cdwa/', 1, 1, 1, 0, 0);
INSERT INTO SLStandardFields (StandardID,StandardName,StandardFieldID,StandardFieldName,StandardFieldDisplayName,StandardFieldType,StandardFieldDisplayOrder,StandardPickedField,LongString,FieldDescriptionURL,DataFieldSearchable,DisplayedInThumbnail,Sortable,IsDate,SelectListBehavior) VALUES ( 0, 'CDWA', 33, 'MEASUREMENTS', 'MEASUREMENTS', 1, 10, 0, 2, 'http://www.getty.edu/gri/standard/cdwa/', 1, 1, 1, 0, 0);
INSERT INTO SLStandardFields (StandardID,StandardName,StandardFieldID,StandardFieldName,StandardFieldDisplayName,StandardFieldType,StandardFieldDisplayOrder,StandardPickedField,LongString,FieldDescriptionURL,DataFieldSearchable,DisplayedInThumbnail,Sortable,IsDate,SelectListBehavior) VALUES ( 0, 'CDWA', 34, 'MEASUREMENTS-DIMENSIONS', 'MEASUREMENTS-DIMENSIONS', 1, 11, 0, 2, 'http://www.getty.edu/gri/standard/cdwa/', 1, 1, 1, 0, 0);
INSERT INTO SLStandardFields (StandardID,StandardName,StandardFieldID,StandardFieldName,StandardFieldDisplayName,StandardFieldType,StandardFieldDisplayOrder,StandardPickedField,LongString,FieldDescriptionURL,DataFieldSearchable,DisplayedInThumbnail,Sortable,IsDate,SelectListBehavior) VALUES ( 0, 'CDWA', 36, 'MEASUREMENTS-DIMENSIONS-TYPE', 'MEASUREMENTS-DIMENSIONS-TYPE', 1, 12, 0, 2, 'http://www.getty.edu/gri/standard/cdwa/', 1, 1, 1, 0, 0);
INSERT INTO SLStandardFields (StandardID,StandardName,StandardFieldID,StandardFieldName,StandardFieldDisplayName,StandardFieldType,StandardFieldDisplayOrder,StandardPickedField,LongString,FieldDescriptionURL,DataFieldSearchable,DisplayedInThumbnail,Sortable,IsDate,SelectListBehavior) VALUES ( 0, 'CDWA', 37, 'MEASUREMENTS-DIMENSIONS-VALUE', 'MEASUREMENTS-DIMENSIONS-VALUE', 1, 13, 0, 2, 'http://www.getty.edu/gri/standard/cdwa/', 1, 1, 1, 0, 0);
INSERT INTO SLStandardFields (StandardID,StandardName,StandardFieldID,StandardFieldName,StandardFieldDisplayName,StandardFieldType,StandardFieldDisplayOrder,StandardPickedField,LongString,FieldDescriptionURL,DataFieldSearchable,DisplayedInThumbnail,Sortable,IsDate,SelectListBehavior) VALUES ( 0, 'CDWA', 38, 'MEASUREMENTS-DIMENSIONS-UNIT', 'MEASUREMENTS-DIMENSIONS-UNIT', 1, 14, 0, 2, 'http://www.getty.edu/gri/standard/cdwa/', 1, 1, 1, 0, 0);
INSERT INTO SLStandardFields (StandardID,StandardName,StandardFieldID,StandardFieldName,StandardFieldDisplayName,StandardFieldType,StandardFieldDisplayOrder,StandardPickedField,LongString,FieldDescriptionURL,DataFieldSearchable,DisplayedInThumbnail,Sortable,IsDate,SelectListBehavior) VALUES ( 0, 'CDWA', 43, 'MEASUREMENTS-SCALE', 'MEASUREMENTS-SCALE', 1, 15, 0, 2, 'http://www.getty.edu/gri/standard/cdwa/', 1, 1, 1, 0, 0);
INSERT INTO SLStandardFields (StandardID,StandardName,StandardFieldID,StandardFieldName,StandardFieldDisplayName,StandardFieldType,StandardFieldDisplayOrder,StandardPickedField,LongString,FieldDescriptionURL,DataFieldSearchable,DisplayedInThumbnail,Sortable,IsDate,SelectListBehavior) VALUES ( 0, 'CDWA', 47, 'MATERIALS AND TECHNIQUES', 'MATERIALS AND TECHNIQUES', 1, 16, 0, 2, 'http://www.getty.edu/gri/standard/cdwa/', 1, 1, 1, 0, 0);
INSERT INTO SLStandardFields (StandardID,StandardName,StandardFieldID,StandardFieldName,StandardFieldDisplayName,StandardFieldType,StandardFieldDisplayOrder,StandardPickedField,LongString,FieldDescriptionURL,DataFieldSearchable,DisplayedInThumbnail,Sortable,IsDate,SelectListBehavior) VALUES ( 0, 'CDWA', 48, 'MATERIALS AND TECHNIQUES-DESCRIPTION', 'MATERIALS AND TECHNIQUES-DESCRIPTION', 1, 17, 0, 2, 'http://www.getty.edu/gri/standard/cdwa/', 1, 1, 1, 0, 0);
INSERT INTO SLStandardFields (StandardID,StandardName,StandardFieldID,StandardFieldName,StandardFieldDisplayName,StandardFieldType,StandardFieldDisplayOrder,StandardPickedField,LongString,FieldDescriptionURL,DataFieldSearchable,DisplayedInThumbnail,Sortable,IsDate,SelectListBehavior) VALUES ( 0, 'CDWA', 50, 'MATERIALS AND TECHNIQUES-PROCESSES OR TECHNIQUES', 'MATERIALS AND TECHNIQUES-PROCESSES OR TECHNIQUES', 1, 18, 0, 2, 'http://www.getty.edu/gri/standard/cdwa/', 1, 1, 1, 0, 0);
INSERT INTO SLStandardFields (StandardID,StandardName,StandardFieldID,StandardFieldName,StandardFieldDisplayName,StandardFieldType,StandardFieldDisplayOrder,StandardPickedField,LongString,FieldDescriptionURL,DataFieldSearchable,DisplayedInThumbnail,Sortable,IsDate,SelectListBehavior) VALUES ( 0, 'CDWA', 51, 'MATERIALS AND TECHNIQUES-PROCESSES OR TECHNIQUES-NAME', 'MATERIALS AND TECHNIQUES-PROCESSES OR TECHNIQUES-NAME', 1, 19, 0, 2, 'http://www.getty.edu/gri/standard/cdwa/', 1, 1, 1, 0, 0);
INSERT INTO SLStandardFields (StandardID,StandardName,StandardFieldID,StandardFieldName,StandardFieldDisplayName,StandardFieldType,StandardFieldDisplayOrder,StandardPickedField,LongString,FieldDescriptionURL,DataFieldSearchable,DisplayedInThumbnail,Sortable,IsDate,SelectListBehavior) VALUES ( 0, 'CDWA', 52, 'MATERIALS AND TECHNIQUES-PROCESSES OR TECHNIQUES-IMPLEMENT', 'MATERIALS AND TECHNIQUES-PROCESSES OR TECHNIQUES-IMPLEMENT', 1, 20, 0, 2, 'http://www.getty.edu/gri/standard/cdwa/', 1, 1, 1, 0, 0);
INSERT INTO SLStandardFields (StandardID,StandardName,StandardFieldID,StandardFieldName,StandardFieldDisplayName,StandardFieldType,StandardFieldDisplayOrder,StandardPickedField,LongString,FieldDescriptionURL,DataFieldSearchable,DisplayedInThumbnail,Sortable,IsDate,SelectListBehavior) VALUES ( 0, 'CDWA', 53, 'MATERIALS AND TECHNIQUES-MATERIALS', 'MATERIALS AND TECHNIQUES-MATERIALS', 1, 21, 0, 2, 'http://www.getty.edu/gri/standard/cdwa/', 1, 1, 1, 0, 0);
INSERT INTO SLStandardFields (StandardID,StandardName,StandardFieldID,StandardFieldName,StandardFieldDisplayName,StandardFieldType,StandardFieldDisplayOrder,StandardPickedField,LongString,FieldDescriptionURL,DataFieldSearchable,DisplayedInThumbnail,Sortable,IsDate,SelectListBehavior) VALUES ( 0, 'CDWA', 54, 'MATERIALS AND TECHNIQUES-MATERIALS-ROLE', 'MATERIALS AND TECHNIQUES-MATERIALS-ROLE', 1, 22, 0, 2, 'http://www.getty.edu/gri/standard/cdwa/', 1, 1, 1, 0, 0);
INSERT INTO SLStandardFields (StandardID,StandardName,StandardFieldID,StandardFieldName,StandardFieldDisplayName,StandardFieldType,StandardFieldDisplayOrder,StandardPickedField,LongString,FieldDescriptionURL,DataFieldSearchable,DisplayedInThumbnail,Sortable,IsDate,SelectListBehavior) VALUES ( 0, 'CDWA', 55, 'MATERIALS AND TECHNIQUES-MATERIALS-NAME', 'MATERIALS AND TECHNIQUES-MATERIALS-NAME', 1, 23, 0, 2, 'http://www.getty.edu/gri/standard/cdwa/', 1, 1, 1, 0, 0);
INSERT INTO SLStandardFields (StandardID,StandardName,StandardFieldID,StandardFieldName,StandardFieldDisplayName,StandardFieldType,StandardFieldDisplayOrder,StandardPickedField,LongString,FieldDescriptionURL,DataFieldSearchable,DisplayedInThumbnail,Sortable,IsDate,SelectListBehavior) VALUES ( 0, 'CDWA', 63, 'FACTURE', 'FACTURE', 1, 24, 0, 2, 'http://www.getty.edu/gri/standard/cdwa/', 1, 1, 1, 0, 0);
INSERT INTO SLStandardFields (StandardID,StandardName,StandardFieldID,StandardFieldName,StandardFieldDisplayName,StandardFieldType,StandardFieldDisplayOrder,StandardPickedField,LongString,FieldDescriptionURL,DataFieldSearchable,DisplayedInThumbnail,Sortable,IsDate,SelectListBehavior) VALUES ( 0, 'CDWA', 67, 'PHYSICAL DESCRIPTION', 'PHYSICAL DESCRIPTION', 1, 25, 0, 2, 'http://www.getty.edu/gri/standard/cdwa/', 1, 1, 1, 0, 0);
INSERT INTO SLStandardFields (StandardID,StandardName,StandardFieldID,StandardFieldName,StandardFieldDisplayName,StandardFieldType,StandardFieldDisplayOrder,StandardPickedField,LongString,FieldDescriptionURL,DataFieldSearchable,DisplayedInThumbnail,Sortable,IsDate,SelectListBehavior) VALUES ( 0, 'CDWA', 72, 'INSCRIPTIONS/MARKS', 'INSCRIPTIONS/MARKS', 1, 26, 0, 2, 'http://www.getty.edu/gri/standard/cdwa/', 1, 1, 1, 0, 0);
INSERT INTO SLStandardFields (StandardID,StandardName,StandardFieldID,StandardFieldName,StandardFieldDisplayName,StandardFieldType,StandardFieldDisplayOrder,StandardPickedField,LongString,FieldDescriptionURL,DataFieldSearchable,DisplayedInThumbnail,Sortable,IsDate,SelectListBehavior) VALUES ( 0, 'CDWA', 81, 'CONDITION/EXAMINATION HISTORY', 'CONDITION/EXAMINATION HISTORY', 1, 27, 0, 2, 'http://www.getty.edu/gri/standard/cdwa/', 1, 1, 1, 0, 0);
INSERT INTO SLStandardFields (StandardID,StandardName,StandardFieldID,StandardFieldName,StandardFieldDisplayName,StandardFieldType,StandardFieldDisplayOrder,StandardPickedField,LongString,FieldDescriptionURL,DataFieldSearchable,DisplayedInThumbnail,Sortable,IsDate,SelectListBehavior) VALUES ( 0, 'CDWA', 89, 'CONSERVATION/TREATMENT HISTORY', 'CONSERVATION/TREATMENT HISTORY', 1, 28, 0, 2, 'http://www.getty.edu/gri/standard/cdwa/', 1, 1, 1, 0, 0);
INSERT INTO SLStandardFields (StandardID,StandardName,StandardFieldID,StandardFieldName,StandardFieldDisplayName,StandardFieldType,StandardFieldDisplayOrder,StandardPickedField,LongString,FieldDescriptionURL,DataFieldSearchable,DisplayedInThumbnail,Sortable,IsDate,SelectListBehavior) VALUES ( 0, 'CDWA', 97, 'CREATION', 'CREATION', 1, 29, 0, 2, 'http://www.getty.edu/gri/standard/cdwa/', 1, 1, 1, 0, 0);
INSERT INTO SLStandardFields (StandardID,StandardName,StandardFieldID,StandardFieldName,StandardFieldDisplayName,StandardFieldType,StandardFieldDisplayOrder,StandardPickedField,LongString,FieldDescriptionURL,DataFieldSearchable,DisplayedInThumbnail,Sortable,IsDate,SelectListBehavior) VALUES ( 0, 'CDWA', 101, 'CREATION-CREATOR-IDENTITY', 'CREATION-CREATOR-IDENTITY', 1, 30, 0, 2, 'http://www.getty.edu/gri/standard/cdwa/', 1, 1, 1, 0, 0);
INSERT INTO SLStandardFields (StandardID,StandardName,StandardFieldID,StandardFieldName,StandardFieldDisplayName,StandardFieldType,StandardFieldDisplayOrder,StandardPickedField,LongString,FieldDescriptionURL,DataFieldSearchable,DisplayedInThumbnail,Sortable,IsDate,SelectListBehavior) VALUES ( 0, 'CDWA', 107, 'CREATION-CREATOR-IDENTITY-DATES', 'CREATION-CREATOR-IDENTITY-DATES', 1, 31, 0, 2, 'http://www.getty.edu/gri/standard/cdwa/', 1, 1, 1, 0, 0);
INSERT INTO SLStandardFields (StandardID,StandardName,StandardFieldID,StandardFieldName,StandardFieldDisplayName,StandardFieldType,StandardFieldDisplayOrder,StandardPickedField,LongString,FieldDescriptionURL,DataFieldSearchable,DisplayedInThumbnail,Sortable,IsDate,SelectListBehavior) VALUES ( 0, 'CDWA', 117, 'CREATION-CREATOR-ROLE', 'CREATION-CREATOR-ROLE', 1, 32, 0, 2, 'http://www.getty.edu/gri/standard/cdwa/', 1, 1, 1, 0, 0);
INSERT INTO SLStandardFields (StandardID,StandardName,StandardFieldID,StandardFieldName,StandardFieldDisplayName,StandardFieldType,StandardFieldDisplayOrder,StandardPickedField,LongString,FieldDescriptionURL,DataFieldSearchable,DisplayedInThumbnail,Sortable,IsDate,SelectListBehavior) VALUES ( 0, 'CDWA', 119, 'CREATION-DATE', 'CREATION-DATE', 1, 33, 0, 2, 'http://www.getty.edu/gri/standard/cdwa/', 1, 1, 1, 0, 0);
INSERT INTO SLStandardFields (StandardID,StandardName,StandardFieldID,StandardFieldName,StandardFieldDisplayName,StandardFieldType,StandardFieldDisplayOrder,StandardPickedField,LongString,FieldDescriptionURL,DataFieldSearchable,DisplayedInThumbnail,Sortable,IsDate,SelectListBehavior) VALUES ( 0, 'CDWA', 120, 'CREATION-DATE-EARLIEST DATE', 'CREATION-DATE-EARLIEST DATE', 1, 34, 0, 2, 'http://www.getty.edu/gri/standard/cdwa/', 1, 1, 1, 0, 0);
INSERT INTO SLStandardFields (StandardID,StandardName,StandardFieldID,StandardFieldName,StandardFieldDisplayName,StandardFieldType,StandardFieldDisplayOrder,StandardPickedField,LongString,FieldDescriptionURL,DataFieldSearchable,DisplayedInThumbnail,Sortable,IsDate,SelectListBehavior) VALUES ( 0, 'CDWA', 121, 'CREATION-DATE-LATEST DATE', 'CREATION-DATE-LATEST DATE', 1, 35, 0, 2, 'http://www.getty.edu/gri/standard/cdwa/', 1, 1, 1, 0, 0);
INSERT INTO SLStandardFields (StandardID,StandardName,StandardFieldID,StandardFieldName,StandardFieldDisplayName,StandardFieldType,StandardFieldDisplayOrder,StandardPickedField,LongString,FieldDescriptionURL,DataFieldSearchable,DisplayedInThumbnail,Sortable,IsDate,SelectListBehavior) VALUES ( 0, 'CDWA', 122, 'CREATION-PLACE/ORIGINAL LOCATION', 'CREATION-PLACE/ORIGINAL LOCATION', 1, 36, 0, 2, 'http://www.getty.edu/gri/standard/cdwa/', 1, 1, 1, 0, 0);
INSERT INTO SLStandardFields (StandardID,StandardName,StandardFieldID,StandardFieldName,StandardFieldDisplayName,StandardFieldType,StandardFieldDisplayOrder,StandardPickedField,LongString,FieldDescriptionURL,DataFieldSearchable,DisplayedInThumbnail,Sortable,IsDate,SelectListBehavior) VALUES ( 0, 'CDWA', 124, 'COCOCOCREATION-COMMISSION-COMMISSIONER', 'COCOCOCREATION-COMMISSION-COMMISSIONER', 1, 37, 0, 2, 'http://www.getty.edu/gri/standard/cdwa/', 1, 1, 1, 0, 0);
INSERT INTO SLStandardFields (StandardID,StandardName,StandardFieldID,StandardFieldName,StandardFieldDisplayName,StandardFieldType,StandardFieldDisplayOrder,StandardPickedField,LongString,FieldDescriptionURL,DataFieldSearchable,DisplayedInThumbnail,Sortable,IsDate,SelectListBehavior) VALUES ( 0, 'CDWA', 132, 'OWNERSHIP/COLLECTING HISTORY', 'OWNERSHIP/COLLECTING HISTORY', 1, 38, 0, 2, 'http://www.getty.edu/gri/standard/cdwa/', 1, 1, 1, 0, 0);
INSERT INTO SLStandardFields (StandardID,StandardName,StandardFieldID,StandardFieldName,StandardFieldDisplayName,StandardFieldType,StandardFieldDisplayOrder,StandardPickedField,LongString,FieldDescriptionURL,DataFieldSearchable,DisplayedInThumbnail,Sortable,IsDate,SelectListBehavior) VALUES ( 0, 'CDWA', 133, 'OWNERSHIP/COLLECTING HISTORY-DESCRIPTION', 'OWNERSHIP/COLLECTING HISTORY-DESCRIPTION', 1, 39, 0, 2, 'http://www.getty.edu/gri/standard/cdwa/', 1, 1, 1, 0, 0);
INSERT INTO SLStandardFields (StandardID,StandardName,StandardFieldID,StandardFieldName,StandardFieldDisplayName,StandardFieldType,StandardFieldDisplayOrder,StandardPickedField,LongString,FieldDescriptionURL,DataFieldSearchable,DisplayedInThumbnail,Sortable,IsDate,SelectListBehavior) VALUES ( 0, 'CDWA', 134, 'OWNERSHIP/COLLECTING HISTORY-TRANSFER MODE', 'OWNERSHIP/COLLECTING HISTORY-TRANSFER MODE', 1, 41, 0, 2, 'http://www.getty.edu/gri/standard/cdwa/', 1, 1, 1, 0, 0);
INSERT INTO SLStandardFields (StandardID,StandardName,StandardFieldID,StandardFieldName,StandardFieldDisplayName,StandardFieldType,StandardFieldDisplayOrder,StandardPickedField,LongString,FieldDescriptionURL,DataFieldSearchable,DisplayedInThumbnail,Sortable,IsDate,SelectListBehavior) VALUES ( 0, 'CDWA', 142, 'OWNERSHIP/COLLECTING HISTORY-CREDIT LINE', 'OWNERSHIP/COLLECTING HISTORY-CREDIT LINE', 1, 42, 0, 2, 'http://www.getty.edu/gri/standard/cdwa/', 1, 1, 1, 0, 0);
INSERT INTO SLStandardFields (StandardID,StandardName,StandardFieldID,StandardFieldName,StandardFieldDisplayName,StandardFieldType,StandardFieldDisplayOrder,StandardPickedField,LongString,FieldDescriptionURL,DataFieldSearchable,DisplayedInThumbnail,Sortable,IsDate,SelectListBehavior) VALUES ( 0, 'CDWA', 145, 'COPYRIGHT/RESTRICTIONS', 'COPYRIGHT/RESTRICTIONS', 1, 43, 0, 2, 'http://www.getty.edu/gri/standard/cdwa/', 1, 1, 1, 0, 0);
INSERT INTO SLStandardFields (StandardID,StandardName,StandardFieldID,StandardFieldName,StandardFieldDisplayName,StandardFieldType,StandardFieldDisplayOrder,StandardPickedField,LongString,FieldDescriptionURL,DataFieldSearchable,DisplayedInThumbnail,Sortable,IsDate,SelectListBehavior) VALUES ( 0, 'CDWA', 152, 'STYLES/PERIODS/ GROUPS/MOVEMENTS', 'STYLES/PERIODS/ GROUPS/MOVEMENTS', 1, 44, 0, 2, 'http://www.getty.edu/gri/standard/cdwa/', 1, 1, 1, 0, 0);
INSERT INTO SLStandardFields (StandardID,StandardName,StandardFieldID,StandardFieldName,StandardFieldDisplayName,StandardFieldType,StandardFieldDisplayOrder,StandardPickedField,LongString,FieldDescriptionURL,DataFieldSearchable,DisplayedInThumbnail,Sortable,IsDate,SelectListBehavior) VALUES ( 0, 'CDWA', 157, 'SUBJECT MATTER', 'SUBJECT MATTER', 1, 45, 0, 2, 'http://www.getty.edu/gri/standard/cdwa/', 1, 1, 1, 0, 0);
INSERT INTO SLStandardFields (StandardID,StandardName,StandardFieldID,StandardFieldName,StandardFieldDisplayName,StandardFieldType,StandardFieldDisplayOrder,StandardPickedField,LongString,FieldDescriptionURL,DataFieldSearchable,DisplayedInThumbnail,Sortable,IsDate,SelectListBehavior) VALUES ( 0, 'CDWA', 158, 'SUBJECT MATTER-DESCRIPTION', 'SUBJECT MATTER-DESCRIPTION', 1, 46, 0, 2, 'http://www.getty.edu/gri/standard/cdwa/', 1, 1, 1, 0, 0);
INSERT INTO SLStandardFields (StandardID,StandardName,StandardFieldID,StandardFieldName,StandardFieldDisplayName,StandardFieldType,StandardFieldDisplayOrder,StandardPickedField,LongString,FieldDescriptionURL,DataFieldSearchable,DisplayedInThumbnail,Sortable,IsDate,SelectListBehavior) VALUES ( 0, 'CDWA', 159, 'SUBJECT MATTER-DESCRIPTION-INDEXING TERMS', 'SUBJECT MATTER-DESCRIPTION-INDEXING TERMS', 1, 47, 0, 2, 'http://www.getty.edu/gri/standard/cdwa/', 1, 1, 1, 0, 0);
INSERT INTO SLStandardFields (StandardID,StandardName,StandardFieldID,StandardFieldName,StandardFieldDisplayName,StandardFieldType,StandardFieldDisplayOrder,StandardPickedField,LongString,FieldDescriptionURL,DataFieldSearchable,DisplayedInThumbnail,Sortable,IsDate,SelectListBehavior) VALUES ( 0, 'CDWA', 161, 'SUBJECT MATTER-IDENTIFICATION-INDEX TERMS', 'SUBJECT MATTER-IDENTIFICATION-INDEX TERMS', 1, 48, 0, 2, 'http://www.getty.edu/gri/standard/cdwa/', 1, 1, 1, 0, 0);
INSERT INTO SLStandardFields (StandardID,StandardName,StandardFieldID,StandardFieldName,StandardFieldDisplayName,StandardFieldType,StandardFieldDisplayOrder,StandardPickedField,LongString,FieldDescriptionURL,DataFieldSearchable,DisplayedInThumbnail,Sortable,IsDate,SelectListBehavior) VALUES ( 0, 'CDWA', 163, 'SUBJECT MATTER-INTERPRETATION-INDEXING TERMS', 'SUBJECT MATTER-INTERPRETATION-INDEXING TERMS', 1, 49, 0, 2, 'http://www.getty.edu/gri/standard/cdwa/', 1, 1, 1, 0, 0);
INSERT INTO SLStandardFields (StandardID,StandardName,StandardFieldID,StandardFieldName,StandardFieldDisplayName,StandardFieldType,StandardFieldDisplayOrder,StandardPickedField,LongString,FieldDescriptionURL,DataFieldSearchable,DisplayedInThumbnail,Sortable,IsDate,SelectListBehavior) VALUES ( 0, 'CDWA', 167, 'CONTEXT', 'CONTEXT', 1, 50, 0, 2, 'http://www.getty.edu/gri/standard/cdwa/', 1, 1, 1, 0, 0);
INSERT INTO SLStandardFields (StandardID,StandardName,StandardFieldID,StandardFieldName,StandardFieldDisplayName,StandardFieldType,StandardFieldDisplayOrder,StandardPickedField,LongString,FieldDescriptionURL,DataFieldSearchable,DisplayedInThumbnail,Sortable,IsDate,SelectListBehavior) VALUES ( 0, 'CDWA', 168, 'CONTEXT-HISTORICAL/CULTURAL', 'CONTEXT-HISTORICAL/CULTURAL', 1, 52, 0, 2, 'http://www.getty.edu/gri/standard/cdwa/', 1, 1, 1, 0, 0);
INSERT INTO SLStandardFields (StandardID,StandardName,StandardFieldID,StandardFieldName,StandardFieldDisplayName,StandardFieldType,StandardFieldDisplayOrder,StandardPickedField,LongString,FieldDescriptionURL,DataFieldSearchable,DisplayedInThumbnail,Sortable,IsDate,SelectListBehavior) VALUES ( 0, 'CDWA', 177, 'CONTEXT-ARCHITECTURAL', 'CONTEXT-ARCHITECTURAL', 1, 51, 0, 2, 'http://www.getty.edu/gri/standard/cdwa/', 1, 1, 1, 0, 0);
INSERT INTO SLStandardFields (StandardID,StandardName,StandardFieldID,StandardFieldName,StandardFieldDisplayName,StandardFieldType,StandardFieldDisplayOrder,StandardPickedField,LongString,FieldDescriptionURL,DataFieldSearchable,DisplayedInThumbnail,Sortable,IsDate,SelectListBehavior) VALUES ( 0, 'CDWA', 185, 'CONTEXT-ARCHAEOLOGICAL', 'CONTEXT-ARCHAEOLOGICAL', 1, 53, 0, 2, 'http://www.getty.edu/gri/standard/cdwa/', 1, 1, 1, 0, 0);
INSERT INTO SLStandardFields (StandardID,StandardName,StandardFieldID,StandardFieldName,StandardFieldDisplayName,StandardFieldType,StandardFieldDisplayOrder,StandardPickedField,LongString,FieldDescriptionURL,DataFieldSearchable,DisplayedInThumbnail,Sortable,IsDate,SelectListBehavior) VALUES ( 0, 'CDWA', 194, 'EXHIBITION/LOAN HISTORY', 'EXHIBITION/LOAN HISTORY', 1, 54, 0, 2, 'http://www.getty.edu/gri/standard/cdwa/', 1, 1, 1, 0, 0);
INSERT INTO SLStandardFields (StandardID,StandardName,StandardFieldID,StandardFieldName,StandardFieldDisplayName,StandardFieldType,StandardFieldDisplayOrder,StandardPickedField,LongString,FieldDescriptionURL,DataFieldSearchable,DisplayedInThumbnail,Sortable,IsDate,SelectListBehavior) VALUES ( 0, 'CDWA', 207, 'RELATED WORKS', 'RELATED WORKS', 1, 55, 0, 2, 'http://www.getty.edu/gri/standard/cdwa/', 1, 1, 1, 0, 0);
INSERT INTO SLStandardFields (StandardID,StandardName,StandardFieldID,StandardFieldName,StandardFieldDisplayName,StandardFieldType,StandardFieldDisplayOrder,StandardPickedField,LongString,FieldDescriptionURL,DataFieldSearchable,DisplayedInThumbnail,Sortable,IsDate,SelectListBehavior) VALUES ( 0, 'CDWA', 208, 'RELATED WORKS-RELATIONSHIP TYPE', 'RELATED WORKS-RELATIONSHIP TYPE', 1, 56, 0, 2, 'http://www.getty.edu/gri/standard/cdwa/', 1, 1, 1, 0, 0);
INSERT INTO SLStandardFields (StandardID,StandardName,StandardFieldID,StandardFieldName,StandardFieldDisplayName,StandardFieldType,StandardFieldDisplayOrder,StandardPickedField,LongString,FieldDescriptionURL,DataFieldSearchable,DisplayedInThumbnail,Sortable,IsDate,SelectListBehavior) VALUES ( 0, 'CDWA', 209, 'RELATED WORKS-IDENTIFICATION', 'RELATED WORKS-IDENTIFICATION', 1, 57, 0, 2, 'http://www.getty.edu/gri/standard/cdwa/', 1, 1, 1, 0, 0);
INSERT INTO SLStandardFields (StandardID,StandardName,StandardFieldID,StandardFieldName,StandardFieldDisplayName,StandardFieldType,StandardFieldDisplayOrder,StandardPickedField,LongString,FieldDescriptionURL,DataFieldSearchable,DisplayedInThumbnail,Sortable,IsDate,SelectListBehavior) VALUES ( 0, 'CDWA', 237, 'RELATED VISUAL DOCUMENTATION', 'RELATED VISUAL DOCUMENTATION', 1, 58, 0, 2, 'http://www.getty.edu/gri/standard/cdwa/', 1, 1, 1, 0, 0);
INSERT INTO SLStandardFields (StandardID,StandardName,StandardFieldID,StandardFieldName,StandardFieldDisplayName,StandardFieldType,StandardFieldDisplayOrder,StandardPickedField,LongString,FieldDescriptionURL,DataFieldSearchable,DisplayedInThumbnail,Sortable,IsDate,SelectListBehavior) VALUES ( 0, 'CDWA', 238, 'RELATED VISUAL DOCUMENTATION-RELATIONSHIP TYPE', 'RELATED VISUAL DOCUMENTATION-RELATIONSHIP TYPE', 1, 59, 0, 2, 'http://www.getty.edu/gri/standard/cdwa/', 1, 1, 1, 0, 0);
INSERT INTO SLStandardFields (StandardID,StandardName,StandardFieldID,StandardFieldName,StandardFieldDisplayName,StandardFieldType,StandardFieldDisplayOrder,StandardPickedField,LongString,FieldDescriptionURL,DataFieldSearchable,DisplayedInThumbnail,Sortable,IsDate,SelectListBehavior) VALUES ( 0, 'CDWA', 239, 'RELATED VISUAL DOCUMENTATION-IMAGE TYPE', 'RELATED VISUAL DOCUMENTATION-IMAGE TYPE', 1, 60, 0, 2, 'http://www.getty.edu/gri/standard/cdwa/', 1, 1, 1, 0, 0);
INSERT INTO SLStandardFields (StandardID,StandardName,StandardFieldID,StandardFieldName,StandardFieldDisplayName,StandardFieldType,StandardFieldDisplayOrder,StandardPickedField,LongString,FieldDescriptionURL,DataFieldSearchable,DisplayedInThumbnail,Sortable,IsDate,SelectListBehavior) VALUES ( 0, 'CDWA', 240, 'RELATED VISUAL DOCUMENTATION-IMAGE MEASUREMENTS', 'RELATED VISUAL DOCUMENTATION-IMAGE MEASUREMENTS', 1, 61, 0, 2, 'http://www.getty.edu/gri/standard/cdwa/', 1, 1, 1, 0, 0);
INSERT INTO SLStandardFields (StandardID,StandardName,StandardFieldID,StandardFieldName,StandardFieldDisplayName,StandardFieldType,StandardFieldDisplayOrder,StandardPickedField,LongString,FieldDescriptionURL,DataFieldSearchable,DisplayedInThumbnail,Sortable,IsDate,SelectListBehavior) VALUES ( 0, 'CDWA', 251, 'RELATED VISUAL DOCUMENTATION-IMAGE FORMAT', 'RELATED VISUAL DOCUMENTATION-IMAGE FORMAT', 1, 62, 0, 2, 'http://www.getty.edu/gri/standard/cdwa/', 1, 1, 1, 0, 0);
INSERT INTO SLStandardFields (StandardID,StandardName,StandardFieldID,StandardFieldName,StandardFieldDisplayName,StandardFieldType,StandardFieldDisplayOrder,StandardPickedField,LongString,FieldDescriptionURL,DataFieldSearchable,DisplayedInThumbnail,Sortable,IsDate,SelectListBehavior) VALUES ( 0, 'CDWA', 255, 'RELATED VISUAL DOCUMENTATION IMAGE OWNERSHIP-OWNER''S NAME', 'RELATED VISUAL DOCUMENTATION-IMAGE OWNERSHIP-OWNER''S NAME', 1, 64, 0, 2, 'http://www.getty.edu/gri/standard/cdwa/', 1, 1, 1, 0, 0);
INSERT INTO SLStandardFields (StandardID,StandardName,StandardFieldID,StandardFieldName,StandardFieldDisplayName,StandardFieldType,StandardFieldDisplayOrder,StandardPickedField,LongString,FieldDescriptionURL,DataFieldSearchable,DisplayedInThumbnail,Sortable,IsDate,SelectListBehavior) VALUES ( 0, 'CDWA', 256, 'RELATED VISUAL DOCUMENTATION-REMARKS', 'RELATED VISUAL DOCUMENTATION-REMARKS', 1, 70, 0, 2, 'http://www.getty.edu/gri/standard/cdwa/', 1, 1, 1, 0, 0);
INSERT INTO SLStandardFields (StandardID,StandardName,StandardFieldID,StandardFieldName,StandardFieldDisplayName,StandardFieldType,StandardFieldDisplayOrder,StandardPickedField,LongString,FieldDescriptionURL,DataFieldSearchable,DisplayedInThumbnail,Sortable,IsDate,SelectListBehavior) VALUES ( 0, 'CDWA', 257, 'RELATED VISUAL DOCUMENTATION-VIEW', 'RELATED VISUAL DOCUMENTATION-VIEW', 1, 66, 0, 2, 'http://www.getty.edu/gri/standard/cdwa/', 1, 1, 1, 0, 0);
INSERT INTO SLStandardFields (StandardID,StandardName,StandardFieldID,StandardFieldName,StandardFieldDisplayName,StandardFieldType,StandardFieldDisplayOrder,StandardPickedField,LongString,FieldDescriptionURL,DataFieldSearchable,DisplayedInThumbnail,Sortable,IsDate,SelectListBehavior) VALUES ( 0, 'CDWA', 258, 'RELATED TEXTUAL REFERENCES', 'RELATED TEXTUAL REFERENCES', 1, 71, 0, 2, 'http://www.getty.edu/gri/standard/cdwa/', 1, 1, 1, 0, 0);
INSERT INTO SLStandardFields (StandardID,StandardName,StandardFieldID,StandardFieldName,StandardFieldDisplayName,StandardFieldType,StandardFieldDisplayOrder,StandardPickedField,LongString,FieldDescriptionURL,DataFieldSearchable,DisplayedInThumbnail,Sortable,IsDate,SelectListBehavior) VALUES ( 0, 'CDWA', 259, 'RELATED TEXTUAL REFERENCES-IDENTIFICATION', 'RELATED TEXTUAL REFERENCES-IDENTIFICATION', 1, 72, 0, 2, 'http://www.getty.edu/gri/standard/cdwa/', 1, 1, 1, 0, 0);
INSERT INTO SLStandardFields (StandardID,StandardName,StandardFieldID,StandardFieldName,StandardFieldDisplayName,StandardFieldType,StandardFieldDisplayOrder,StandardPickedField,LongString,FieldDescriptionURL,DataFieldSearchable,DisplayedInThumbnail,Sortable,IsDate,SelectListBehavior) VALUES ( 0, 'CDWA', 260, 'RELATED TEXTUAL REFERENCES-TYPE', 'RELATED TEXTUAL REFERENCES-TYPE', 1, 73, 0, 2, 'http://www.getty.edu/gri/standard/cdwa/', 1, 1, 1, 0, 0);
INSERT INTO SLStandardFields (StandardID,StandardName,StandardFieldID,StandardFieldName,StandardFieldDisplayName,StandardFieldType,StandardFieldDisplayOrder,StandardPickedField,LongString,FieldDescriptionURL,DataFieldSearchable,DisplayedInThumbnail,Sortable,IsDate,SelectListBehavior) VALUES ( 0, 'CDWA', 261, 'RELATED VISUAL DOCUMENTATION-VIEW-INDEXING TERMS', 'RELATED VISUAL DOCUMENTATION-VIEW-INDEXING TERMS', 1, 67, 0, 2, 'http://www.getty.edu/gri/standard/cdwa/', 1, 1, 1, 0, 0);
INSERT INTO SLStandardFields (StandardID,StandardName,StandardFieldID,StandardFieldName,StandardFieldDisplayName,StandardFieldType,StandardFieldDisplayOrder,StandardPickedField,LongString,FieldDescriptionURL,DataFieldSearchable,DisplayedInThumbnail,Sortable,IsDate,SelectListBehavior) VALUES ( 0, 'CDWA', 262, 'RELATED TEXTUAL REFERENCES-WORK ILLUSTRATED', 'RELATED TEXTUAL REFERENCES-WORK ILLUSTRATED', 1, 74, 0, 2, 'http://www.getty.edu/gri/standard/cdwa/', 1, 1, 1, 0, 0);
INSERT INTO SLStandardFields (StandardID,StandardName,StandardFieldID,StandardFieldName,StandardFieldDisplayName,StandardFieldType,StandardFieldDisplayOrder,StandardPickedField,LongString,FieldDescriptionURL,DataFieldSearchable,DisplayedInThumbnail,Sortable,IsDate,SelectListBehavior) VALUES ( 0, 'CDWA', 263, 'RELATED VISUAL DOCUMENTATION-IMAGE SOURCE-NAME', 'RELATED VISUAL DOCUMENTATION-IMAGE SOURCE-NAME', 1, 68, 0, 2, 'http://www.getty.edu/gri/standard/cdwa/', 1, 1, 1, 0, 0);
INSERT INTO SLStandardFields (StandardID,StandardName,StandardFieldID,StandardFieldName,StandardFieldDisplayName,StandardFieldType,StandardFieldDisplayOrder,StandardPickedField,LongString,FieldDescriptionURL,DataFieldSearchable,DisplayedInThumbnail,Sortable,IsDate,SelectListBehavior) VALUES ( 0, 'CDWA', 265, 'CRITICAL REPONSES', 'CRITICAL REPONSES', 1, 75, 0, 2, 'http://www.getty.edu/gri/standard/cdwa/', 1, 1, 1, 0, 0);
INSERT INTO SLStandardFields (StandardID,StandardName,StandardFieldID,StandardFieldName,StandardFieldDisplayName,StandardFieldType,StandardFieldDisplayOrder,StandardPickedField,LongString,FieldDescriptionURL,DataFieldSearchable,DisplayedInThumbnail,Sortable,IsDate,SelectListBehavior) VALUES ( 0, 'CDWA', 266, 'RELATED VISUAL DOCUMENTATION-IMAGE SOURCE-NUMBER', 'RELATED VISUAL DOCUMENTATION-IMAGE SOURCE-NUMBER', 1, 69, 0, 2, 'http://www.getty.edu/gri/standard/cdwa/', 1, 1, 1, 0, 0);
INSERT INTO SLStandardFields (StandardID,StandardName,StandardFieldID,StandardFieldName,StandardFieldDisplayName,StandardFieldType,StandardFieldDisplayOrder,StandardPickedField,LongString,FieldDescriptionURL,DataFieldSearchable,DisplayedInThumbnail,Sortable,IsDate,SelectListBehavior) VALUES ( 0, 'CDWA', 273, 'CATALOGING HISTORY', 'CATALOGING HISTORY', 1, 76, 0, 2, 'http://www.getty.edu/gri/standard/cdwa/', 1, 1, 1, 0, 0);
INSERT INTO SLStandardFields (StandardID,StandardName,StandardFieldID,StandardFieldName,StandardFieldDisplayName,StandardFieldType,StandardFieldDisplayOrder,StandardPickedField,LongString,FieldDescriptionURL,DataFieldSearchable,DisplayedInThumbnail,Sortable,IsDate,SelectListBehavior) VALUES ( 0, 'CDWA', 274, 'CATALOGING HISTORY-LANGUAGE', 'CATALOGING HISTORY-LANGUAGE', 1, 77, 0, 2, 'http://www.getty.edu/gri/standard/cdwa/', 1, 1, 1, 0, 0);
INSERT INTO SLStandardFields (StandardID,StandardName,StandardFieldID,StandardFieldName,StandardFieldDisplayName,StandardFieldType,StandardFieldDisplayOrder,StandardPickedField,LongString,FieldDescriptionURL,DataFieldSearchable,DisplayedInThumbnail,Sortable,IsDate,SelectListBehavior) VALUES ( 0, 'CDWA', 277, 'CATALOGING HISTORY-REMARKS', 'CATALOGING HISTORY-REMARKS', 1, 78, 0, 2, 'http://www.getty.edu/gri/standard/cdwa/', 1, 1, 1, 0, 0);
INSERT INTO SLStandardFields (StandardID,StandardName,StandardFieldID,StandardFieldName,StandardFieldDisplayName,StandardFieldType,StandardFieldDisplayOrder,StandardPickedField,LongString,FieldDescriptionURL,DataFieldSearchable,DisplayedInThumbnail,Sortable,IsDate,SelectListBehavior) VALUES ( 0, 'CDWA', 278, 'CURRENT LOCATION', 'CURRENT LOCATION', 1, 79, 0, 2, 'http://www.getty.edu/gri/standard/cdwa/', 1, 1, 1, 0, 0);
INSERT INTO SLStandardFields (StandardID,StandardName,StandardFieldID,StandardFieldName,StandardFieldDisplayName,StandardFieldType,StandardFieldDisplayOrder,StandardPickedField,LongString,FieldDescriptionURL,DataFieldSearchable,DisplayedInThumbnail,Sortable,IsDate,SelectListBehavior) VALUES ( 0, 'CDWA', 279, 'CURRENT LOCATION-REPOSITORY NAME', 'CURRENT LOCATION-REPOSITORY NAME', 1, 80, 0, 2, 'http://www.getty.edu/gri/standard/cdwa/', 1, 1, 1, 0, 0);
INSERT INTO SLStandardFields (StandardID,StandardName,StandardFieldID,StandardFieldName,StandardFieldDisplayName,StandardFieldType,StandardFieldDisplayOrder,StandardPickedField,LongString,FieldDescriptionURL,DataFieldSearchable,DisplayedInThumbnail,Sortable,IsDate,SelectListBehavior) VALUES ( 0, 'CDWA', 280, 'CURRENT LOCATION-GEOGRAPHIC LOCATION', 'CURRENT LOCATION-GEOGRAPHIC LOCATION', 1, 81, 0, 2, 'http://www.getty.edu/gri/standard/cdwa/', 1, 1, 1, 0, 0);
INSERT INTO SLStandardFields (StandardID,StandardName,StandardFieldID,StandardFieldName,StandardFieldDisplayName,StandardFieldType,StandardFieldDisplayOrder,StandardPickedField,LongString,FieldDescriptionURL,DataFieldSearchable,DisplayedInThumbnail,Sortable,IsDate,SelectListBehavior) VALUES ( 0, 'CDWA', 281, 'CURRENT LOCATION-REPOSITORY NUMBER', 'CURRENT LOCATION-REPOSITORY NUMBER', 1, 82, 0, 2, 'http://www.getty.edu/gri/standard/cdwa/', 1, 1, 1, 0, 0);
INSERT INTO SLStandardFields (StandardID,StandardName,StandardFieldID,StandardFieldName,StandardFieldDisplayName,StandardFieldType,StandardFieldDisplayOrder,StandardPickedField,LongString,FieldDescriptionURL,DataFieldSearchable,DisplayedInThumbnail,Sortable,IsDate,SelectListBehavior) VALUES ( 0, 'CDWA', 284, 'DESCRIPTIVE NOTE', 'DESCRIPTIVE NOTE', 1, 83, 0, 2, 'http://www.getty.edu/gri/standard/cdwa/', 1, 1, 1, 0, 0);
INSERT INTO SLStandardFields (StandardID,StandardName,StandardFieldID,StandardFieldName,StandardFieldDisplayName,StandardFieldType,StandardFieldDisplayOrder,StandardPickedField,LongString,FieldDescriptionURL,DataFieldSearchable,DisplayedInThumbnail,Sortable,IsDate,SelectListBehavior) VALUES ( 0, 'CDWA', 285, 'AUTHORITIES', 'AUTHORITIES', 1, 84, 0, 2, 'http://www.getty.edu/gri/standard/cdwa/', 1, 1, 1, 0, 0);
INSERT INTO SLStandardFields (StandardID,StandardName,StandardFieldID,StandardFieldName,StandardFieldDisplayName,StandardFieldType,StandardFieldDisplayOrder,StandardPickedField,LongString,FieldDescriptionURL,DataFieldSearchable,DisplayedInThumbnail,Sortable,IsDate,SelectListBehavior) VALUES ( 0, 'CDWA', 286, 'CREATOR IDENTIFICATION', 'CREATOR IDENTIFICATION', 1, 85, 0, 2, 'http://www.getty.edu/gri/standard/cdwa/', 1, 1, 1, 0, 0);
INSERT INTO SLStandardFields (StandardID,StandardName,StandardFieldID,StandardFieldName,StandardFieldDisplayName,StandardFieldType,StandardFieldDisplayOrder,StandardPickedField,LongString,FieldDescriptionURL,DataFieldSearchable,DisplayedInThumbnail,Sortable,IsDate,SelectListBehavior) VALUES ( 0, 'CDWA', 287, 'CREATOR-IDENTIFICATION-NAME', 'CREATOR-IDENTIFICATION-NAME', 1, 86, 0, 2, 'http://www.getty.edu/gri/standard/cdwa/', 1, 1, 1, 0, 0);
INSERT INTO SLStandardFields (StandardID,StandardName,StandardFieldID,StandardFieldName,StandardFieldDisplayName,StandardFieldType,StandardFieldDisplayOrder,StandardPickedField,LongString,FieldDescriptionURL,DataFieldSearchable,DisplayedInThumbnail,Sortable,IsDate,SelectListBehavior) VALUES ( 0, 'CDWA', 288, 'CREATOR-IDENTIFICATION-DATES', 'CREATOR-IDENTIFICATION-DATES', 1, 87, 0, 2, 'http://www.getty.edu/gri/standard/cdwa/', 1, 1, 1, 0, 0);
INSERT INTO SLStandardFields (StandardID,StandardName,StandardFieldID,StandardFieldName,StandardFieldDisplayName,StandardFieldType,StandardFieldDisplayOrder,StandardPickedField,LongString,FieldDescriptionURL,DataFieldSearchable,DisplayedInThumbnail,Sortable,IsDate,SelectListBehavior) VALUES ( 0, 'CDWA', 289, 'CREATOR-IDENTIFICATION-DATES/LOCATION-BIRTH DATE', 'CREATOR-IDENTIFICATION-DATES/LOCATION-BIRTH DATE', 1, 88, 0, 2, 'http://www.getty.edu/gri/standard/cdwa/', 1, 1, 1, 0, 0);
INSERT INTO SLStandardFields (StandardID,StandardName,StandardFieldID,StandardFieldName,StandardFieldDisplayName,StandardFieldType,StandardFieldDisplayOrder,StandardPickedField,LongString,FieldDescriptionURL,DataFieldSearchable,DisplayedInThumbnail,Sortable,IsDate,SelectListBehavior) VALUES ( 0, 'CDWA', 290, 'CREATOR-IDENTIFICATION-DATES/LOCATION-DEATH DATE', 'CREATOR-IDENTIFICATION-DATES/LOCATION-DEATH DATE', 1, 89, 0, 2, 'http://www.getty.edu/gri/standard/cdwa/', 1, 1, 1, 0, 0);
INSERT INTO SLStandardFields (StandardID,StandardName,StandardFieldID,StandardFieldName,StandardFieldDisplayName,StandardFieldType,StandardFieldDisplayOrder,StandardPickedField,LongString,FieldDescriptionURL,DataFieldSearchable,DisplayedInThumbnail,Sortable,IsDate,SelectListBehavior) VALUES ( 0, 'CDWA', 291, 'CREATOR-IDENTIFICATION-NATIONALITY/ CULTURE/ RACE', 'CREATOR-IDENTIFICATION-NATIONALITY/ CULTURE/ RACE', 1, 90, 0, 2, 'http://www.getty.edu/gri/standard/cdwa/', 1, 1, 1, 0, 0);
INSERT INTO SLStandardFields (StandardID,StandardName,StandardFieldID,StandardFieldName,StandardFieldDisplayName,StandardFieldType,StandardFieldDisplayOrder,StandardPickedField,LongString,FieldDescriptionURL,DataFieldSearchable,DisplayedInThumbnail,Sortable,IsDate,SelectListBehavior) VALUES ( 1, 'ObjectID', 1, 'Type of Object', 'Type of Object', 1, 1, 0, 2, 'http://www.object-id.com/', 1, 1, 1, NULL, 0);
INSERT INTO SLStandardFields (StandardID,StandardName,StandardFieldID,StandardFieldName,StandardFieldDisplayName,StandardFieldType,StandardFieldDisplayOrder,StandardPickedField,LongString,FieldDescriptionURL,DataFieldSearchable,DisplayedInThumbnail,Sortable,IsDate,SelectListBehavior) VALUES ( 1, 'ObjectID', 2, 'Materials and Techniques', 'Materials and Techniques', 1, 4, 0, 2, 'http://www.object-id.com/', 1, 1, 1, 0, 0);
INSERT INTO SLStandardFields (StandardID,StandardName,StandardFieldID,StandardFieldName,StandardFieldDisplayName,StandardFieldType,StandardFieldDisplayOrder,StandardPickedField,LongString,FieldDescriptionURL,DataFieldSearchable,DisplayedInThumbnail,Sortable,IsDate,SelectListBehavior) VALUES ( 1, 'ObjectID', 3, 'Measurements', 'Measurements', 1, 3, 0, 2, 'http://www.object-id.com/', 1, 1, 1, NULL, 0);
INSERT INTO SLStandardFields (StandardID,StandardName,StandardFieldID,StandardFieldName,StandardFieldDisplayName,StandardFieldType,StandardFieldDisplayOrder,StandardPickedField,LongString,FieldDescriptionURL,DataFieldSearchable,DisplayedInThumbnail,Sortable,IsDate,SelectListBehavior) VALUES ( 1, 'ObjectID', 4, 'Inscriptions and Markings', 'Inscriptions and Markings', 1, 6, 0, 2, 'http://www.object-id.com/', 1, 1, 1, 0, 0);
INSERT INTO SLStandardFields (StandardID,StandardName,StandardFieldID,StandardFieldName,StandardFieldDisplayName,StandardFieldType,StandardFieldDisplayOrder,StandardPickedField,LongString,FieldDescriptionURL,DataFieldSearchable,DisplayedInThumbnail,Sortable,IsDate,SelectListBehavior) VALUES ( 1, 'ObjectID', 5, 'Distinguishing Features', 'Distinguishing Features', 1, 5, 0, 2, 'http://www.object-id.com/', 1, 1, 1, NULL, 0);
INSERT INTO SLStandardFields (StandardID,StandardName,StandardFieldID,StandardFieldName,StandardFieldDisplayName,StandardFieldType,StandardFieldDisplayOrder,StandardPickedField,LongString,FieldDescriptionURL,DataFieldSearchable,DisplayedInThumbnail,Sortable,IsDate,SelectListBehavior) VALUES ( 1, 'ObjectID', 6, 'Title', 'Title', 1, 2, 0, 2, 'http://www.object-id.com/', 1, 1, 1, 0, 0);
INSERT INTO SLStandardFields (StandardID,StandardName,StandardFieldID,StandardFieldName,StandardFieldDisplayName,StandardFieldType,StandardFieldDisplayOrder,StandardPickedField,LongString,FieldDescriptionURL,DataFieldSearchable,DisplayedInThumbnail,Sortable,IsDate,SelectListBehavior) VALUES ( 1, 'ObjectID', 7, 'Subject', 'Subject', 1, 9, 0, 2, 'http://www.object-id.com/', 1, 1, 1, 0, 0);
INSERT INTO SLStandardFields (StandardID,StandardName,StandardFieldID,StandardFieldName,StandardFieldDisplayName,StandardFieldType,StandardFieldDisplayOrder,StandardPickedField,LongString,FieldDescriptionURL,DataFieldSearchable,DisplayedInThumbnail,Sortable,IsDate,SelectListBehavior) VALUES ( 1, 'ObjectID', 8, 'Date or Period', 'Date or Period', 1, 8, 0, 2, 'http://www.object-id.com/', 1, 1, 1, 0, 0);
INSERT INTO SLStandardFields (StandardID,StandardName,StandardFieldID,StandardFieldName,StandardFieldDisplayName,StandardFieldType,StandardFieldDisplayOrder,StandardPickedField,LongString,FieldDescriptionURL,DataFieldSearchable,DisplayedInThumbnail,Sortable,IsDate,SelectListBehavior) VALUES ( 1, 'ObjectID', 9, 'Maker', 'Maker', 1, 7, 0, 2, 'http://www.object-id.com/', 1, 1, 1, 0, 0);
INSERT INTO SLStandardFields (StandardID,StandardName,StandardFieldID,StandardFieldName,StandardFieldDisplayName,StandardFieldType,StandardFieldDisplayOrder,StandardPickedField,LongString,FieldDescriptionURL,DataFieldSearchable,DisplayedInThumbnail,Sortable,IsDate,SelectListBehavior) VALUES ( 1, 'ObjectID', 10, 'Description', 'Description', 1, 10, 0, 2, 'http://www.object-id.com/', 1, 1, 1, NULL, 0);
INSERT INTO SLStandardFields (StandardID,StandardName,StandardFieldID,StandardFieldName,StandardFieldDisplayName,StandardFieldType,StandardFieldDisplayOrder,StandardPickedField,LongString,FieldDescriptionURL,DataFieldSearchable,DisplayedInThumbnail,Sortable,IsDate,SelectListBehavior) VALUES ( 2, 'DublinCore', 1, 'Type', 'Type', 1, 1, 0, 2, 'http://www.dublincore.org/', 1, 1, 1, 0, 0);
INSERT INTO SLStandardFields (StandardID,StandardName,StandardFieldID,StandardFieldName,StandardFieldDisplayName,StandardFieldType,StandardFieldDisplayOrder,StandardPickedField,LongString,FieldDescriptionURL,DataFieldSearchable,DisplayedInThumbnail,Sortable,IsDate,SelectListBehavior) VALUES ( 2, 'DublinCore', 2, 'Format.Extent', 'Format Extent', 1, 2, 0, 2, 'http://www.dublincore.org/', 1, 1, 1, 0, 0);
INSERT INTO SLStandardFields (StandardID,StandardName,StandardFieldID,StandardFieldName,StandardFieldDisplayName,StandardFieldType,StandardFieldDisplayOrder,StandardPickedField,LongString,FieldDescriptionURL,DataFieldSearchable,DisplayedInThumbnail,Sortable,IsDate,SelectListBehavior) VALUES ( 2, 'DublinCore', 3, 'Title', 'Title', 1, 5, 0, 2, 'http://www.dublincore.org/', 1, 1, 1, 0, 0);
INSERT INTO SLStandardFields (StandardID,StandardName,StandardFieldID,StandardFieldName,StandardFieldDisplayName,StandardFieldType,StandardFieldDisplayOrder,StandardPickedField,LongString,FieldDescriptionURL,DataFieldSearchable,DisplayedInThumbnail,Sortable,IsDate,SelectListBehavior) VALUES ( 2, 'DublinCore', 4, 'Description', 'Description', 1, 4, 0, 2, 'http://www.dublincore.org/', 1, 1, 1, NULL, 0);
INSERT INTO SLStandardFields (StandardID,StandardName,StandardFieldID,StandardFieldName,StandardFieldDisplayName,StandardFieldType,StandardFieldDisplayOrder,StandardPickedField,LongString,FieldDescriptionURL,DataFieldSearchable,DisplayedInThumbnail,Sortable,IsDate,SelectListBehavior) VALUES ( 2, 'DublinCore', 5, 'Subject', 'Subject', 1, 3, 1, 2, 'http://www.dublincore.org/', 1, 1, 1, 0, 0);
INSERT INTO SLStandardFields (StandardID,StandardName,StandardFieldID,StandardFieldName,StandardFieldDisplayName,StandardFieldType,StandardFieldDisplayOrder,StandardPickedField,LongString,FieldDescriptionURL,DataFieldSearchable,DisplayedInThumbnail,Sortable,IsDate,SelectListBehavior) VALUES ( 2, 'DublinCore', 6, 'Creator', 'Creator', 1, 7, 1, 2, 'http://www.dublincore.org/', 1, 1, 1, 0, 0);
INSERT INTO SLStandardFields (StandardID,StandardName,StandardFieldID,StandardFieldName,StandardFieldDisplayName,StandardFieldType,StandardFieldDisplayOrder,StandardPickedField,LongString,FieldDescriptionURL,DataFieldSearchable,DisplayedInThumbnail,Sortable,IsDate,SelectListBehavior) VALUES ( 2, 'DublinCore', 7, 'Format.Medium', 'Format Medium', 1, 6, 0, 2, 'http://www.dublincore.org/', 1, 1, 1, 0, 0);
INSERT INTO SLStandardFields (StandardID,StandardName,StandardFieldID,StandardFieldName,StandardFieldDisplayName,StandardFieldType,StandardFieldDisplayOrder,StandardPickedField,LongString,FieldDescriptionURL,DataFieldSearchable,DisplayedInThumbnail,Sortable,IsDate,SelectListBehavior) VALUES ( 2, 'DublinCore', 8, 'Date.Created', 'Date Created', 1, 9, 0, 2, 'http://www.dublincore.org/', 1, 1, 1, 0, 0);
INSERT INTO SLStandardFields (StandardID,StandardName,StandardFieldID,StandardFieldName,StandardFieldDisplayName,StandardFieldType,StandardFieldDisplayOrder,StandardPickedField,LongString,FieldDescriptionURL,DataFieldSearchable,DisplayedInThumbnail,Sortable,IsDate,SelectListBehavior) VALUES ( 2, 'DublinCore', 10, 'Relation.IsVersion Of', 'Relation IsVersionOf', 1, 17, 0, 2, 'http://www.dublincore.org/', 1, 1, 1, 0, 0);
INSERT INTO SLStandardFields (StandardID,StandardName,StandardFieldID,StandardFieldName,StandardFieldDisplayName,StandardFieldType,StandardFieldDisplayOrder,StandardPickedField,LongString,FieldDescriptionURL,DataFieldSearchable,DisplayedInThumbnail,Sortable,IsDate,SelectListBehavior) VALUES ( 2, 'DublinCore', 11, 'Source', 'Source', 1, 12, 0, 2, 'http://www.dublincore.org/', 1, 1, 1, 0, 0);
INSERT INTO SLStandardFields (StandardID,StandardName,StandardFieldID,StandardFieldName,StandardFieldDisplayName,StandardFieldType,StandardFieldDisplayOrder,StandardPickedField,LongString,FieldDescriptionURL,DataFieldSearchable,DisplayedInThumbnail,Sortable,IsDate,SelectListBehavior) VALUES ( 2, 'DublinCore', 12, 'Creator string', 'Creator string', 1, 8, 0, 2, 'http://www.dublincore.org/', 0, 1, 1, 0, 0);
INSERT INTO SLStandardFields (StandardID,StandardName,StandardFieldID,StandardFieldName,StandardFieldDisplayName,StandardFieldType,StandardFieldDisplayOrder,StandardPickedField,LongString,FieldDescriptionURL,DataFieldSearchable,DisplayedInThumbnail,Sortable,IsDate,SelectListBehavior) VALUES ( 2, 'DublinCore', 13, 'Relation.HasVersionn', 'Relation HasVersion', 1, 18, 0, 2, 'http://www.dublincore.org/', 1, 1, 1, 0, 0);
INSERT INTO SLStandardFields (StandardID,StandardName,StandardFieldID,StandardFieldName,StandardFieldDisplayName,StandardFieldType,StandardFieldDisplayOrder,StandardPickedField,LongString,FieldDescriptionURL,DataFieldSearchable,DisplayedInThumbnail,Sortable,IsDate,SelectListBehavior) VALUES ( 2, 'DublinCore', 14, 'Coverage.Spatial', 'Coverage Spatial', 1, 10, 0, 2, 'http://www.dublincore.org/', 1, 1, 1, 0, 0);
INSERT INTO SLStandardFields (StandardID,StandardName,StandardFieldID,StandardFieldName,StandardFieldDisplayName,StandardFieldType,StandardFieldDisplayOrder,StandardPickedField,LongString,FieldDescriptionURL,DataFieldSearchable,DisplayedInThumbnail,Sortable,IsDate,SelectListBehavior) VALUES ( 2, 'DublinCore', 15, 'Rights', 'Rights', 1, 13, 0, 2, 'http://www.dublincore.org/', 1, 1, 1, 0, 0);
INSERT INTO SLStandardFields (StandardID,StandardName,StandardFieldID,StandardFieldName,StandardFieldDisplayName,StandardFieldType,StandardFieldDisplayOrder,StandardPickedField,LongString,FieldDescriptionURL,DataFieldSearchable,DisplayedInThumbnail,Sortable,IsDate,SelectListBehavior) VALUES ( 2, 'DublinCore', 16, 'Contributor', 'Contributor', 1, 11, 0, 2, 'http://www.dublincore.org/', 1, 1, 1, 0, 0);
INSERT INTO SLStandardFields (StandardID,StandardName,StandardFieldID,StandardFieldName,StandardFieldDisplayName,StandardFieldType,StandardFieldDisplayOrder,StandardPickedField,LongString,FieldDescriptionURL,DataFieldSearchable,DisplayedInThumbnail,Sortable,IsDate,SelectListBehavior) VALUES ( 2, 'DublinCore', 17, 'Coverage.Temporal', 'Coverage Temporal', 1, 14, 0, 2, 'http://www.dublincore.org/', 1, 1, 1, 0, 0);
INSERT INTO SLStandardFields (StandardID,StandardName,StandardFieldID,StandardFieldName,StandardFieldDisplayName,StandardFieldType,StandardFieldDisplayOrder,StandardPickedField,LongString,FieldDescriptionURL,DataFieldSearchable,DisplayedInThumbnail,Sortable,IsDate,SelectListBehavior) VALUES ( 2, 'DublinCore', 18, 'Description.Abstract', 'Description Abstract', 1, 15, 0, 2, 'http://www.dublincore.org/', 1, 1, 1, 0, 0);
INSERT INTO SLStandardFields (StandardID,StandardName,StandardFieldID,StandardFieldName,StandardFieldDisplayName,StandardFieldType,StandardFieldDisplayOrder,StandardPickedField,LongString,FieldDescriptionURL,DataFieldSearchable,DisplayedInThumbnail,Sortable,IsDate,SelectListBehavior) VALUES ( 2, 'DublinCore', 19, 'Relation', 'Relation', 1, 16, 0, 2, 'http://www.dublincore.org/', 1, 1, 1, 0, 0);
INSERT INTO SLStandardFields (StandardID,StandardName,StandardFieldID,StandardFieldName,StandardFieldDisplayName,StandardFieldType,StandardFieldDisplayOrder,StandardPickedField,LongString,FieldDescriptionURL,DataFieldSearchable,DisplayedInThumbnail,Sortable,IsDate,SelectListBehavior) VALUES ( 2, 'DublinCore', 20, 'Relation.IsReferencedBY', 'Relation IsReferencedBy', 1, 25, 0, 2, 'http://www.dublincore.org/', 1, 1, 1, 0, 0);
INSERT INTO SLStandardFields (StandardID,StandardName,StandardFieldID,StandardFieldName,StandardFieldDisplayName,StandardFieldType,StandardFieldDisplayOrder,StandardPickedField,LongString,FieldDescriptionURL,DataFieldSearchable,DisplayedInThumbnail,Sortable,IsDate,SelectListBehavior) VALUES ( 2, 'DublinCore', 21, 'Relation.IsFormatOf', 'Relation IsFormatOf', 1, 27, 0, 2, 'http://www.dublincore.org/', 1, 1, 1, 0, 0);
INSERT INTO SLStandardFields (StandardID,StandardName,StandardFieldID,StandardFieldName,StandardFieldDisplayName,StandardFieldType,StandardFieldDisplayOrder,StandardPickedField,LongString,FieldDescriptionURL,DataFieldSearchable,DisplayedInThumbnail,Sortable,IsDate,SelectListBehavior) VALUES ( 2, 'DublinCore', 22, 'Title.Alternative', 'Title Alternative', 1, 29, 0, 2, 'http://www.dublincore.org/', 1, 1, 1, 0, 0);
INSERT INTO SLStandardFields (StandardID,StandardName,StandardFieldID,StandardFieldName,StandardFieldDisplayName,StandardFieldType,StandardFieldDisplayOrder,StandardPickedField,LongString,FieldDescriptionURL,DataFieldSearchable,DisplayedInThumbnail,Sortable,IsDate,SelectListBehavior) VALUES ( 2, 'DublinCore', 23, 'Description.TableOfContents', 'Description TableOfContents', 1, 30, 0, 2, 'http://www.dublincore.org/', 1, 1, 1, 0, 0);
INSERT INTO SLStandardFields (StandardID,StandardName,StandardFieldID,StandardFieldName,StandardFieldDisplayName,StandardFieldType,StandardFieldDisplayOrder,StandardPickedField,LongString,FieldDescriptionURL,DataFieldSearchable,DisplayedInThumbnail,Sortable,IsDate,SelectListBehavior) VALUES ( 2, 'DublinCore', 24, 'Description.Abstract', 'Description Abstract', 1, 31, 0, 2, 'http://www.dublincore.org/', 1, 1, 1, 0, 0);
INSERT INTO SLStandardFields (StandardID,StandardName,StandardFieldID,StandardFieldName,StandardFieldDisplayName,StandardFieldType,StandardFieldDisplayOrder,StandardPickedField,LongString,FieldDescriptionURL,DataFieldSearchable,DisplayedInThumbnail,Sortable,IsDate,SelectListBehavior) VALUES ( 2, 'DublinCore', 25, 'Relation.IsReplacedBy', 'Relation IsReplacedBy', 1, 19, 0, 2, 'http://www.dublincore.org/', 1, 1, 1, 0, 0);
INSERT INTO SLStandardFields (StandardID,StandardName,StandardFieldID,StandardFieldName,StandardFieldDisplayName,StandardFieldType,StandardFieldDisplayOrder,StandardPickedField,LongString,FieldDescriptionURL,DataFieldSearchable,DisplayedInThumbnail,Sortable,IsDate,SelectListBehavior) VALUES ( 2, 'DublinCore', 26, 'Relation.Replaces', 'Relation Replaces', 1, 20, 0, 2, 'http://www.dublincore.org/', 1, 1, 1, 0, 0);
INSERT INTO SLStandardFields (StandardID,StandardName,StandardFieldID,StandardFieldName,StandardFieldDisplayName,StandardFieldType,StandardFieldDisplayOrder,StandardPickedField,LongString,FieldDescriptionURL,DataFieldSearchable,DisplayedInThumbnail,Sortable,IsDate,SelectListBehavior) VALUES ( 2, 'DublinCore', 27, 'Relation.IsRequiredBy', 'Relation IsRequiredBy', 1, 21, 0, 2, 'http://www.dublincore.org/', 1, 1, 1, 0, 0);
INSERT INTO SLStandardFields (StandardID,StandardName,StandardFieldID,StandardFieldName,StandardFieldDisplayName,StandardFieldType,StandardFieldDisplayOrder,StandardPickedField,LongString,FieldDescriptionURL,DataFieldSearchable,DisplayedInThumbnail,Sortable,IsDate,SelectListBehavior) VALUES ( 2, 'DublinCore', 28, 'Relation.Requires', 'Relation Requires', 1, 22, 0, 2, 'http://www.dublincore.org/', 1, 1, 1, 0, 0);
INSERT INTO SLStandardFields (StandardID,StandardName,StandardFieldID,StandardFieldName,StandardFieldDisplayName,StandardFieldType,StandardFieldDisplayOrder,StandardPickedField,LongString,FieldDescriptionURL,DataFieldSearchable,DisplayedInThumbnail,Sortable,IsDate,SelectListBehavior) VALUES ( 2, 'DublinCore', 29, 'Relation.IsPartOf', 'Relation IsPartOf', 1, 23, 0, 2, 'http://www.dublincore.org/', 1, 1, 1, 0, 0);
INSERT INTO SLStandardFields (StandardID,StandardName,StandardFieldID,StandardFieldName,StandardFieldDisplayName,StandardFieldType,StandardFieldDisplayOrder,StandardPickedField,LongString,FieldDescriptionURL,DataFieldSearchable,DisplayedInThumbnail,Sortable,IsDate,SelectListBehavior) VALUES ( 2, 'DublinCore', 30, 'Relation.HasPart', 'Relation HasPart', 1, 24, 0, 2, 'http://www.dublincore.org/', 1, 1, 1, 0, 0);
INSERT INTO SLStandardFields (StandardID,StandardName,StandardFieldID,StandardFieldName,StandardFieldDisplayName,StandardFieldType,StandardFieldDisplayOrder,StandardPickedField,LongString,FieldDescriptionURL,DataFieldSearchable,DisplayedInThumbnail,Sortable,IsDate,SelectListBehavior) VALUES ( 2, 'DublinCore', 31, 'Relation.HasFormat', 'Relation HasFormat', 1, 28, 0, 2, 'http://www.dublincore.org/', 1, 1, 1, 0, 0);
INSERT INTO SLStandardFields (StandardID,StandardName,StandardFieldID,StandardFieldName,StandardFieldDisplayName,StandardFieldType,StandardFieldDisplayOrder,StandardPickedField,LongString,FieldDescriptionURL,DataFieldSearchable,DisplayedInThumbnail,Sortable,IsDate,SelectListBehavior) VALUES ( 2, 'DublinCore', 32, 'Relation.Refrences', 'Relation Refrences', 1, 26, 0, 2, 'http://www.dublincore.org/', 1, 1, 1, 0, 0);
INSERT INTO SLStandardFields (StandardID,StandardName,StandardFieldID,StandardFieldName,StandardFieldDisplayName,StandardFieldType,StandardFieldDisplayOrder,StandardPickedField,LongString,FieldDescriptionURL,DataFieldSearchable,DisplayedInThumbnail,Sortable,IsDate,SelectListBehavior) VALUES ( 2, 'DublinCore', 33, 'Resource Identifier', 'Resource Identifier', 1, 32, 0, 2, 'http://www.dublincore.org/', 1, 1, 1, 0, 0);
INSERT INTO SLStandardFields (StandardID,StandardName,StandardFieldID,StandardFieldName,StandardFieldDisplayName,StandardFieldType,StandardFieldDisplayOrder,StandardPickedField,LongString,FieldDescriptionURL,DataFieldSearchable,DisplayedInThumbnail,Sortable,IsDate,SelectListBehavior) VALUES ( 3, 'USMARC', 1, 'Genre-Form', 'Genre-Form', 1, 1, 1, 2, 'http://lcweb.loc.gov/marc/marcdocz.html', 1, 1, 1, 0, 0);
INSERT INTO SLStandardFields (StandardID,StandardName,StandardFieldID,StandardFieldName,StandardFieldDisplayName,StandardFieldType,StandardFieldDisplayOrder,StandardPickedField,LongString,FieldDescriptionURL,DataFieldSearchable,DisplayedInThumbnail,Sortable,IsDate,SelectListBehavior) VALUES ( 3, 'USMARC', 2, 'Physical_Description-Extent', 'Physical Description-Extent', 1, 2, 0, 2, 'http://lcweb.loc.gov/marc/marcdocz.html', 1, 1, 1, 0, 0);
INSERT INTO SLStandardFields (StandardID,StandardName,StandardFieldID,StandardFieldName,StandardFieldDisplayName,StandardFieldType,StandardFieldDisplayOrder,StandardPickedField,LongString,FieldDescriptionURL,DataFieldSearchable,DisplayedInThumbnail,Sortable,IsDate,SelectListBehavior) VALUES ( 3, 'USMARC', 3, 'Title_and_Title-Related_Information', 'Title and Title-Related Information', 1, 3, 0, 2, 'http://lcweb.loc.gov/marc/marcdocz.html', 1, 1, 1, 0, 0);
INSERT INTO SLStandardFields (StandardID,StandardName,StandardFieldID,StandardFieldName,StandardFieldDisplayName,StandardFieldType,StandardFieldDisplayOrder,StandardPickedField,LongString,FieldDescriptionURL,DataFieldSearchable,DisplayedInThumbnail,Sortable,IsDate,SelectListBehavior) VALUES ( 3, 'USMARC', 4, 'Physical_Medium-Dimensions', 'Physical Medium-Dimensions', 1, 4, 0, 2, 'http://lcweb.loc.gov/marc/marcdocz.html', 1, 1, 1, 0, 0);
INSERT INTO SLStandardFields (StandardID,StandardName,StandardFieldID,StandardFieldName,StandardFieldDisplayName,StandardFieldType,StandardFieldDisplayOrder,StandardPickedField,LongString,FieldDescriptionURL,DataFieldSearchable,DisplayedInThumbnail,Sortable,IsDate,SelectListBehavior) VALUES ( 3, 'USMARC', 5, 'Physical_Description-Dimensions', 'Physical Description-Dimensions', 1, 5, 0, 2, 'http://lcweb.loc.gov/marc/marcdocz.html', 1, 1, 1, 0, 0);
INSERT INTO SLStandardFields (StandardID,StandardName,StandardFieldID,StandardFieldName,StandardFieldDisplayName,StandardFieldType,StandardFieldDisplayOrder,StandardPickedField,LongString,FieldDescriptionURL,DataFieldSearchable,DisplayedInThumbnail,Sortable,IsDate,SelectListBehavior) VALUES ( 3, 'USMARC', 6, 'Physical_Medium-Information_Recording_Device', 'Physical Medium-Information Recording Device', 1, 6, 0, 2, 'http://lcweb.loc.gov/marc/marcdocz.html', 1, 1, 1, 0, 0);
INSERT INTO SLStandardFields (StandardID,StandardName,StandardFieldID,StandardFieldName,StandardFieldDisplayName,StandardFieldType,StandardFieldDisplayOrder,StandardPickedField,LongString,FieldDescriptionURL,DataFieldSearchable,DisplayedInThumbnail,Sortable,IsDate,SelectListBehavior) VALUES ( 3, 'USMARC', 7, 'Physical_Medium-Material_Base_and_Configuration', 'Physical Medium-Material Base and Configuration', 1, 7, 0, 2, 'http://lcweb.loc.gov/marc/marcdocz.html', 1, 1, 1, 0, 0);
INSERT INTO SLStandardFields (StandardID,StandardName,StandardFieldID,StandardFieldName,StandardFieldDisplayName,StandardFieldType,StandardFieldDisplayOrder,StandardPickedField,LongString,FieldDescriptionURL,DataFieldSearchable,DisplayedInThumbnail,Sortable,IsDate,SelectListBehavior) VALUES ( 3, 'USMARC', 8, 'Copy_and_Version_Identification-Identifying_Markin', 'Copy and Version Identification-Identifying Markin', 1, 8, 0, 2, 'http://lcweb.loc.gov/marc/marcdocz.html', 1, 1, 1, 0, 0);
INSERT INTO SLStandardFields (StandardID,StandardName,StandardFieldID,StandardFieldName,StandardFieldDisplayName,StandardFieldType,StandardFieldDisplayOrder,StandardPickedField,LongString,FieldDescriptionURL,DataFieldSearchable,DisplayedInThumbnail,Sortable,IsDate,SelectListBehavior) VALUES ( 3, 'USMARC', 9, 'Action_Note-Status', 'Action Note-Status', 1, 9, 0, 2, 'http://lcweb.loc.gov/marc/marcdocz.html', 1, 1, 1, 0, 0);
INSERT INTO SLStandardFields (StandardID,StandardName,StandardFieldID,StandardFieldName,StandardFieldDisplayName,StandardFieldType,StandardFieldDisplayOrder,StandardPickedField,LongString,FieldDescriptionURL,DataFieldSearchable,DisplayedInThumbnail,Sortable,IsDate,SelectListBehavior) VALUES ( 3, 'USMARC', 10, 'Main_Entry', 'Main Entry', 1, 10, 1, 2, 'http://lcweb.loc.gov/marc/marcdocz.html', 1, 1, 1, 0, 0);
INSERT INTO SLStandardFields (StandardID,StandardName,StandardFieldID,StandardFieldName,StandardFieldDisplayName,StandardFieldType,StandardFieldDisplayOrder,StandardPickedField,LongString,FieldDescriptionURL,DataFieldSearchable,DisplayedInThumbnail,Sortable,IsDate,SelectListBehavior) VALUES ( 3, 'USMARC', 11, 'Added_Entry', 'Added Entry', 1, 11, 0, 2, 'http://lcweb.loc.gov/marc/marcdocz.html', 1, 1, 1, 0, 0);
INSERT INTO SLStandardFields (StandardID,StandardName,StandardFieldID,StandardFieldName,StandardFieldDisplayName,StandardFieldType,StandardFieldDisplayOrder,StandardPickedField,LongString,FieldDescriptionURL,DataFieldSearchable,DisplayedInThumbnail,Sortable,IsDate,SelectListBehavior) VALUES ( 3, 'USMARC', 12, 'Main_Entry-Associated_Dates', 'Main Entry-Associated Dates', 1, 12, 0, 2, 'http://lcweb.loc.gov/marc/marcdocz.html', 1, 1, 1, 0, 0);
INSERT INTO SLStandardFields (StandardID,StandardName,StandardFieldID,StandardFieldName,StandardFieldDisplayName,StandardFieldType,StandardFieldDisplayOrder,StandardPickedField,LongString,FieldDescriptionURL,DataFieldSearchable,DisplayedInThumbnail,Sortable,IsDate,SelectListBehavior) VALUES ( 3, 'USMARC', 13, 'Biographical_or_Historical_Data', 'Biographical or Historical Data', 1, 13, 0, 2, 'http://lcweb.loc.gov/marc/marcdocz.html', 1, 1, 1, 0, 0);
INSERT INTO SLStandardFields (StandardID,StandardName,StandardFieldID,StandardFieldName,StandardFieldDisplayName,StandardFieldType,StandardFieldDisplayOrder,StandardPickedField,LongString,FieldDescriptionURL,DataFieldSearchable,DisplayedInThumbnail,Sortable,IsDate,SelectListBehavior) VALUES ( 3, 'USMARC', 14, 'Main_Entry-Relator_Term', 'Main Entry-Relator Term', 1, 14, 0, 2, 'http://lcweb.loc.gov/marc/marcdocz.html', 1, 1, 1, 0, 0);
INSERT INTO SLStandardFields (StandardID,StandardName,StandardFieldID,StandardFieldName,StandardFieldDisplayName,StandardFieldType,StandardFieldDisplayOrder,StandardPickedField,LongString,FieldDescriptionURL,DataFieldSearchable,DisplayedInThumbnail,Sortable,IsDate,SelectListBehavior) VALUES ( 3, 'USMARC', 15, 'Added_Entry-Relator_Term', 'Added Entry-Relator Term', 1, 15, 0, 2, 'http://lcweb.loc.gov/marc/marcdocz.html', 1, 1, 1, 0, 0);
INSERT INTO SLStandardFields (StandardID,StandardName,StandardFieldID,StandardFieldName,StandardFieldDisplayName,StandardFieldType,StandardFieldDisplayOrder,StandardPickedField,LongString,FieldDescriptionURL,DataFieldSearchable,DisplayedInThumbnail,Sortable,IsDate,SelectListBehavior) VALUES ( 3, 'USMARC', 16, 'Imprint-Date_of_Publication', 'Imprint-Date of Publication', 1, 16, 0, 2, 'http://lcweb.loc.gov/marc/marcdocz.html', 1, 1, 1, 0, 0);
INSERT INTO SLStandardFields (StandardID,StandardName,StandardFieldID,StandardFieldName,StandardFieldDisplayName,StandardFieldType,StandardFieldDisplayOrder,StandardPickedField,LongString,FieldDescriptionURL,DataFieldSearchable,DisplayedInThumbnail,Sortable,IsDate,SelectListBehavior) VALUES ( 3, 'USMARC', 17, 'Subject_Term-Geographical_Name', 'Subject Term-Geographical Name', 1, 17, 0, 2, 'http://lcweb.loc.gov/marc/marcdocz.html', 1, 1, 1, 0, 0);
INSERT INTO SLStandardFields (StandardID,StandardName,StandardFieldID,StandardFieldName,StandardFieldDisplayName,StandardFieldType,StandardFieldDisplayOrder,StandardPickedField,LongString,FieldDescriptionURL,DataFieldSearchable,DisplayedInThumbnail,Sortable,IsDate,SelectListBehavior) VALUES ( 3, 'USMARC', 18, 'Funding_Information_Note', 'Funding Information Note', 1, 18, 0, 2, 'http://lcweb.loc.gov/marc/marcdocz.html', 1, 1, 1, 0, 0);
INSERT INTO SLStandardFields (StandardID,StandardName,StandardFieldID,StandardFieldName,StandardFieldDisplayName,StandardFieldType,StandardFieldDisplayOrder,StandardPickedField,LongString,FieldDescriptionURL,DataFieldSearchable,DisplayedInThumbnail,Sortable,IsDate,SelectListBehavior) VALUES ( 3, 'USMARC', 19, 'Ownership_and_Custodial_History-History', 'Ownership and Custodial History-History', 1, 19, 0, 2, 'http://lcweb.loc.gov/marc/marcdocz.html', 1, 1, 1, 0, 0);
INSERT INTO SLStandardFields (StandardID,StandardName,StandardFieldID,StandardFieldName,StandardFieldDisplayName,StandardFieldType,StandardFieldDisplayOrder,StandardPickedField,LongString,FieldDescriptionURL,DataFieldSearchable,DisplayedInThumbnail,Sortable,IsDate,SelectListBehavior) VALUES ( 3, 'USMARC', 20, 'Subject_Access_Fields', 'Subject Access Fields', 1, 20, 0, 2, 'http://lcweb.loc.gov/marc/marcdocz.html', 1, 1, 1, 0, 0);
INSERT INTO SLStandardFields (StandardID,StandardName,StandardFieldID,StandardFieldName,StandardFieldDisplayName,StandardFieldType,StandardFieldDisplayOrder,StandardPickedField,LongString,FieldDescriptionURL,DataFieldSearchable,DisplayedInThumbnail,Sortable,IsDate,SelectListBehavior) VALUES ( 3, 'USMARC', 21, 'Immediate_Source_of_Acquisition-Method_of_Acquisit', 'Immediate Source of Acquisition-Method of Acquisit', 1, 21, 0, 2, 'http://lcweb.loc.gov/marc/marcdocz.html', 1, 1, 1, 0, 0);
INSERT INTO SLStandardFields (StandardID,StandardName,StandardFieldID,StandardFieldName,StandardFieldDisplayName,StandardFieldType,StandardFieldDisplayOrder,StandardPickedField,LongString,FieldDescriptionURL,DataFieldSearchable,DisplayedInThumbnail,Sortable,IsDate,SelectListBehavior) VALUES ( 3, 'USMARC', 22, 'Terms_Governing_Use_and_Reproduction', 'Terms Governing Use and Reproduction', 1, 22, 0, 2, 'http://lcweb.loc.gov/marc/marcdocz.html', 1, 1, 1, 0, 0);
INSERT INTO SLStandardFields (StandardID,StandardName,StandardFieldID,StandardFieldName,StandardFieldDisplayName,StandardFieldType,StandardFieldDisplayOrder,StandardPickedField,LongString,FieldDescriptionURL,DataFieldSearchable,DisplayedInThumbnail,Sortable,IsDate,SelectListBehavior) VALUES ( 3, 'USMARC', 23, 'Subject_Index_Term', 'Subject Index Term', 1, 23, 0, 2, 'http://lcweb.loc.gov/marc/marcdocz.html', 1, 1, 1, 0, 0);
INSERT INTO SLStandardFields (StandardID,StandardName,StandardFieldID,StandardFieldName,StandardFieldDisplayName,StandardFieldType,StandardFieldDisplayOrder,StandardPickedField,LongString,FieldDescriptionURL,DataFieldSearchable,DisplayedInThumbnail,Sortable,IsDate,SelectListBehavior) VALUES ( 3, 'USMARC', 24, 'Summary,_etc.', 'Summary, etc.', 1, 24, 0, 1, 'http://lcweb.loc.gov/marc/marcdocz.html', 1, 1, 1, 0, 0);
INSERT INTO SLStandardFields (StandardID,StandardName,StandardFieldID,StandardFieldName,StandardFieldDisplayName,StandardFieldType,StandardFieldDisplayOrder,StandardPickedField,LongString,FieldDescriptionURL,DataFieldSearchable,DisplayedInThumbnail,Sortable,IsDate,SelectListBehavior) VALUES ( 3, 'USMARC', 25, 'Subject_Access-Geographic_Name', 'Subject Access-Geographic Name', 1, 25, 0, 2, 'http://lcweb.loc.gov/marc/marcdocz.html', 1, 1, 1, 0, 0);
INSERT INTO SLStandardFields (StandardID,StandardName,StandardFieldID,StandardFieldName,StandardFieldDisplayName,StandardFieldType,StandardFieldDisplayOrder,StandardPickedField,LongString,FieldDescriptionURL,DataFieldSearchable,DisplayedInThumbnail,Sortable,IsDate,SelectListBehavior) VALUES ( 3, 'USMARC', 26, 'Hierarchical_Place_Name', 'Hierarchical Place Name', 1, 26, 0, 2, 'http://lcweb.loc.gov/marc/marcdocz.html', 1, 1, 1, 0, 0);
INSERT INTO SLStandardFields (StandardID,StandardName,StandardFieldID,StandardFieldName,StandardFieldDisplayName,StandardFieldType,StandardFieldDisplayOrder,StandardPickedField,LongString,FieldDescriptionURL,DataFieldSearchable,DisplayedInThumbnail,Sortable,IsDate,SelectListBehavior) VALUES ( 3, 'USMARC', 27, 'Nonspecific_Relationship_Entry-Relationship_Inform', 'Nonspecific Relationship Entry-Relationship Inform', 1, 27, 0, 2, 'http://lcweb.loc.gov/marc/marcdocz.html', 1, 1, 1, 0, 0);
INSERT INTO SLStandardFields (StandardID,StandardName,StandardFieldID,StandardFieldName,StandardFieldDisplayName,StandardFieldType,StandardFieldDisplayOrder,StandardPickedField,LongString,FieldDescriptionURL,DataFieldSearchable,DisplayedInThumbnail,Sortable,IsDate,SelectListBehavior) VALUES ( 3, 'USMARC', 28, 'Nonspecific_Relationship_Entry-Note', 'Nonspecific Relationship Entry-Note', 1, 28, 0, 2, 'http://lcweb.loc.gov/marc/marcdocz.html', 1, 1, 1, 0, 0);
INSERT INTO SLStandardFields (StandardID,StandardName,StandardFieldID,StandardFieldName,StandardFieldDisplayName,StandardFieldType,StandardFieldDisplayOrder,StandardPickedField,LongString,FieldDescriptionURL,DataFieldSearchable,DisplayedInThumbnail,Sortable,IsDate,SelectListBehavior) VALUES ( 3, 'USMARC', 29, 'Reproduction_Note-Type_of_Reproduction', 'Reproduction Note-Type of Reproduction', 1, 29, 0, 2, 'http://lcweb.loc.gov/marc/marcdocz.html', 1, 1, 1, 0, 0);
INSERT INTO SLStandardFields (StandardID,StandardName,StandardFieldID,StandardFieldName,StandardFieldDisplayName,StandardFieldType,StandardFieldDisplayOrder,StandardPickedField,LongString,FieldDescriptionURL,DataFieldSearchable,DisplayedInThumbnail,Sortable,IsDate,SelectListBehavior) VALUES ( 3, 'USMARC', 30, 'Reproduction_Note-Physical_Description', 'Reproduction Note-Physical Description', 1, 30, 0, 2, 'http://lcweb.loc.gov/marc/marcdocz.html', 1, 1, 1, 0, 0);
INSERT INTO SLStandardFields (StandardID,StandardName,StandardFieldID,StandardFieldName,StandardFieldDisplayName,StandardFieldType,StandardFieldDisplayOrder,StandardPickedField,LongString,FieldDescriptionURL,DataFieldSearchable,DisplayedInThumbnail,Sortable,IsDate,SelectListBehavior) VALUES ( 3, 'USMARC', 31, 'Reproduction_Note-Date_of_reproduction', 'Reproduction Note-Date of reproduction', 1, 31, 0, 2, 'http://lcweb.loc.gov/marc/marcdocz.html', 1, 1, 1, 0, 0);
INSERT INTO SLStandardFields (StandardID,StandardName,StandardFieldID,StandardFieldName,StandardFieldDisplayName,StandardFieldType,StandardFieldDisplayOrder,StandardPickedField,LongString,FieldDescriptionURL,DataFieldSearchable,DisplayedInThumbnail,Sortable,IsDate,SelectListBehavior) VALUES ( 3, 'USMARC', 32, 'Reproduction_Note-Agency_Responsible_for_Reproduct', 'Reproduction Note-Agency Responsible for Reproduct', 1, 32, 0, 2, 'http://lcweb.loc.gov/marc/marcdocz.html', 1, 1, 1, 0, 0);
INSERT INTO SLStandardFields (StandardID,StandardName,StandardFieldID,StandardFieldName,StandardFieldDisplayName,StandardFieldType,StandardFieldDisplayOrder,StandardPickedField,LongString,FieldDescriptionURL,DataFieldSearchable,DisplayedInThumbnail,Sortable,IsDate,SelectListBehavior) VALUES ( 3, 'USMARC', 33, 'Reproduction_Note-Note_about_Reproduction', 'Reproduction Note-Note about Reproduction', 1, 33, 0, 2, 'http://lcweb.loc.gov/marc/marcdocz.html', 1, 1, 1, 0, 0);
INSERT INTO SLStandardFields (StandardID,StandardName,StandardFieldID,StandardFieldName,StandardFieldDisplayName,StandardFieldType,StandardFieldDisplayOrder,StandardPickedField,LongString,FieldDescriptionURL,DataFieldSearchable,DisplayedInThumbnail,Sortable,IsDate,SelectListBehavior) VALUES ( 3, 'USMARC', 34, 'Title-Name_of_Part_or_Section_of_Work', 'Title-Name of Part or Section of Work', 1, 34, 0, 2, 'http://lcweb.loc.gov/marc/marcdocz.html', 1, 1, 1, 0, 0);
INSERT INTO SLStandardFields (StandardID,StandardName,StandardFieldID,StandardFieldName,StandardFieldDisplayName,StandardFieldType,StandardFieldDisplayOrder,StandardPickedField,LongString,FieldDescriptionURL,DataFieldSearchable,DisplayedInThumbnail,Sortable,IsDate,SelectListBehavior) VALUES ( 3, 'USMARC', 35, 'Contents', 'Contents', 1, 35, 0, 2, 'http://lcweb.loc.gov/marc/marcdocz.html', 1, 1, 1, NULL, 0);
INSERT INTO SLStandardFields (StandardID,StandardName,StandardFieldID,StandardFieldName,StandardFieldDisplayName,StandardFieldType,StandardFieldDisplayOrder,StandardPickedField,LongString,FieldDescriptionURL,DataFieldSearchable,DisplayedInThumbnail,Sortable,IsDate,SelectListBehavior) VALUES ( 3, 'USMARC', 38, 'Immediate_Source_of_Acquisition_Note', 'Immediate Source of Acquisition Note', 1, 38, 0, 2, 'http://lcweb.loc.gov/marc/marcdocz.html', 1, 1, 1, 0, 0);
INSERT INTO SLStandardFields (StandardID,StandardName,StandardFieldID,StandardFieldName,StandardFieldDisplayName,StandardFieldType,StandardFieldDisplayOrder,StandardPickedField,LongString,FieldDescriptionURL,DataFieldSearchable,DisplayedInThumbnail,Sortable,IsDate,SelectListBehavior) VALUES ( 3, 'USMARC', 39, 'Location_of_Originals/Duplicates-Custodian', 'Location of Originals/Duplicates-Custodian', 1, 39, 0, 2, 'http://lcweb.loc.gov/marc/marcdocz.html', 1, 1, 1, 0, 0);
INSERT INTO SLStandardFields (StandardID,StandardName,StandardFieldID,StandardFieldName,StandardFieldDisplayName,StandardFieldType,StandardFieldDisplayOrder,StandardPickedField,LongString,FieldDescriptionURL,DataFieldSearchable,DisplayedInThumbnail,Sortable,IsDate,SelectListBehavior) VALUES ( 3, 'USMARC', 40, 'Location_of_Originals-Address_and_Country', 'Location of Originals-Address and Country', 1, 40, 0, 2, 'http://lcweb.loc.gov/marc/marcdocz.html', 1, 1, 1, 0, 0);
INSERT INTO SLStandardFields (StandardID,StandardName,StandardFieldID,StandardFieldName,StandardFieldDisplayName,StandardFieldType,StandardFieldDisplayOrder,StandardPickedField,LongString,FieldDescriptionURL,DataFieldSearchable,DisplayedInThumbnail,Sortable,IsDate,SelectListBehavior) VALUES ( 3, 'USMARC', 41, 'System_Control_Number', 'System Control Number', 1, 41, 0, 2, 'http://lcweb.loc.gov/marc/marcdocz.html', 1, 1, 1, 0, 0);
INSERT INTO SLStandardFields (StandardID,StandardName,StandardFieldID,StandardFieldName,StandardFieldDisplayName,StandardFieldType,StandardFieldDisplayOrder,StandardPickedField,LongString,FieldDescriptionURL,DataFieldSearchable,DisplayedInThumbnail,Sortable,IsDate,SelectListBehavior) VALUES ( 3, 'USMARC', 42, 'General_Notes', 'General Notes', 1, 42, 0, 2, 'http://lcweb.loc.gov/marc/marcdocz.html', 1, 1, 1, 0, 0);
INSERT INTO SLStandardFields (StandardID,StandardName,StandardFieldID,StandardFieldName,StandardFieldDisplayName,StandardFieldType,StandardFieldDisplayOrder,StandardPickedField,LongString,FieldDescriptionURL,DataFieldSearchable,DisplayedInThumbnail,Sortable,IsDate,SelectListBehavior) VALUES ( 4, 'Visual Resource Association v3.0', 1, 'Title.Variant', 'Title Variant', 1, 3, 0, 2, 'http://www.gsd.harvard.edu/~staffaw3/vra/vracore3.htm', 1, 1, 1, 0, 0);
INSERT INTO SLStandardFields (StandardID,StandardName,StandardFieldID,StandardFieldName,StandardFieldDisplayName,StandardFieldType,StandardFieldDisplayOrder,StandardPickedField,LongString,FieldDescriptionURL,DataFieldSearchable,DisplayedInThumbnail,Sortable,IsDate,SelectListBehavior) VALUES ( 4, 'Visual Resource Association v3.0', 2, 'Type', 'Type', 1, 1, 0, 2, 'http://www.gsd.harvard.edu/~staffaw3/vra/vracore3.htm', 1, 1, 1, 0, 0);
INSERT INTO SLStandardFields (StandardID,StandardName,StandardFieldID,StandardFieldName,StandardFieldDisplayName,StandardFieldType,StandardFieldDisplayOrder,StandardPickedField,LongString,FieldDescriptionURL,DataFieldSearchable,DisplayedInThumbnail,Sortable,IsDate,SelectListBehavior) VALUES ( 4, 'Visual Resource Association v3.0', 3, 'Title', 'Title', 1, 2, 0, 2, 'http://www.gsd.harvard.edu/~staffaw3/vra/vracore3.htm', 1, 1, 1, 0, 0);
INSERT INTO SLStandardFields (StandardID,StandardName,StandardFieldID,StandardFieldName,StandardFieldDisplayName,StandardFieldType,StandardFieldDisplayOrder,StandardPickedField,LongString,FieldDescriptionURL,DataFieldSearchable,DisplayedInThumbnail,Sortable,IsDate,SelectListBehavior) VALUES ( 4, 'Visual Resource Association v3.0', 4, 'Title.Translation', 'Title Translation', 1, 4, 0, 2, 'http://www.gsd.harvard.edu/~staffaw3/vra/vracore3.htm', 1, 1, 1, 0, 0);
INSERT INTO SLStandardFields (StandardID,StandardName,StandardFieldID,StandardFieldName,StandardFieldDisplayName,StandardFieldType,StandardFieldDisplayOrder,StandardPickedField,LongString,FieldDescriptionURL,DataFieldSearchable,DisplayedInThumbnail,Sortable,IsDate,SelectListBehavior) VALUES ( 4, 'Visual Resource Association v3.0', 5, 'Title.Series', 'Title Series', 1, 5, 0, 2, 'http://www.gsd.harvard.edu/~staffaw3/vra/vracore3.htm', 1, 1, 1, 0, 0);
INSERT INTO SLStandardFields (StandardID,StandardName,StandardFieldID,StandardFieldName,StandardFieldDisplayName,StandardFieldType,StandardFieldDisplayOrder,StandardPickedField,LongString,FieldDescriptionURL,DataFieldSearchable,DisplayedInThumbnail,Sortable,IsDate,SelectListBehavior) VALUES ( 4, 'Visual Resource Association v3.0', 6, 'Title.Larger.Entity', 'Title Larger Entity', 1, 6, 0, 2, 'http://www.gsd.harvard.edu/~staffaw3/vra/vracore3.htm', 1, 1, 1, 0, 0);
INSERT INTO SLStandardFields (StandardID,StandardName,StandardFieldID,StandardFieldName,StandardFieldDisplayName,StandardFieldType,StandardFieldDisplayOrder,StandardPickedField,LongString,FieldDescriptionURL,DataFieldSearchable,DisplayedInThumbnail,Sortable,IsDate,SelectListBehavior) VALUES ( 4, 'Visual Resource Association v3.0', 7, 'Material.Support', 'Material Support', 1, 13, 0, 2, 'http://www.gsd.harvard.edu/~staffaw3/vra/vracore3.htm', 1, 1, 1, 0, 0);
INSERT INTO SLStandardFields (StandardID,StandardName,StandardFieldID,StandardFieldName,StandardFieldDisplayName,StandardFieldType,StandardFieldDisplayOrder,StandardPickedField,LongString,FieldDescriptionURL,DataFieldSearchable,DisplayedInThumbnail,Sortable,IsDate,SelectListBehavior) VALUES ( 4, 'Visual Resource Association v3.0', 8, 'Measurements', 'Measurements', 1, 7, 0, 2, 'http://www.gsd.harvard.edu/~staffaw3/vra/vracore3.htm', 1, 1, 1, 0, 0);
INSERT INTO SLStandardFields (StandardID,StandardName,StandardFieldID,StandardFieldName,StandardFieldDisplayName,StandardFieldType,StandardFieldDisplayOrder,StandardPickedField,LongString,FieldDescriptionURL,DataFieldSearchable,DisplayedInThumbnail,Sortable,IsDate,SelectListBehavior) VALUES ( 4, 'Visual Resource Association v3.0', 9, 'Measurements.Dimensions', 'Measurements Dimensions', 1, 8, 0, 2, 'http://www.gsd.harvard.edu/~staffaw3/vra/vracore3.htm', 1, 1, 1, 0, 0);
INSERT INTO SLStandardFields (StandardID,StandardName,StandardFieldID,StandardFieldName,StandardFieldDisplayName,StandardFieldType,StandardFieldDisplayOrder,StandardPickedField,LongString,FieldDescriptionURL,DataFieldSearchable,DisplayedInThumbnail,Sortable,IsDate,SelectListBehavior) VALUES ( 4, 'Visual Resource Association v3.0', 10, 'Date.Design', 'Date Design', 1, 19, 0, 2, 'http://www.gsd.harvard.edu/~staffaw3/vra/vracore3.htm', 1, 1, 1, 0, 0);
INSERT INTO SLStandardFields (StandardID,StandardName,StandardFieldID,StandardFieldName,StandardFieldDisplayName,StandardFieldType,StandardFieldDisplayOrder,StandardPickedField,LongString,FieldDescriptionURL,DataFieldSearchable,DisplayedInThumbnail,Sortable,IsDate,SelectListBehavior) VALUES ( 4, 'Visual Resource Association v3.0', 11, 'Measurements.Resolution', 'Measurements Resolution', 1, 9, 0, 2, 'http://www.gsd.harvard.edu/~staffaw3/vra/vracore3.htm', 1, 1, 1, 0, 0);
INSERT INTO SLStandardFields (StandardID,StandardName,StandardFieldID,StandardFieldName,StandardFieldDisplayName,StandardFieldType,StandardFieldDisplayOrder,StandardPickedField,LongString,FieldDescriptionURL,DataFieldSearchable,DisplayedInThumbnail,Sortable,IsDate,SelectListBehavior) VALUES ( 4, 'Visual Resource Association v3.0', 12, 'Material', 'Material', 1, 11, 0, 2, 'http://www.gsd.harvard.edu/~staffaw3/vra/vracore3.htm', 1, 1, 1, 0, 0);
INSERT INTO SLStandardFields (StandardID,StandardName,StandardFieldID,StandardFieldName,StandardFieldDisplayName,StandardFieldType,StandardFieldDisplayOrder,StandardPickedField,LongString,FieldDescriptionURL,DataFieldSearchable,DisplayedInThumbnail,Sortable,IsDate,SelectListBehavior) VALUES ( 4, 'Visual Resource Association v3.0', 13, 'Material.Medium', 'Material Medium', 1, 12, 0, 2, 'http://www.gsd.harvard.edu/~staffaw3/vra/vracore3.htm', 1, 1, 1, 0, 0);
INSERT INTO SLStandardFields (StandardID,StandardName,StandardFieldID,StandardFieldName,StandardFieldDisplayName,StandardFieldType,StandardFieldDisplayOrder,StandardPickedField,LongString,FieldDescriptionURL,DataFieldSearchable,DisplayedInThumbnail,Sortable,IsDate,SelectListBehavior) VALUES ( 4, 'Visual Resource Association v3.0', 14, 'Date.Alteration', 'Date Alteration', 1, 22, 0, 2, 'http://www.gsd.harvard.edu/~staffaw3/vra/vracore3.htm', 1, 1, 1, 0, 0);
INSERT INTO SLStandardFields (StandardID,StandardName,StandardFieldID,StandardFieldName,StandardFieldDisplayName,StandardFieldType,StandardFieldDisplayOrder,StandardPickedField,LongString,FieldDescriptionURL,DataFieldSearchable,DisplayedInThumbnail,Sortable,IsDate,SelectListBehavior) VALUES ( 4, 'Visual Resource Association v3.0', 15, 'Technique', 'Technique', 1, 10, 0, 2, 'http://www.gsd.harvard.edu/~staffaw3/vra/vracore3.htm', 1, 1, 1, 0, 0);
INSERT INTO SLStandardFields (StandardID,StandardName,StandardFieldID,StandardFieldName,StandardFieldDisplayName,StandardFieldType,StandardFieldDisplayOrder,StandardPickedField,LongString,FieldDescriptionURL,DataFieldSearchable,DisplayedInThumbnail,Sortable,IsDate,SelectListBehavior) VALUES ( 4, 'Visual Resource Association v3.0', 16, 'Creator', 'Creator', 1, 41, 0, 2, 'http://www.gsd.harvard.edu/~staffaw3/vra/vracore3.htm', 1, 1, 1, 0, 0);
INSERT INTO SLStandardFields (StandardID,StandardName,StandardFieldID,StandardFieldName,StandardFieldDisplayName,StandardFieldType,StandardFieldDisplayOrder,StandardPickedField,LongString,FieldDescriptionURL,DataFieldSearchable,DisplayedInThumbnail,Sortable,IsDate,SelectListBehavior) VALUES ( 4, 'Visual Resource Association v3.0', 17, 'Creator.Role', 'Creator Role', 1, 16, 0, 2, 'http://www.gsd.harvard.edu/~staffaw3/vra/vracore3.htm', 1, 1, 1, 0, 0);
INSERT INTO SLStandardFields (StandardID,StandardName,StandardFieldID,StandardFieldName,StandardFieldDisplayName,StandardFieldType,StandardFieldDisplayOrder,StandardPickedField,LongString,FieldDescriptionURL,DataFieldSearchable,DisplayedInThumbnail,Sortable,IsDate,SelectListBehavior) VALUES ( 4, 'Visual Resource Association v3.0', 18, 'Date.Restoration', 'Date Restoration', 1, 23, 0, 2, 'http://www.gsd.harvard.edu/~staffaw3/vra/vracore3.htm', 1, 1, 1, 0, 0);
INSERT INTO SLStandardFields (StandardID,StandardName,StandardFieldID,StandardFieldName,StandardFieldDisplayName,StandardFieldType,StandardFieldDisplayOrder,StandardPickedField,LongString,FieldDescriptionURL,DataFieldSearchable,DisplayedInThumbnail,Sortable,IsDate,SelectListBehavior) VALUES ( 4, 'Visual Resource Association v3.0', 19, 'Creator.Personal Name', 'Creator Personal Name', 1, 14, 0, 2, 'http://www.gsd.harvard.edu/~staffaw3/vra/vracore3.htm', 1, 1, 1, 0, 0);
INSERT INTO SLStandardFields (StandardID,StandardName,StandardFieldID,StandardFieldName,StandardFieldDisplayName,StandardFieldType,StandardFieldDisplayOrder,StandardPickedField,LongString,FieldDescriptionURL,DataFieldSearchable,DisplayedInThumbnail,Sortable,IsDate,SelectListBehavior) VALUES ( 4, 'Visual Resource Association v3.0', 20, 'Creator.Corporate Name', 'Creator Corporate Name', 1, 15, 0, 2, 'http://www.gsd.harvard.edu/~staffaw3/vra/vracore3.htm', 1, 1, 1, 0, 0);
INSERT INTO SLStandardFields (StandardID,StandardName,StandardFieldID,StandardFieldName,StandardFieldDisplayName,StandardFieldType,StandardFieldDisplayOrder,StandardPickedField,LongString,FieldDescriptionURL,DataFieldSearchable,DisplayedInThumbnail,Sortable,IsDate,SelectListBehavior) VALUES ( 4, 'Visual Resource Association v3.0', 21, 'Date', 'Date', 1, 17, 0, 2, 'http://www.gsd.harvard.edu/~staffaw3/vra/vracore3.htm', 1, 1, 1, 0, 0);
INSERT INTO SLStandardFields (StandardID,StandardName,StandardFieldID,StandardFieldName,StandardFieldDisplayName,StandardFieldType,StandardFieldDisplayOrder,StandardPickedField,LongString,FieldDescriptionURL,DataFieldSearchable,DisplayedInThumbnail,Sortable,IsDate,SelectListBehavior) VALUES ( 4, 'Visual Resource Association v3.0', 22, 'Date.Creation', 'Date Creation', 1, 18, 0, 2, 'http://www.gsd.harvard.edu/~staffaw3/vra/vracore3.htm', 1, 1, 1, 0, 0);
INSERT INTO SLStandardFields (StandardID,StandardName,StandardFieldID,StandardFieldName,StandardFieldDisplayName,StandardFieldType,StandardFieldDisplayOrder,StandardPickedField,LongString,FieldDescriptionURL,DataFieldSearchable,DisplayedInThumbnail,Sortable,IsDate,SelectListBehavior) VALUES ( 4, 'Visual Resource Association v3.0', 23, 'Style/Period.Style', 'Style/Period Style', 1, 27, 0, 2, 'http://www.gsd.harvard.edu/~staffaw3/vra/vracore3.htm', 1, 1, 1, 0, 0);
INSERT INTO SLStandardFields (StandardID,StandardName,StandardFieldID,StandardFieldName,StandardFieldDisplayName,StandardFieldType,StandardFieldDisplayOrder,StandardPickedField,LongString,FieldDescriptionURL,DataFieldSearchable,DisplayedInThumbnail,Sortable,IsDate,SelectListBehavior) VALUES ( 4, 'Visual Resource Association v3.0', 24, 'Date.Beginning', 'Date Beginning', 1, 20, 0, 2, 'http://www.gsd.harvard.edu/~staffaw3/vra/vracore3.htm', 1, 1, 1, 0, 0);
INSERT INTO SLStandardFields (StandardID,StandardName,StandardFieldID,StandardFieldName,StandardFieldDisplayName,StandardFieldType,StandardFieldDisplayOrder,StandardPickedField,LongString,FieldDescriptionURL,DataFieldSearchable,DisplayedInThumbnail,Sortable,IsDate,SelectListBehavior) VALUES ( 4, 'Visual Resource Association v3.0', 25, 'Date.Completion', 'Date Completion', 1, 21, 0, 2, 'http://www.gsd.harvard.edu/~staffaw3/vra/vracore3.htm', 1, 1, 1, 0, 0);
INSERT INTO SLStandardFields (StandardID,StandardName,StandardFieldID,StandardFieldName,StandardFieldDisplayName,StandardFieldType,StandardFieldDisplayOrder,StandardPickedField,LongString,FieldDescriptionURL,DataFieldSearchable,DisplayedInThumbnail,Sortable,IsDate,SelectListBehavior) VALUES ( 4, 'Visual Resource Association v3.0', 26, 'Style/Period.Period', 'Style/Period Period', 1, 28, 0, 2, 'http://www.gsd.harvard.edu/~staffaw3/vra/vracore3.htm', 1, 1, 1, 0, 0);
INSERT INTO SLStandardFields (StandardID,StandardName,StandardFieldID,StandardFieldName,StandardFieldDisplayName,StandardFieldType,StandardFieldDisplayOrder,StandardPickedField,LongString,FieldDescriptionURL,DataFieldSearchable,DisplayedInThumbnail,Sortable,IsDate,SelectListBehavior) VALUES ( 4, 'Visual Resource Association v3.0', 27, 'Style/Period.Group', 'Style/Period Group', 1, 29, 0, 2, 'http://www.gsd.harvard.edu/~staffaw3/vra/vracore3.htm', 1, 1, 1, 0, 0);
INSERT INTO SLStandardFields (StandardID,StandardName,StandardFieldID,StandardFieldName,StandardFieldDisplayName,StandardFieldType,StandardFieldDisplayOrder,StandardPickedField,LongString,FieldDescriptionURL,DataFieldSearchable,DisplayedInThumbnail,Sortable,IsDate,SelectListBehavior) VALUES ( 4, 'Visual Resource Association v3.0', 29, 'Location.Current Site', 'Location Current Site', 1, 38, 0, 2, 'http://www.gsd.harvard.edu/~staffaw3/vra/vracore3.htm', 1, 1, 1, 0, 0);
INSERT INTO SLStandardFields (StandardID,StandardName,StandardFieldID,StandardFieldName,StandardFieldDisplayName,StandardFieldType,StandardFieldDisplayOrder,StandardPickedField,LongString,FieldDescriptionURL,DataFieldSearchable,DisplayedInThumbnail,Sortable,IsDate,SelectListBehavior) VALUES ( 4, 'Visual Resource Association v3.0', 30, 'Style/Period.School', 'Style/Period School', 1, 30, 0, 2, 'http://www.gsd.harvard.edu/~staffaw3/vra/vracore3.htm', 1, 1, 1, 0, 0);
INSERT INTO SLStandardFields (StandardID,StandardName,StandardFieldID,StandardFieldName,StandardFieldDisplayName,StandardFieldType,StandardFieldDisplayOrder,StandardPickedField,LongString,FieldDescriptionURL,DataFieldSearchable,DisplayedInThumbnail,Sortable,IsDate,SelectListBehavior) VALUES ( 4, 'Visual Resource Association v3.0', 32, 'Style/Period.Dynasty', 'Style/Period Dynasty', 1, 31, 0, 2, 'http://www.gsd.harvard.edu/~staffaw3/vra/vracore3.htm', 1, 1, 1, 0, 0);
INSERT INTO SLStandardFields (StandardID,StandardName,StandardFieldID,StandardFieldName,StandardFieldDisplayName,StandardFieldType,StandardFieldDisplayOrder,StandardPickedField,LongString,FieldDescriptionURL,DataFieldSearchable,DisplayedInThumbnail,Sortable,IsDate,SelectListBehavior) VALUES ( 4, 'Visual Resource Association v3.0', 33, 'Location.Current Repository', 'Location Current Repository', 1, 37, 0, 2, 'http://www.gsd.harvard.edu/~staffaw3/vra/vracore3.htm', 1, 1, 1, 0, 0);
INSERT INTO SLStandardFields (StandardID,StandardName,StandardFieldID,StandardFieldName,StandardFieldDisplayName,StandardFieldType,StandardFieldDisplayOrder,StandardPickedField,LongString,FieldDescriptionURL,DataFieldSearchable,DisplayedInThumbnail,Sortable,IsDate,SelectListBehavior) VALUES ( 4, 'Visual Resource Association v3.0', 34, 'Style/Period.Movement', 'Style/Period Movement', 1, 32, 0, 2, 'http://www.gsd.harvard.edu/~staffaw3/vra/vracore3.htm', 1, 1, 1, 0, 0);
INSERT INTO SLStandardFields (StandardID,StandardName,StandardFieldID,StandardFieldName,StandardFieldDisplayName,StandardFieldType,StandardFieldDisplayOrder,StandardPickedField,LongString,FieldDescriptionURL,DataFieldSearchable,DisplayedInThumbnail,Sortable,IsDate,SelectListBehavior) VALUES ( 4, 'Visual Resource Association v3.0', 35, 'ID Number', 'ID Number', 1, 35, 0, 2, 'http://www.gsd.harvard.edu/~staffaw3/vra/vracore3.htm', 1, 1, 1, NULL, 0);
INSERT INTO SLStandardFields (StandardID,StandardName,StandardFieldID,StandardFieldName,StandardFieldDisplayName,StandardFieldType,StandardFieldDisplayOrder,StandardPickedField,LongString,FieldDescriptionURL,DataFieldSearchable,DisplayedInThumbnail,Sortable,IsDate,SelectListBehavior) VALUES ( 4, 'Visual Resource Association v3.0', 36, 'ID Number.Current Repository', 'ID Number Current Repository', 1, 39, 0, 2, 'http://www.gsd.harvard.edu/~staffaw3/vra/vracore3.htm', 1, 1, 1, 0, 0);
INSERT INTO SLStandardFields (StandardID,StandardName,StandardFieldID,StandardFieldName,StandardFieldDisplayName,StandardFieldType,StandardFieldDisplayOrder,StandardPickedField,LongString,FieldDescriptionURL,DataFieldSearchable,DisplayedInThumbnail,Sortable,IsDate,SelectListBehavior) VALUES ( 4, 'Visual Resource Association v3.0', 37, 'Measurement.Format', 'Measurement Format', 1, 34, 0, 2, 'http://www.gsd.harvard.edu/~staffaw3/vra/vracore3.htm', 1, 1, 1, 0, 0);
INSERT INTO SLStandardFields (StandardID,StandardName,StandardFieldID,StandardFieldName,StandardFieldDisplayName,StandardFieldType,StandardFieldDisplayOrder,StandardPickedField,LongString,FieldDescriptionURL,DataFieldSearchable,DisplayedInThumbnail,Sortable,IsDate,SelectListBehavior) VALUES ( 4, 'Visual Resource Association v3.0', 39, 'Creator.Attribution', 'Creator Attribution', 1, 42, 0, 2, 'http://www.gsd.harvard.edu/~staffaw3/vra/vracore3.htm', 1, 1, 1, 0, 0);
INSERT INTO SLStandardFields (StandardID,StandardName,StandardFieldID,StandardFieldName,StandardFieldDisplayName,StandardFieldType,StandardFieldDisplayOrder,StandardPickedField,LongString,FieldDescriptionURL,DataFieldSearchable,DisplayedInThumbnail,Sortable,IsDate,SelectListBehavior) VALUES ( 4, 'Visual Resource Association v3.0', 40, 'Style/Period', 'Style/Period', 1, 26, 0, 2, 'http://www.gsd.harvard.edu/~staffaw3/vra/vracore3.htm', 1, 1, 1, 0, 0);
INSERT INTO SLStandardFields (StandardID,StandardName,StandardFieldID,StandardFieldName,StandardFieldDisplayName,StandardFieldType,StandardFieldDisplayOrder,StandardPickedField,LongString,FieldDescriptionURL,DataFieldSearchable,DisplayedInThumbnail,Sortable,IsDate,SelectListBehavior) VALUES ( 4, 'Visual Resource Association v3.0', 47, 'Culture', 'Culture', 1, 43, 0, 2, 'http://www.gsd.harvard.edu/~staffaw3/vra/vracore3.htm', 1, 1, 1, 0, 0);
INSERT INTO SLStandardFields (StandardID,StandardName,StandardFieldID,StandardFieldName,StandardFieldDisplayName,StandardFieldType,StandardFieldDisplayOrder,StandardPickedField,LongString,FieldDescriptionURL,DataFieldSearchable,DisplayedInThumbnail,Sortable,IsDate,SelectListBehavior) VALUES ( 4, 'Visual Resource Association v3.0', 48, 'Subject', 'Subject', 1, 24, 0, 2, 'http://www.gsd.harvard.edu/~staffaw3/vra/vracore3.htm', 1, 1, 1, 0, 0);
INSERT INTO SLStandardFields (StandardID,StandardName,StandardFieldID,StandardFieldName,StandardFieldDisplayName,StandardFieldType,StandardFieldDisplayOrder,StandardPickedField,LongString,FieldDescriptionURL,DataFieldSearchable,DisplayedInThumbnail,Sortable,IsDate,SelectListBehavior) VALUES ( 4, 'Visual Resource Association v3.0', 49, 'Relatio', 'Relatio', 1, 33, 0, 2, 'http://www.gsd.harvard.edu/~staffaw3/vra/vracore3.htm', 1, 1, 1, 0, 0);
INSERT INTO SLStandardFields (StandardID,StandardName,StandardFieldID,StandardFieldName,StandardFieldDisplayName,StandardFieldType,StandardFieldDisplayOrder,StandardPickedField,LongString,FieldDescriptionURL,DataFieldSearchable,DisplayedInThumbnail,Sortable,IsDate,SelectListBehavior) VALUES ( 4, 'Visual Resource Association v3.0', 50, 'Description', 'Description', 1, 40, 0, 2, 'http://www.gsd.harvard.edu/~staffaw3/vra/vracore3.htm', 1, 1, 1, 0, 0);
INSERT INTO SLStandardFields (StandardID,StandardName,StandardFieldID,StandardFieldName,StandardFieldDisplayName,StandardFieldType,StandardFieldDisplayOrder,StandardPickedField,LongString,FieldDescriptionURL,DataFieldSearchable,DisplayedInThumbnail,Sortable,IsDate,SelectListBehavior) VALUES ( 4, 'Visual Resource Association v3.0', 51, 'Source', 'Source', 1, 36, 0, 2, 'http://www.gsd.harvard.edu/~staffaw3/vra/vracore3.htm', 1, 1, 1, 0, 0);
INSERT INTO SLStandardFields (StandardID,StandardName,StandardFieldID,StandardFieldName,StandardFieldDisplayName,StandardFieldType,StandardFieldDisplayOrder,StandardPickedField,LongString,FieldDescriptionURL,DataFieldSearchable,DisplayedInThumbnail,Sortable,IsDate,SelectListBehavior) VALUES ( 4, 'Visual Resource Association v3.0', 52, 'Rights', 'Rights', 1, 25, 0, 2, 'http://www.gsd.harvard.edu/~staffaw3/vra/vracore3.htm', 1, 1, 1, 0, 0);
INSERT INTO SLStandardFields (StandardID,StandardName,StandardFieldID,StandardFieldName,StandardFieldDisplayName,StandardFieldType,StandardFieldDisplayOrder,StandardPickedField,LongString,FieldDescriptionURL,DataFieldSearchable,DisplayedInThumbnail,Sortable,IsDate,SelectListBehavior) VALUES ( 5, 'CIMI', 1, 'Repository Name', 'Repository Name', 1, 37, 0, 2, 'http://www.unt.edu/wmoen/projects/Z39.50/cimi/Profile/appendixc.htm', 1, 1, 1, 0, 0);
INSERT INTO SLStandardFields (StandardID,StandardName,StandardFieldID,StandardFieldName,StandardFieldDisplayName,StandardFieldType,StandardFieldDisplayOrder,StandardPickedField,LongString,FieldDescriptionURL,DataFieldSearchable,DisplayedInThumbnail,Sortable,IsDate,SelectListBehavior) VALUES ( 5, 'CIMI', 2, 'Subject', 'Subject', 1, 22, 0, 2, 'http://www.unt.edu/wmoen/projects/Z39.50/cimi/Profile/appendixc.htm', 1, 1, 1, 0, 0);
INSERT INTO SLStandardFields (StandardID,StandardName,StandardFieldID,StandardFieldName,StandardFieldDisplayName,StandardFieldType,StandardFieldDisplayOrder,StandardPickedField,LongString,FieldDescriptionURL,DataFieldSearchable,DisplayedInThumbnail,Sortable,IsDate,SelectListBehavior) VALUES ( 5, 'CIMI', 3, 'Objects-rendition', 'Objects-rendition', 1, 27, 0, 2, 'http://www.unt.edu/wmoen/projects/Z39.50/cimi/Profile/appendixc.htm', 1, 1, 1, 0, 0);
INSERT INTO SLStandardFields (StandardID,StandardName,StandardFieldID,StandardFieldName,StandardFieldDisplayName,StandardFieldType,StandardFieldDisplayOrder,StandardPickedField,LongString,FieldDescriptionURL,DataFieldSearchable,DisplayedInThumbnail,Sortable,IsDate,SelectListBehavior) VALUES ( 5, 'CIMI', 5, 'Material/ Medium', 'Material/ Medium', 1, 7, 0, 2, 'http://www.unt.edu/wmoen/projects/Z39.50/cimi/Profile/appendixc.htm', 1, 1, 1, 0, 0);
INSERT INTO SLStandardFields (StandardID,StandardName,StandardFieldID,StandardFieldName,StandardFieldDisplayName,StandardFieldType,StandardFieldDisplayOrder,StandardPickedField,LongString,FieldDescriptionURL,DataFieldSearchable,DisplayedInThumbnail,Sortable,IsDate,SelectListBehavior) VALUES ( 5, 'CIMI', 6, 'Credit Line', 'Credit line', 1, 17, 0, 2, 'http://www.unt.edu/wmoen/projects/Z39.50/cimi/Profile/appendixc.htm', 1, 1, 1, 0, 0);
INSERT INTO SLStandardFields (StandardID,StandardName,StandardFieldID,StandardFieldName,StandardFieldDisplayName,StandardFieldType,StandardFieldDisplayOrder,StandardPickedField,LongString,FieldDescriptionURL,DataFieldSearchable,DisplayedInThumbnail,Sortable,IsDate,SelectListBehavior) VALUES ( 5, 'CIMI', 7, 'Place of Origin', 'Place of Origin', 1, 14, 0, 2, 'http://www.unt.edu/wmoen/projects/Z39.50/cimi/Profile/appendixc.htm', 1, 1, 1, 0, 0);
INSERT INTO SLStandardFields (StandardID,StandardName,StandardFieldID,StandardFieldName,StandardFieldDisplayName,StandardFieldType,StandardFieldDisplayOrder,StandardPickedField,LongString,FieldDescriptionURL,DataFieldSearchable,DisplayedInThumbnail,Sortable,IsDate,SelectListBehavior) VALUES ( 5, 'CIMI', 8, 'ProcessTechnique', 'Process Technique', 1, 6, 0, 2, 'http://www.unt.edu/wmoen/projects/Z39.50/cimi/Profile/appendixc.htm', 1, 1, 1, 0, 0);
INSERT INTO SLStandardFields (StandardID,StandardName,StandardFieldID,StandardFieldName,StandardFieldDisplayName,StandardFieldType,StandardFieldDisplayOrder,StandardPickedField,LongString,FieldDescriptionURL,DataFieldSearchable,DisplayedInThumbnail,Sortable,IsDate,SelectListBehavior) VALUES ( 5, 'CIMI', 9, 'Dimensions', 'Dimensions', 1, 5, 0, 2, 'http://www.unt.edu/wmoen/projects/Z39.50/cimi/Profile/appendixc.htm', 1, 1, 1, 0, 0);
INSERT INTO SLStandardFields (StandardID,StandardName,StandardFieldID,StandardFieldName,StandardFieldDisplayName,StandardFieldType,StandardFieldDisplayOrder,StandardPickedField,LongString,FieldDescriptionURL,DataFieldSearchable,DisplayedInThumbnail,Sortable,IsDate,SelectListBehavior) VALUES ( 5, 'CIMI', 10, 'Style Period', 'Style Period', 1, 19, 0, 2, 'http://www.unt.edu/wmoen/projects/Z39.50/cimi/Profile/appendixc.htm', 1, 1, 1, 0, 0);
INSERT INTO SLStandardFields (StandardID,StandardName,StandardFieldID,StandardFieldName,StandardFieldDisplayName,StandardFieldType,StandardFieldDisplayOrder,StandardPickedField,LongString,FieldDescriptionURL,DataFieldSearchable,DisplayedInThumbnail,Sortable,IsDate,SelectListBehavior) VALUES ( 5, 'CIMI', 11, 'Rendition-resource Identifier', 'Rendition-resource Identifier', 1, 34, 0, 2, 'http://www.unt.edu/wmoen/projects/Z39.50/cimi/Profile/appendixc.htm', 1, 1, 1, 0, 0);
INSERT INTO SLStandardFields (StandardID,StandardName,StandardFieldID,StandardFieldName,StandardFieldDisplayName,StandardFieldType,StandardFieldDisplayOrder,StandardPickedField,LongString,FieldDescriptionURL,DataFieldSearchable,DisplayedInThumbnail,Sortable,IsDate,SelectListBehavior) VALUES ( 5, 'CIMI', 12, 'Related Objects related', 'Related Objects Related', 1, 26, 0, 2, 'http://www.unt.edu/wmoen/projects/Z39.50/cimi/Profile/appendixc.htm', 1, 1, 1, 0, 0);
INSERT INTO SLStandardFields (StandardID,StandardName,StandardFieldID,StandardFieldName,StandardFieldDisplayName,StandardFieldType,StandardFieldDisplayOrder,StandardPickedField,LongString,FieldDescriptionURL,DataFieldSearchable,DisplayedInThumbnail,Sortable,IsDate,SelectListBehavior) VALUES ( 5, 'CIMI', 13, 'Quantity', 'Quantity', 1, 2, 0, 2, 'http://www.unt.edu/wmoen/projects/Z39.50/cimi/Profile/appendixc.htm', 1, 1, 1, 0, 0);
INSERT INTO SLStandardFields (StandardID,StandardName,StandardFieldID,StandardFieldName,StandardFieldDisplayName,StandardFieldType,StandardFieldDisplayOrder,StandardPickedField,LongString,FieldDescriptionURL,DataFieldSearchable,DisplayedInThumbnail,Sortable,IsDate,SelectListBehavior) VALUES ( 5, 'CIMI', 14, 'Repository Place', 'Repository Place', 1, 38, 0, 0, 'http://www.unt.edu/wmoen/projects/Z39.50/cimi/Profile/appendixc.htm', 1, 1, 1, 0, 0);
INSERT INTO SLStandardFields (StandardID,StandardName,StandardFieldID,StandardFieldName,StandardFieldDisplayName,StandardFieldType,StandardFieldDisplayOrder,StandardPickedField,LongString,FieldDescriptionURL,DataFieldSearchable,DisplayedInThumbnail,Sortable,IsDate,SelectListBehavior) VALUES ( 5, 'CIMI', 16, 'Inscription/ Mark', 'Inscription/ Mark', 1, 9, 0, 2, 'http://www.unt.edu/wmoen/projects/Z39.50/cimi/Profile/appendixc.htm', 1, 1, 1, 0, 0);
INSERT INTO SLStandardFields (StandardID,StandardName,StandardFieldID,StandardFieldName,StandardFieldDisplayName,StandardFieldType,StandardFieldDisplayOrder,StandardPickedField,LongString,FieldDescriptionURL,DataFieldSearchable,DisplayedInThumbnail,Sortable,IsDate,SelectListBehavior) VALUES ( 5, 'CIMI', 18, 'Association-name', 'Association-name', 1, 15, 0, 2, 'http://www.unt.edu/wmoen/projects/Z39.50/cimi/Profile/appendixc.htm', 1, 1, 1, 0, 0);
INSERT INTO SLStandardFields (StandardID,StandardName,StandardFieldID,StandardFieldName,StandardFieldDisplayName,StandardFieldType,StandardFieldDisplayOrder,StandardPickedField,LongString,FieldDescriptionURL,DataFieldSearchable,DisplayedInThumbnail,Sortable,IsDate,SelectListBehavior) VALUES ( 5, 'CIMI', 30, 'MrObject', 'MrObject', 1, 28, 0, 2, 'http://www.unt.edu/wmoen/projects/Z39.50/cimi/Profile/appendixc.htm', 1, 1, 1, 0, 0);
INSERT INTO SLStandardFields (StandardID,StandardName,StandardFieldID,StandardFieldName,StandardFieldDisplayName,StandardFieldType,StandardFieldDisplayOrder,StandardPickedField,LongString,FieldDescriptionURL,DataFieldSearchable,DisplayedInThumbnail,Sortable,IsDate,SelectListBehavior) VALUES ( 5, 'CIMI', 35, 'MrObject-Description', 'MrObject-Description', 1, 30, 0, 2, 'http://www.unt.edu/wmoen/projects/Z39.50/cimi/Profile/appendixc.htm', 1, 1, 1, 0, 0);
INSERT INTO SLStandardFields (StandardID,StandardName,StandardFieldID,StandardFieldName,StandardFieldDisplayName,StandardFieldType,StandardFieldDisplayOrder,StandardPickedField,LongString,FieldDescriptionURL,DataFieldSearchable,DisplayedInThumbnail,Sortable,IsDate,SelectListBehavior) VALUES ( 5, 'CIMI', 38, 'MrObject-subject Keyword', 'MrObject-subject Keyword', 1, 33, 0, 2, 'http://www.unt.edu/wmoen/projects/Z39.50/cimi/Profile/appendixc.htm', 1, 1, 0, 0, 0);
INSERT INTO SLStandardFields (StandardID,StandardName,StandardFieldID,StandardFieldName,StandardFieldDisplayName,StandardFieldType,StandardFieldDisplayOrder,StandardPickedField,LongString,FieldDescriptionURL,DataFieldSearchable,DisplayedInThumbnail,Sortable,IsDate,SelectListBehavior) VALUES ( 5, 'CIMI', 39, 'MrObject-publisher', 'MrObject-publisher', 1, 31, 0, 2, 'http://www.unt.edu/wmoen/projects/Z39.50/cimi/Profile/appendixc.htm', 1, 1, 1, 0, 0);
INSERT INTO SLStandardFields (StandardID,StandardName,StandardFieldID,StandardFieldName,StandardFieldDisplayName,StandardFieldType,StandardFieldDisplayOrder,StandardPickedField,LongString,FieldDescriptionURL,DataFieldSearchable,DisplayedInThumbnail,Sortable,IsDate,SelectListBehavior) VALUES ( 5, 'CIMI', 41, 'MrObject-resource Type', 'MrObject-resource Type', 1, 29, 0, 2, 'http://www.unt.edu/wmoen/projects/Z39.50/cimi/Profile/appendixc.htm', 1, 1, 1, 0, 0);
INSERT INTO SLStandardFields (StandardID,StandardName,StandardFieldID,StandardFieldName,StandardFieldDisplayName,StandardFieldType,StandardFieldDisplayOrder,StandardPickedField,LongString,FieldDescriptionURL,DataFieldSearchable,DisplayedInThumbnail,Sortable,IsDate,SelectListBehavior) VALUES ( 5, 'CIMI', 43, 'MrObject-coverage', 'MrObject-coverage', 1, 32, 0, 2, 'http://www.unt.edu/wmoen/projects/Z39.50/cimi/Profile/appendixc.htm', 1, 1, 1, 0, 0);
INSERT INTO SLStandardFields (StandardID,StandardName,StandardFieldID,StandardFieldName,StandardFieldDisplayName,StandardFieldType,StandardFieldDisplayOrder,StandardPickedField,LongString,FieldDescriptionURL,DataFieldSearchable,DisplayedInThumbnail,Sortable,IsDate,SelectListBehavior) VALUES ( 5, 'CIMI', 53, 'Rendition-Identifier', 'Rendition-Identifier', 1, 35, 0, 2, 'http://www.unt.edu/wmoen/projects/Z39.50/cimi/Profile/appendixc.htm', 1, 1, 1, 0, 0);
INSERT INTO SLStandardFields (StandardID,StandardName,StandardFieldID,StandardFieldName,StandardFieldDisplayName,StandardFieldType,StandardFieldDisplayOrder,StandardPickedField,LongString,FieldDescriptionURL,DataFieldSearchable,DisplayedInThumbnail,Sortable,IsDate,SelectListBehavior) VALUES ( 5, 'CIMI', 63, 'ObjectName', 'Object Name', 1, 1, 0, 2, 'http://www.unt.edu/wmoen/projects/Z39.50/cimi/Profile/appendixc.htm', 1, 1, 1, 0, 0);
INSERT INTO SLStandardFields (StandardID,StandardName,StandardFieldID,StandardFieldName,StandardFieldDisplayName,StandardFieldType,StandardFieldDisplayOrder,StandardPickedField,LongString,FieldDescriptionURL,DataFieldSearchable,DisplayedInThumbnail,Sortable,IsDate,SelectListBehavior) VALUES ( 5, 'CIMI', 64, 'ObjectTitle', 'Object Title', 1, 3, 0, 2, 'http://www.unt.edu/wmoen/projects/Z39.50/cimi/Profile/appendixc.htm', 1, 1, 1, 0, 0);
INSERT INTO SLStandardFields (StandardID,StandardName,StandardFieldID,StandardFieldName,StandardFieldDisplayName,StandardFieldType,StandardFieldDisplayOrder,StandardPickedField,LongString,FieldDescriptionURL,DataFieldSearchable,DisplayedInThumbnail,Sortable,IsDate,SelectListBehavior) VALUES ( 5, 'CIMI', 65, 'BibliographicTitle', 'Bibliographic Title', 1, 4, 0, 2, 'http://www.unt.edu/wmoen/projects/Z39.50/cimi/Profile/appendixc.htm', 1, 1, 1, 0, 0);
INSERT INTO SLStandardFields (StandardID,StandardName,StandardFieldID,StandardFieldName,StandardFieldDisplayName,StandardFieldType,StandardFieldDisplayOrder,StandardPickedField,LongString,FieldDescriptionURL,DataFieldSearchable,DisplayedInThumbnail,Sortable,IsDate,SelectListBehavior) VALUES ( 5, 'CIMI', 66, 'Related Textual References', 'Related Textual References', 1, 36, 0, 2, 'http://www.unt.edu/wmoen/projects/Z39.50/cimi/Profile/appendixc.htm', 1, 1, 1, 0, 0);
INSERT INTO SLStandardFields (StandardID,StandardName,StandardFieldID,StandardFieldName,StandardFieldDisplayName,StandardFieldType,StandardFieldDisplayOrder,StandardPickedField,LongString,FieldDescriptionURL,DataFieldSearchable,DisplayedInThumbnail,Sortable,IsDate,SelectListBehavior) VALUES ( 5, 'CIMI', 68, 'Creator Name', 'Creator Name', 1, 39, 0, 2, 'http://www.unt.edu/wmoen/projects/Z39.50/cimi/Profile/appendixc.htm', 1, 1, 1, 0, 0);
INSERT INTO SLStandardFields (StandardID,StandardName,StandardFieldID,StandardFieldName,StandardFieldDisplayName,StandardFieldType,StandardFieldDisplayOrder,StandardPickedField,LongString,FieldDescriptionURL,DataFieldSearchable,DisplayedInThumbnail,Sortable,IsDate,SelectListBehavior) VALUES ( 5, 'CIMI', 69, 'Creator Nationality Culture Race', 'Creator Nationality Culture Race', 1, 42, 0, 2, 'http://www.unt.edu/wmoen/projects/Z39.50/cimi/Profile/appendixc.htm', 1, 1, 1, 0, 0);
INSERT INTO SLStandardFields (StandardID,StandardName,StandardFieldID,StandardFieldName,StandardFieldDisplayName,StandardFieldType,StandardFieldDisplayOrder,StandardPickedField,LongString,FieldDescriptionURL,DataFieldSearchable,DisplayedInThumbnail,Sortable,IsDate,SelectListBehavior) VALUES ( 5, 'CIMI', 70, 'Creator Date of Birth', 'Creator Date of Birth', 1, 40, 0, 2, 'http://www.unt.edu/wmoen/projects/Z39.50/cimi/Profile/appendixc.htm', 1, 1, 1, 0, 0);
INSERT INTO SLStandardFields (StandardID,StandardName,StandardFieldID,StandardFieldName,StandardFieldDisplayName,StandardFieldType,StandardFieldDisplayOrder,StandardPickedField,LongString,FieldDescriptionURL,DataFieldSearchable,DisplayedInThumbnail,Sortable,IsDate,SelectListBehavior) VALUES ( 5, 'CIMI', 71, 'Creator date of Death', 'Creator date of Death', 1, 41, 0, 2, 'http://www.unt.edu/wmoen/projects/Z39.50/cimi/Profile/appendixc.htm', 1, 1, 1, 0, 0);
INSERT INTO SLStandardFields (StandardID,StandardName,StandardFieldID,StandardFieldName,StandardFieldDisplayName,StandardFieldType,StandardFieldDisplayOrder,StandardPickedField,LongString,FieldDescriptionURL,DataFieldSearchable,DisplayedInThumbnail,Sortable,IsDate,SelectListBehavior) VALUES ( 5, 'CIMI', 72, 'Creator Role', 'Creator Role', 1, 12, 0, 2, 'http://www.unt.edu/wmoen/projects/Z39.50/cimi/Profile/appendixc.htm', 1, 1, 1, 0, 0);
INSERT INTO SLStandardFields (StandardID,StandardName,StandardFieldID,StandardFieldName,StandardFieldDisplayName,StandardFieldType,StandardFieldDisplayOrder,StandardPickedField,LongString,FieldDescriptionURL,DataFieldSearchable,DisplayedInThumbnail,Sortable,IsDate,SelectListBehavior) VALUES ( 5, 'CIMI', 73, 'Owner provenance', 'Owner provenance', 1, 16, 0, 2, 'http://www.unt.edu/wmoen/projects/Z39.50/cimi/Profile/appendixc.htm', 1, 1, 1, 0, 0);
INSERT INTO SLStandardFields (StandardID,StandardName,StandardFieldID,StandardFieldName,StandardFieldDisplayName,StandardFieldType,StandardFieldDisplayOrder,StandardPickedField,LongString,FieldDescriptionURL,DataFieldSearchable,DisplayedInThumbnail,Sortable,IsDate,SelectListBehavior) VALUES ( 5, 'CIMI', 74, 'Content General', 'Content General', 1, 21, 0, 2, 'http://www.unt.edu/wmoen/projects/Z39.50/cimi/Profile/appendixc.htm', 1, 1, 1, 0, 0);
INSERT INTO SLStandardFields (StandardID,StandardName,StandardFieldID,StandardFieldName,StandardFieldDisplayName,StandardFieldType,StandardFieldDisplayOrder,StandardPickedField,LongString,FieldDescriptionURL,DataFieldSearchable,DisplayedInThumbnail,Sortable,IsDate,SelectListBehavior) VALUES ( 5, 'CIMI', 75, 'Date of Origin', 'Date of Origin', 1, 13, 0, 2, 'http://www.unt.edu/wmoen/projects/Z39.50/cimi/Profile/appendixc.htm', 1, 1, 1, 0, 0);
INSERT INTO SLStandardFields (StandardID,StandardName,StandardFieldID,StandardFieldName,StandardFieldDisplayName,StandardFieldType,StandardFieldDisplayOrder,StandardPickedField,LongString,FieldDescriptionURL,DataFieldSearchable,DisplayedInThumbnail,Sortable,IsDate,SelectListBehavior) VALUES ( 5, 'CIMI', 76, 'Context Historical', 'Context Historical', 1, 24, 0, 2, 'http://www.unt.edu/wmoen/projects/Z39.50/cimi/Profile/appendixc.htm', 1, 1, 1, 0, 0);
INSERT INTO SLStandardFields (StandardID,StandardName,StandardFieldID,StandardFieldName,StandardFieldDisplayName,StandardFieldType,StandardFieldDisplayOrder,StandardPickedField,LongString,FieldDescriptionURL,DataFieldSearchable,DisplayedInThumbnail,Sortable,IsDate,SelectListBehavior) VALUES ( 5, 'CIMI', 77, 'Context/Archaelogi-cal', 'Context/Archaelogi-cal', 1, 25, 0, 2, 'http://www.unt.edu/wmoen/projects/Z39.50/cimi/Profile/appendixc.htm', 1, 1, 1, 0, 0);
INSERT INTO SLStandardFields (StandardID,StandardName,StandardFieldID,StandardFieldName,StandardFieldDisplayName,StandardFieldType,StandardFieldDisplayOrder,StandardPickedField,LongString,FieldDescriptionURL,DataFieldSearchable,DisplayedInThumbnail,Sortable,IsDate,SelectListBehavior) VALUES ( 5, 'CIMI', 78, 'Copyright Restriction', 'Copyright restriction', 1, 18, 0, 2, 'http://www.unt.edu/wmoen/projects/Z39.50/cimi/Profile/appendixc.htm', 1, 1, 1, 0, 0);
INSERT INTO SLStandardFields (StandardID,StandardName,StandardFieldID,StandardFieldName,StandardFieldDisplayName,StandardFieldType,StandardFieldDisplayOrder,StandardPickedField,LongString,FieldDescriptionURL,DataFieldSearchable,DisplayedInThumbnail,Sortable,IsDate,SelectListBehavior) VALUES ( 5, 'CIMI', 79, 'Creator General', 'Creator General', 1, 11, 0, 2, 'http://www.unt.edu/wmoen/projects/Z39.50/cimi/Profile/appendixc.htm', 1, 1, 1, 0, 0);
INSERT INTO SLStandardFields (StandardID,StandardName,StandardFieldID,StandardFieldName,StandardFieldDisplayName,StandardFieldType,StandardFieldDisplayOrder,StandardPickedField,LongString,FieldDescriptionURL,DataFieldSearchable,DisplayedInThumbnail,Sortable,IsDate,SelectListBehavior) VALUES ( 5, 'CIMI', 80, 'Association General', 'Association General', 1, 23, 0, 2, 'http://www.unt.edu/wmoen/projects/Z39.50/cimi/Profile/appendixc.htm', 1, 1, 1, 0, 0);
INSERT INTO SLStandardFields (StandardID,StandardName,StandardFieldID,StandardFieldName,StandardFieldDisplayName,StandardFieldType,StandardFieldDisplayOrder,StandardPickedField,LongString,FieldDescriptionURL,DataFieldSearchable,DisplayedInThumbnail,Sortable,IsDate,SelectListBehavior) VALUES ( 5, 'CIMI', 82, 'Condition', 'Condition', 1, 10, 0, 2, 'http://www.unt.edu/wmoen/projects/Z39.50/cimi/Profile/appendixc.htm', 1, 1, 1, 0, 0);
INSERT INTO SLStandardFields (StandardID,StandardName,StandardFieldID,StandardFieldName,StandardFieldDisplayName,StandardFieldType,StandardFieldDisplayOrder,StandardPickedField,LongString,FieldDescriptionURL,DataFieldSearchable,DisplayedInThumbnail,Sortable,IsDate,SelectListBehavior) VALUES ( 5, 'CIMI', 83, 'PhysicalDescription', 'Physical Description', 1, 8, 0, 2, 'http://www.unt.edu/wmoen/projects/Z39.50/cimi/Profile/appendixc.htm', 1, 1, 1, 0, 0);
INSERT INTO SLStandardFields (StandardID,StandardName,StandardFieldID,StandardFieldName,StandardFieldDisplayName,StandardFieldType,StandardFieldDisplayOrder,StandardPickedField,LongString,FieldDescriptionURL,DataFieldSearchable,DisplayedInThumbnail,Sortable,IsDate,SelectListBehavior) VALUES ( 5, 'CIMI', 95, 'Period Name', 'Period Name', 1, 20, 0, 2, 'http://www.unt.edu/wmoen/projects/Z39.50/cimi/Profile/appendixc.htm', 1, 1, 1, 0, 0);
commit;